{"id":3640,"date":"2023-11-07T13:16:19","date_gmt":"2023-11-07T12:16:19","guid":{"rendered":"https:\/\/agora.xtec.cat\/ieslesmarines\/?page_id=3640"},"modified":"2023-11-07T13:19:03","modified_gmt":"2023-11-07T12:19:03","slug":"taller-booktrailers-4t-deso","status":"publish","type":"page","link":"https:\/\/agora.xtec.cat\/ieslesmarines\/taller-booktrailers-4t-deso\/","title":{"rendered":"Taller booktrailers 4t d&#8217;ESO &#8211; 1a sessi\u00f3"},"content":{"rendered":"<p><span style=\"font-weight: 400;\">El 19 d\u2019octubre l\u2019alumnat de 4t d\u2019ESO va poder gaudir de la 1a sessi\u00f3 del taller de booktrailers, impartida pel <\/span><b>Carles Alcoy<\/b><span style=\"font-weight: 400;\">. El formador els va explicar qu\u00e8 s\u2019ha de tenir en compte a l\u2019hora de realitzar un v\u00eddeo per promocionar un llibre. El booktrailer \u00e9s semblant al tr\u00e0iler cinematogr\u00e0fic, de pel\u00b7l\u00edcules o s\u00e8ries de televisi\u00f3, per\u00f2 en el cas del booktrailer cal tenir en compte els aspectes m\u00e9s atractius d\u2019un llibre per captar l\u2019atenci\u00f3 dels futurs lectors.<\/span><\/p>\n<p><span style=\"font-weight: 400;\">Va ser un taller din\u00e0mic, divertit i ple de creativitat. El dinamitzador va aconseguir animar el nostre alumnat a crear els seus booktrailers<\/span><i><span style=\"font-weight: 400;\">.<\/span><\/i><\/p>\n<p><span style=\"font-weight: 400;\">La creaci\u00f3 d\u2019un booktrailer en grups fa que l\u2019alumnat llegeixi i dinamitza la lectura<\/span><span style=\"font-weight: 400;\"> per\u00f2, alhora, serveix per a desenvolupar compet\u00e8ncies i habilitats.<\/span><\/p>\n<p><span style=\"font-weight: 400;\">El projecte de la creaci\u00f3 de booktrailers en grups significa:<\/span><\/p>\n<ul>\n<li style=\"font-weight: 400;\" aria-level=\"1\"><span style=\"font-weight: 400;\">M\u00e9s comprensi\u00f3 lectora<\/span><\/li>\n<li style=\"font-weight: 400;\" aria-level=\"1\"><span style=\"font-weight: 400;\">M\u00e9s treball en equip (coordinat)<\/span><\/li>\n<li style=\"font-weight: 400;\" aria-level=\"1\"><span style=\"font-weight: 400;\">Un creixement de les habilitats digitals<\/span><\/li>\n<li style=\"font-weight: 400;\" aria-level=\"1\"><span style=\"font-weight: 400;\">M\u00e9s creativitat<\/span><\/li>\n<li style=\"font-weight: 400;\" aria-level=\"1\"><span style=\"font-weight: 400;\">M\u00e9s interacci\u00f3 entre els diferents cursos<\/span><\/li>\n<li style=\"font-weight: 400;\" aria-level=\"1\"><span style=\"font-weight: 400;\">M\u00e9s integraci\u00f3 entre els alumnes a l\u2019aula<\/span><\/li>\n<li style=\"font-weight: 400;\" aria-level=\"1\"><span style=\"font-weight: 400;\">M\u00e9s treball aut\u00f2nom i m\u00e9s curiositat<\/span><\/li>\n<li style=\"font-weight: 400;\" aria-level=\"1\"><span style=\"font-weight: 400;\">Maduresa comunicativa<\/span><\/li>\n<li style=\"font-weight: 400;\" aria-level=\"1\"><span style=\"font-weight: 400;\">Treball amb un calendari pactat<\/span><\/li>\n<li style=\"font-weight: 400;\" aria-level=\"1\"><span style=\"font-weight: 400;\">Avaluaci\u00f3 compartida<\/span><\/li>\n<\/ul>\n<p><span style=\"font-weight: 400;\">En resum, permet que les noies i els nois expressin lliurement la seva opini\u00f3, tottenint un llibre com a punt de partida. Que ho facin de manera aut\u00f2noma, independent i responsable. Que el format sigui una pel\u00b7l\u00edcula de vint segons a tres minuts, amb car\u00e0cter publicitari. Que ho avalu\u00efn comunit\u00e0riament. Que la feina tingui un reconeixement p\u00fablic i una certa remuneraci\u00f3 (simb\u00f2lica per\u00f2 valuable).<\/span><\/p>\n<p><span style=\"font-weight: 400;\"><img loading=\"lazy\" decoding=\"async\" class=\"aligncenter wp-image-3644\" src=\"https:\/\/agora.xtec.cat\/ieslesmarines\/wp-content\/uploads\/usu619\/2023\/11\/IMG_20231019_132126-min-766x1024.jpg\" alt=\"\" width=\"400\" height=\"535\" srcset=\"https:\/\/agora.xtec.cat\/ieslesmarines\/wp-content\/uploads\/usu619\/2023\/11\/IMG_20231019_132126-min-766x1024.jpg 766w, https:\/\/agora.xtec.cat\/ieslesmarines\/wp-content\/uploads\/usu619\/2023\/11\/IMG_20231019_132126-min-224x300.jpg 224w, https:\/\/agora.xtec.cat\/ieslesmarines\/wp-content\/uploads\/usu619\/2023\/11\/IMG_20231019_132126-min-768x1027.jpg 768w, https:\/\/agora.xtec.cat\/ieslesmarines\/wp-content\/uploads\/usu619\/2023\/11\/IMG_20231019_132126-min-1149x1536.jpg 1149w, https:\/\/agora.xtec.cat\/ieslesmarines\/wp-content\/uploads\/usu619\/2023\/11\/IMG_20231019_132126-min-1532x2048.jpg 1532w, https:\/\/agora.xtec.cat\/ieslesmarines\/wp-content\/uploads\/usu619\/2023\/11\/IMG_20231019_132126-min-scaled.jpg 1915w\" sizes=\"auto, (max-width: 400px) 100vw, 400px\" \/><\/span><\/p>\n<p><span style=\"font-weight: 400;\">La propera sessi\u00f3 del taller de booktrailer tindr\u00e0 lloc el 20 de novembre.<\/span><\/p>\n<p><span style=\"font-weight: 400;\">A continuaci\u00f3 podeu llegir els comentaris d\u2019alguns alumnes que van assistir al taller:<\/span><\/p>\n<p><span style=\"font-weight: 400;\">\u201cMe pareci\u00f3 muy interesante c\u00f3mo estaba enfocada la charla. Ya que sin estar explicando todo el rato pura teor\u00eda, con los ejemplos e intervenciones que hac\u00eda entend\u00edas a la perfecci\u00f3n el objetivo del proyecto. Adem\u00e1s, se hizo muy entretenido.\u201d M. C. M.<\/span><\/p>\n<p><span style=\"font-weight: 400;\">\u201cMe ha parecido un taller muy interesante y divertido ya que es diferente a todos los talleres y trabajos que solemos hacer, tengo ganas de comenzar la segunda sesi\u00f3n.\u201d A. B. M.<\/span><\/p>\n<p><span style=\"font-weight: 400;\">\u201cMe parece un taller bastante din\u00e1mico e interesante, es f\u00e1cil prestar atenci\u00f3n ya que no est\u00e1 siempre hablando sino que explica los conceptos mediante bromas, v\u00eddeos y ejemplos.\u201d S. L. R.<\/span><\/p>\n<p><span style=\"font-weight: 400;\">\u201cEste taller me ha gustado mucho ya que era din\u00e1mico y me ha parecido entretenido e interesante.\u201d E. S. B.<\/span><\/p>\n<p><span style=\"font-weight: 400;\">\u201cEsta primera sesi\u00f3n del taller me ha parecido muy interesante y ha superado mis expectativas. Adem\u00e1s me ha gustado mucho la manera en la cual se ha expresado y nos ha explicado lo que es un booktrailer la persona que nos ha hecho esta primera sesi\u00f3n, as\u00ed que espero con ganas hacer pronto la segunda sesi\u00f3n.\u201d G. T.<\/span><\/p>\n<p><span style=\"font-weight: 400;\">\u201cHa sido muy divertido. El encargado del taller sab\u00eda c\u00f3mo captar la atenci\u00f3n de toda la clase y hemos estado muy atentos. Los ejemplos que pon\u00eda eran interactivos e interesantes. La verdad es que ya tengo ganas de saber qu\u00e9 haremos en la segunda sesi\u00f3n.\u201d L. M. D.<\/span><\/p>\n<p><span style=\"font-weight: 400;\">\u201cMi opini\u00f3n es positiva, fue un taller interesante y divertido en el cual aprend\u00ed diversas cosas, las cuales, gracias a la interactiva forma de explicar y exponer el taller, se me quedaron en la cabeza.\u201d E. V. O.<\/span><\/p>\n<p><span style=\"font-weight: 400;\">\u201cMe ha parecido muy bien. La mezcla de ense\u00f1anza, educaci\u00f3n y humor est\u00e1n muy bien ajustadas.\u201d K. M. P.<\/span><\/p>\n<p><img loading=\"lazy\" decoding=\"async\" class=\"alignnone size-large wp-image-3642\" src=\"https:\/\/agora.xtec.cat\/ieslesmarines\/wp-content\/uploads\/usu619\/2023\/11\/IMG_20231019_133206-min-1024x768.jpg\" alt=\"\" width=\"1024\" height=\"768\" srcset=\"https:\/\/agora.xtec.cat\/ieslesmarines\/wp-content\/uploads\/usu619\/2023\/11\/IMG_20231019_133206-min-1024x768.jpg 1024w, https:\/\/agora.xtec.cat\/ieslesmarines\/wp-content\/uploads\/usu619\/2023\/11\/IMG_20231019_133206-min-300x225.jpg 300w, https:\/\/agora.xtec.cat\/ieslesmarines\/wp-content\/uploads\/usu619\/2023\/11\/IMG_20231019_133206-min-768x576.jpg 768w, https:\/\/agora.xtec.cat\/ieslesmarines\/wp-content\/uploads\/usu619\/2023\/11\/IMG_20231019_133206-min-1536x1152.jpg 1536w, https:\/\/agora.xtec.cat\/ieslesmarines\/wp-content\/uploads\/usu619\/2023\/11\/IMG_20231019_133206-min-2048x1536.jpg 2048w, https:\/\/agora.xtec.cat\/ieslesmarines\/wp-content\/uploads\/usu619\/2023\/11\/IMG_20231019_133206-min-200x150.jpg 200w\" sizes=\"auto, (max-width: 1024px) 100vw, 1024px\" \/><\/p>\n","protected":false},"excerpt":{"rendered":"<p>El 19 d\u2019octubre l\u2019alumnat de 4t d\u2019ESO va poder gaudir de la 1a sessi\u00f3 del taller de booktrailers, impartida pel Carles Alcoy. El formador els va explicar qu\u00e8 s\u2019ha de tenir en compte a l\u2019hora de realitzar un v\u00eddeo per promocionar un llibre. El booktrailer \u00e9s semblant al tr\u00e0iler cinematogr\u00e0fic, de pel\u00b7l\u00edcules o s\u00e8ries de [&hellip;]<\/p>\n","protected":false},"author":1,"featured_media":0,"parent":0,"menu_order":0,"comment_status":"closed","ping_status":"closed","template":"","meta":{"_bbp_topic_count":0,"_bbp_reply_count":0,"_bbp_total_topic_count":0,"_bbp_total_reply_count":0,"_bbp_voice_count":0,"_bbp_anonymous_reply_count":0,"_bbp_topic_count_hidden":0,"_bbp_reply_count_hidden":0,"_bbp_forum_subforum_count":0,"site-sidebar-layout":"default","site-content-layout":"","ast-site-content-layout":"","site-content-style":"default","site-sidebar-style":"default","ast-global-header-display":"","ast-banner-title-visibility":"","ast-main-header-display":"","ast-hfb-above-header-display":"","ast-hfb-below-header-display":"","ast-hfb-mobile-header-display":"","site-post-title":"","ast-breadcrumbs-content":"","ast-featured-img":"","footer-sml-layout":"","theme-transparent-header-meta":"","adv-header-id-meta":"","stick-header-meta":"","header-above-stick-meta":"","header-main-stick-meta":"","header-below-stick-meta":"","astra-migrate-meta-layouts":"default","ast-page-background-enabled":"default","ast-page-background-meta":{"desktop":{"background-color":"var(--ast-global-color-4)","background-image":"","background-repeat":"repeat","background-position":"center center","background-size":"auto","background-attachment":"scroll","background-type":"","background-media":"","overlay-type":"","overlay-color":"","overlay-opacity":"","overlay-gradient":""},"tablet":{"background-color":"","background-image":"","background-repeat":"repeat","background-position":"center center","background-size":"auto","background-attachment":"scroll","background-type":"","background-media":"","overlay-type":"","overlay-color":"","overlay-opacity":"","overlay-gradient":""},"mobile":{"background-color":"","background-image":"","background-repeat":"repeat","background-position":"center center","background-size":"auto","background-attachment":"scroll","background-type":"","background-media":"","overlay-type":"","overlay-color":"","overlay-opacity":"","overlay-gradient":""}},"ast-content-background-meta":{"desktop":{"background-color":"var(--ast-global-color-5)","background-image":"","background-repeat":"repeat","background-position":"center center","background-size":"auto","background-attachment":"scroll","background-type":"","background-media":"","overlay-type":"","overlay-color":"","overlay-opacity":"","overlay-gradient":""},"tablet":{"background-color":"var(--ast-global-color-5)","background-image":"","background-repeat":"repeat","background-position":"center center","background-size":"auto","background-attachment":"scroll","background-type":"","background-media":"","overlay-type":"","overlay-color":"","overlay-opacity":"","overlay-gradient":""},"mobile":{"background-color":"var(--ast-global-color-5)","background-image":"","background-repeat":"repeat","background-position":"center center","background-size":"auto","background-attachment":"scroll","background-type":"","background-media":"","overlay-type":"","overlay-color":"","overlay-opacity":"","overlay-gradient":""}},"footnotes":""},"class_list":["post-3640","page","type-page","status-publish","hentry"],"post_mailing_queue_ids":[],"_links":{"self":[{"href":"https:\/\/agora.xtec.cat\/ieslesmarines\/wp-json\/wp\/v2\/pages\/3640","targetHints":{"allow":["GET"]}}],"collection":[{"href":"https:\/\/agora.xtec.cat\/ieslesmarines\/wp-json\/wp\/v2\/pages"}],"about":[{"href":"https:\/\/agora.xtec.cat\/ieslesmarines\/wp-json\/wp\/v2\/types\/page"}],"author":[{"embeddable":true,"href":"https:\/\/agora.xtec.cat\/ieslesmarines\/wp-json\/wp\/v2\/users\/1"}],"replies":[{"embeddable":true,"href":"https:\/\/agora.xtec.cat\/ieslesmarines\/wp-json\/wp\/v2\/comments?post=3640"}],"version-history":[{"count":5,"href":"https:\/\/agora.xtec.cat\/ieslesmarines\/wp-json\/wp\/v2\/pages\/3640\/revisions"}],"predecessor-version":[{"id":3650,"href":"https:\/\/agora.xtec.cat\/ieslesmarines\/wp-json\/wp\/v2\/pages\/3640\/revisions\/3650"}],"wp:attachment":[{"href":"https:\/\/agora.xtec.cat\/ieslesmarines\/wp-json\/wp\/v2\/media?parent=3640"}],"curies":[{"name":"wp","href":"https:\/\/api.w.org\/{rel}","templated":true}]}}

Taller booktrailers 4t d&#8217;ESO &#8211; 1a sessió

<p><span style="font-weight: 400;">El 19 d’octubre l’alumnat de 4t d’ESO va poder gaudir de la 1a sessió del taller de booktrailers, impartida pel </span><b>Carles Alcoy</b><span style="font-weight: 400;">. El formador els va explicar què s’ha de tenir en compte a l’hora de realitzar un vídeo per promocionar un llibre. El booktrailer és semblant al tràiler cinematogràfic, de pel·lícules o sèries de televisió, però en el cas del booktrailer cal tenir en compte els aspectes més atractius d’un llibre per captar l’atenció dels futurs lectors.</span></p>
<p><span style="font-weight: 400;">Va ser un taller dinàmic, divertit i ple de creativitat. El dinamitzador va aconseguir animar el nostre alumnat a crear els seus booktrailers</span><i><span style="font-weight: 400;">.</span></i></p>
<p><span style="font-weight: 400;">La creació d’un booktrailer en grups fa que l’alumnat llegeixi i dinamitza la lectura</span><span style="font-weight: 400;"> però, alhora, serveix per a desenvolupar competències i habilitats.</span></p>
<p><span style="font-weight: 400;">El projecte de la creació de booktrailers en grups significa:</span></p>
<ul>
<li style="font-weight: 400;" aria-level="1"><span style="font-weight: 400;">Més comprensió lectora</span></li>
<li style="font-weight: 400;" aria-level="1"><span style="font-weight: 400;">Més treball en equip (coordinat)</span></li>
<li style="font-weight: 400;" aria-level="1"><span style="font-weight: 400;">Un creixement de les habilitats digitals</span></li>
<li style="font-weight: 400;" aria-level="1"><span style="font-weight: 400;">Més creativitat</span></li>
<li style="font-weight: 400;" aria-level="1"><span style="font-weight: 400;">Més interacció entre els diferents cursos</span></li>
<li style="font-weight: 400;" aria-level="1"><span style="font-weight: 400;">Més integració entre els alumnes a l’aula</span></li>
<li style="font-weight: 400;" aria-level="1"><span style="font-weight: 400;">Més treball autònom i més curiositat</span></li>
<li style="font-weight: 400;" aria-level="1"><span style="font-weight: 400;">Maduresa comunicativa</span></li>
<li style="font-weight: 400;" aria-level="1"><span style="font-weight: 400;">Treball amb un calendari pactat</span></li>
<li style="font-weight: 400;" aria-level="1"><span style="font-weight: 400;">Avaluació compartida</span></li>
</ul>
<p><span style="font-weight: 400;">En resum, permet que les noies i els nois expressin lliurement la seva opinió, tottenint un llibre com a punt de partida. Que ho facin de manera autònoma, independent i responsable. Que el format sigui una pel·lícula de vint segons a tres minuts, amb caràcter publicitari. Que ho avaluïn comunitàriament. Que la feina tingui un reconeixement públic i una certa remuneració (simbòlica però valuable).</span></p>
<p><span style="font-weight: 400;"><img loading="lazy" decoding="async" class="aligncenter wp-image-3644" src="https://agora.xtec.cat/ieslesmarines/wp-content/uploads/usu619/2023/11/IMG_20231019_132126-min-766x1024.jpg" alt="" width="400" height="535" srcset="https://agora.xtec.cat/ieslesmarines/wp-content/uploads/usu619/2023/11/IMG_20231019_132126-min-766x1024.jpg 766w, https://agora.xtec.cat/ieslesmarines/wp-content/uploads/usu619/2023/11/IMG_20231019_132126-min-224x300.jpg 224w, https://agora.xtec.cat/ieslesmarines/wp-content/uploads/usu619/2023/11/IMG_20231019_132126-min-768x1027.jpg 768w, https://agora.xtec.cat/ieslesmarines/wp-content/uploads/usu619/2023/11/IMG_20231019_132126-min-1149x1536.jpg 1149w, https://agora.xtec.cat/ieslesmarines/wp-content/uploads/usu619/2023/11/IMG_20231019_132126-min-1532x2048.jpg 1532w, https://agora.xtec.cat/ieslesmarines/wp-content/uploads/usu619/2023/11/IMG_20231019_132126-min-scaled.jpg 1915w" sizes="auto, (max-width: 400px) 100vw, 400px" /></span></p>
<p><span style="font-weight: 400;">La propera sessió del taller de booktrailer tindrà lloc el 20 de novembre.</span></p>
<p><span style="font-weight: 400;">A continuació podeu llegir els comentaris d’alguns alumnes que van assistir al taller:</span></p>
<p><span style="font-weight: 400;">“Me pareció muy interesante cómo estaba enfocada la charla. Ya que sin estar explicando todo el rato pura teoría, con los ejemplos e intervenciones que hacía entendías a la perfección el objetivo del proyecto. Además, se hizo muy entretenido.” M. C. M.</span></p>
<p><span style="font-weight: 400;">“Me ha parecido un taller muy interesante y divertido ya que es diferente a todos los talleres y trabajos que solemos hacer, tengo ganas de comenzar la segunda sesión.” A. B. M.</span></p>
<p><span style="font-weight: 400;">“Me parece un taller bastante dinámico e interesante, es fácil prestar atención ya que no está siempre hablando sino que explica los conceptos mediante bromas, vídeos y ejemplos.” S. L. R.</span></p>
<p><span style="font-weight: 400;">“Este taller me ha gustado mucho ya que era dinámico y me ha parecido entretenido e interesante.” E. S. B.</span></p>
<p><span style="font-weight: 400;">“Esta primera sesión del taller me ha parecido muy interesante y ha superado mis expectativas. Además me ha gustado mucho la manera en la cual se ha expresado y nos ha explicado lo que es un booktrailer la persona que nos ha hecho esta primera sesión, así que espero con ganas hacer pronto la segunda sesión.” G. T.</span></p>
<p><span style="font-weight: 400;">“Ha sido muy divertido. El encargado del taller sabía cómo captar la atención de toda la clase y hemos estado muy atentos. Los ejemplos que ponía eran interactivos e interesantes. La verdad es que ya tengo ganas de saber qué haremos en la segunda sesión.” L. M. D.</span></p>
<p><span style="font-weight: 400;">“Mi opinión es positiva, fue un taller interesante y divertido en el cual aprendí diversas cosas, las cuales, gracias a la interactiva forma de explicar y exponer el taller, se me quedaron en la cabeza.” E. V. O.</span></p>
<p><span style="font-weight: 400;">“Me ha parecido muy bien. La mezcla de enseñanza, educación y humor están muy bien ajustadas.” K. M. P.</span></p>
<p><img loading="lazy" decoding="async" class="alignnone size-large wp-image-3642" src="https://agora.xtec.cat/ieslesmarines/wp-content/uploads/usu619/2023/11/IMG_20231019_133206-min-1024x768.jpg" alt="" width="1024" height="768" srcset="https://agora.xtec.cat/ieslesmarines/wp-content/uploads/usu619/2023/11/IMG_20231019_133206-min-1024x768.jpg 1024w, https://agora.xtec.cat/ieslesmarines/wp-content/uploads/usu619/2023/11/IMG_20231019_133206-min-300x225.jpg 300w, https://agora.xtec.cat/ieslesmarines/wp-content/uploads/usu619/2023/11/IMG_20231019_133206-min-768x576.jpg 768w, https://agora.xtec.cat/ieslesmarines/wp-content/uploads/usu619/2023/11/IMG_20231019_133206-min-1536x1152.jpg 1536w, https://agora.xtec.cat/ieslesmarines/wp-content/uploads/usu619/2023/11/IMG_20231019_133206-min-2048x1536.jpg 2048w, https://agora.xtec.cat/ieslesmarines/wp-content/uploads/usu619/2023/11/IMG_20231019_133206-min-200x150.jpg 200w" sizes="auto, (max-width: 1024px) 100vw, 1024px" /></p>

<p>El 19 d’octubre l’alumnat de 4t d’ESO va poder gaudir de la 1a sessió del taller de booktrailers, impartida pel Carles Alcoy. El formador els va explicar què s’ha de tenir en compte a l’hora de realitzar un vídeo per promocionar un llibre. El booktrailer és semblant al tràiler cinematogràfic, de pel·lícules o sèries de [&hellip;]</p>
