{"id":3583,"date":"2023-10-26T14:10:09","date_gmt":"2023-10-26T12:10:09","guid":{"rendered":"https:\/\/agora.xtec.cat\/ieslesmarines\/?page_id=3583"},"modified":"2023-10-26T14:10:09","modified_gmt":"2023-10-26T12:10:09","slug":"visita-parlament-catalunya-23","status":"publish","type":"page","link":"https:\/\/agora.xtec.cat\/ieslesmarines\/visita-parlament-catalunya-23\/","title":{"rendered":"Visita Parlament Catalunya &#8217;23"},"content":{"rendered":"<p>Dilluns i dimarts, 23 i 24 d&#8217;octubre, l&#8217;alumnat de 4t d&#8217;ESO va tenir l&#8217;oportunitat de visitar el Parlament de Catalunya, on va poder realitzar el taller &#8216;Soc diputat\/soc diputada&#8217;.<\/p>\n<p>Aquesta activitat, organitzada des del Departament de Catal\u00e0, tenia com a objectiu que l&#8217;alumnat conegui les institucions catalanes, que formen part de la nostra cultura. Aix\u00ed mateix, es pretenia que l&#8217;alumnat realitz\u00e9s una activitat d&#8217;expressi\u00f3 oral que fos l\u00fadica i pedag\u00f2gica al mateix temps.<\/p>\n<p>En aquest taller, l&#8217;alumnat es va posar en la pell dels diputats i diputades catalans. A classe, van preparar un programa electoral en diferents grups parlamentaris, programa que un portaveu de cada grup va presentar al parlament.<\/p>\n<p><a href=\"https:\/\/agora.xtec.cat\/ieslesmarines\/wp-content\/uploads\/usu619\/2023\/10\/IMG_1851.jpg\"><img loading=\"lazy\" decoding=\"async\" class=\"size-medium wp-image-3593 aligncenter\" src=\"https:\/\/agora.xtec.cat\/ieslesmarines\/wp-content\/uploads\/usu619\/2023\/10\/IMG_1851-225x300.jpg\" alt=\"\" width=\"225\" height=\"300\" srcset=\"https:\/\/agora.xtec.cat\/ieslesmarines\/wp-content\/uploads\/usu619\/2023\/10\/IMG_1851-225x300.jpg 225w, https:\/\/agora.xtec.cat\/ieslesmarines\/wp-content\/uploads\/usu619\/2023\/10\/IMG_1851.jpg 500w\" sizes=\"auto, (max-width: 225px) 100vw, 225px\" \/><\/a><\/p>\n<p>Un cop presentat el programa, la resta de diputats i diputades podien fer preguntes per saber com es durien a terme les diferents mesures. Tot seguit, els grups parlamentaris havien de posar-se d&#8217;acord per crear govern.<\/p>\n<p>Finalment, escollien Presid\u00e8ncia del Parlament, ajudants, Presid\u00e8ncia de la Generalitat i les diferents Conselleries.<\/p>\n<p>Aix\u00ed doncs, l&#8217;activitat tenia una utilitat tamb\u00e9 com a cohesi\u00f3 de grup i com a treball col\u00b7laboratiu.<\/p>\n<p>Si voleu veure un recull d&#8217;imatges de com va ser aquesta activitat, feu click al seg\u00fcent <a href=\"https:\/\/photos.app.goo.gl\/pfGb9so6kyB5BXgN6\" target=\"_blank\" rel=\"noopener\">enlla\u00e7<\/a>.<\/p>\n<p><a href=\"https:\/\/agora.xtec.cat\/ieslesmarines\/wp-content\/uploads\/usu619\/2023\/10\/62bba026-253e-4f93-b169-4a5f9dfdee91.jpg\"><img loading=\"lazy\" decoding=\"async\" class=\"aligncenter wp-image-3586 size-large\" src=\"https:\/\/agora.xtec.cat\/ieslesmarines\/wp-content\/uploads\/usu619\/2023\/10\/62bba026-253e-4f93-b169-4a5f9dfdee91-1024x576.jpg\" alt=\"\" width=\"1024\" height=\"576\" srcset=\"https:\/\/agora.xtec.cat\/ieslesmarines\/wp-content\/uploads\/usu619\/2023\/10\/62bba026-253e-4f93-b169-4a5f9dfdee91-1024x576.jpg 1024w, https:\/\/agora.xtec.cat\/ieslesmarines\/wp-content\/uploads\/usu619\/2023\/10\/62bba026-253e-4f93-b169-4a5f9dfdee91-300x169.jpg 300w, https:\/\/agora.xtec.cat\/ieslesmarines\/wp-content\/uploads\/usu619\/2023\/10\/62bba026-253e-4f93-b169-4a5f9dfdee91-768x432.jpg 768w, https:\/\/agora.xtec.cat\/ieslesmarines\/wp-content\/uploads\/usu619\/2023\/10\/62bba026-253e-4f93-b169-4a5f9dfdee91-1536x864.jpg 1536w, https:\/\/agora.xtec.cat\/ieslesmarines\/wp-content\/uploads\/usu619\/2023\/10\/62bba026-253e-4f93-b169-4a5f9dfdee91.jpg 1600w\" sizes=\"auto, (max-width: 1024px) 100vw, 1024px\" \/><\/a><\/p>\n","protected":false},"excerpt":{"rendered":"<p>Dilluns i dimarts, 23 i 24 d&#8217;octubre, l&#8217;alumnat de 4t d&#8217;ESO va tenir l&#8217;oportunitat de visitar el Parlament de Catalunya, on va poder realitzar el taller &#8216;Soc diputat\/soc diputada&#8217;. Aquesta activitat, organitzada des del Departament de Catal\u00e0, tenia com a objectiu que l&#8217;alumnat conegui les institucions catalanes, que formen part de la nostra cultura. Aix\u00ed [&hellip;]<\/p>\n","protected":false},"author":1,"featured_media":0,"parent":0,"menu_order":0,"comment_status":"closed","ping_status":"closed","template":"","meta":{"_bbp_topic_count":0,"_bbp_reply_count":0,"_bbp_total_topic_count":0,"_bbp_total_reply_count":0,"_bbp_voice_count":0,"_bbp_anonymous_reply_count":0,"_bbp_topic_count_hidden":0,"_bbp_reply_count_hidden":0,"_bbp_forum_subforum_count":0,"site-sidebar-layout":"default","site-content-layout":"","ast-site-content-layout":"","site-content-style":"default","site-sidebar-style":"default","ast-global-header-display":"","ast-banner-title-visibility":"","ast-main-header-display":"","ast-hfb-above-header-display":"","ast-hfb-below-header-display":"","ast-hfb-mobile-header-display":"","site-post-title":"","ast-breadcrumbs-content":"","ast-featured-img":"","footer-sml-layout":"","theme-transparent-header-meta":"","adv-header-id-meta":"","stick-header-meta":"","header-above-stick-meta":"","header-main-stick-meta":"","header-below-stick-meta":"","astra-migrate-meta-layouts":"default","ast-page-background-enabled":"default","ast-page-background-meta":{"desktop":{"background-color":"var(--ast-global-color-4)","background-image":"","background-repeat":"repeat","background-position":"center center","background-size":"auto","background-attachment":"scroll","background-type":"","background-media":"","overlay-type":"","overlay-color":"","overlay-opacity":"","overlay-gradient":""},"tablet":{"background-color":"","background-image":"","background-repeat":"repeat","background-position":"center center","background-size":"auto","background-attachment":"scroll","background-type":"","background-media":"","overlay-type":"","overlay-color":"","overlay-opacity":"","overlay-gradient":""},"mobile":{"background-color":"","background-image":"","background-repeat":"repeat","background-position":"center center","background-size":"auto","background-attachment":"scroll","background-type":"","background-media":"","overlay-type":"","overlay-color":"","overlay-opacity":"","overlay-gradient":""}},"ast-content-background-meta":{"desktop":{"background-color":"var(--ast-global-color-5)","background-image":"","background-repeat":"repeat","background-position":"center center","background-size":"auto","background-attachment":"scroll","background-type":"","background-media":"","overlay-type":"","overlay-color":"","overlay-opacity":"","overlay-gradient":""},"tablet":{"background-color":"var(--ast-global-color-5)","background-image":"","background-repeat":"repeat","background-position":"center center","background-size":"auto","background-attachment":"scroll","background-type":"","background-media":"","overlay-type":"","overlay-color":"","overlay-opacity":"","overlay-gradient":""},"mobile":{"background-color":"var(--ast-global-color-5)","background-image":"","background-repeat":"repeat","background-position":"center center","background-size":"auto","background-attachment":"scroll","background-type":"","background-media":"","overlay-type":"","overlay-color":"","overlay-opacity":"","overlay-gradient":""}},"footnotes":""},"class_list":["post-3583","page","type-page","status-publish","hentry"],"post_mailing_queue_ids":[],"_links":{"self":[{"href":"https:\/\/agora.xtec.cat\/ieslesmarines\/wp-json\/wp\/v2\/pages\/3583","targetHints":{"allow":["GET"]}}],"collection":[{"href":"https:\/\/agora.xtec.cat\/ieslesmarines\/wp-json\/wp\/v2\/pages"}],"about":[{"href":"https:\/\/agora.xtec.cat\/ieslesmarines\/wp-json\/wp\/v2\/types\/page"}],"author":[{"embeddable":true,"href":"https:\/\/agora.xtec.cat\/ieslesmarines\/wp-json\/wp\/v2\/users\/1"}],"replies":[{"embeddable":true,"href":"https:\/\/agora.xtec.cat\/ieslesmarines\/wp-json\/wp\/v2\/comments?post=3583"}],"version-history":[{"count":6,"href":"https:\/\/agora.xtec.cat\/ieslesmarines\/wp-json\/wp\/v2\/pages\/3583\/revisions"}],"predecessor-version":[{"id":3596,"href":"https:\/\/agora.xtec.cat\/ieslesmarines\/wp-json\/wp\/v2\/pages\/3583\/revisions\/3596"}],"wp:attachment":[{"href":"https:\/\/agora.xtec.cat\/ieslesmarines\/wp-json\/wp\/v2\/media?parent=3583"}],"curies":[{"name":"wp","href":"https:\/\/api.w.org\/{rel}","templated":true}]}}

<p>Dilluns i dimarts, 23 i 24 d&#8217;octubre, l&#8217;alumnat de 4t d&#8217;ESO va tenir l&#8217;oportunitat de visitar el Parlament de Catalunya, on va poder realitzar el taller &#8216;Soc diputat/soc diputada&#8217;.</p>
<p>Aquesta activitat, organitzada des del Departament de Català, tenia com a objectiu que l&#8217;alumnat conegui les institucions catalanes, que formen part de la nostra cultura. Així mateix, es pretenia que l&#8217;alumnat realitzés una activitat d&#8217;expressió oral que fos lúdica i pedagògica al mateix temps.</p>
<p>En aquest taller, l&#8217;alumnat es va posar en la pell dels diputats i diputades catalans. A classe, van preparar un programa electoral en diferents grups parlamentaris, programa que un portaveu de cada grup va presentar al parlament.</p>
<p><a href="https://agora.xtec.cat/ieslesmarines/wp-content/uploads/usu619/2023/10/IMG_1851.jpg"><img loading="lazy" decoding="async" class="size-medium wp-image-3593 aligncenter" src="https://agora.xtec.cat/ieslesmarines/wp-content/uploads/usu619/2023/10/IMG_1851-225x300.jpg" alt="" width="225" height="300" srcset="https://agora.xtec.cat/ieslesmarines/wp-content/uploads/usu619/2023/10/IMG_1851-225x300.jpg 225w, https://agora.xtec.cat/ieslesmarines/wp-content/uploads/usu619/2023/10/IMG_1851.jpg 500w" sizes="auto, (max-width: 225px) 100vw, 225px" /></a></p>
<p>Un cop presentat el programa, la resta de diputats i diputades podien fer preguntes per saber com es durien a terme les diferents mesures. Tot seguit, els grups parlamentaris havien de posar-se d&#8217;acord per crear govern.</p>
<p>Finalment, escollien Presidència del Parlament, ajudants, Presidència de la Generalitat i les diferents Conselleries.</p>
<p>Així doncs, l&#8217;activitat tenia una utilitat també com a cohesió de grup i com a treball col·laboratiu.</p>
<p>Si voleu veure un recull d&#8217;imatges de com va ser aquesta activitat, feu click al següent <a href="https://photos.app.goo.gl/pfGb9so6kyB5BXgN6" target="_blank" rel="noopener">enllaç</a>.</p>
<p><a href="https://agora.xtec.cat/ieslesmarines/wp-content/uploads/usu619/2023/10/62bba026-253e-4f93-b169-4a5f9dfdee91.jpg"><img loading="lazy" decoding="async" class="aligncenter wp-image-3586 size-large" src="https://agora.xtec.cat/ieslesmarines/wp-content/uploads/usu619/2023/10/62bba026-253e-4f93-b169-4a5f9dfdee91-1024x576.jpg" alt="" width="1024" height="576" srcset="https://agora.xtec.cat/ieslesmarines/wp-content/uploads/usu619/2023/10/62bba026-253e-4f93-b169-4a5f9dfdee91-1024x576.jpg 1024w, https://agora.xtec.cat/ieslesmarines/wp-content/uploads/usu619/2023/10/62bba026-253e-4f93-b169-4a5f9dfdee91-300x169.jpg 300w, https://agora.xtec.cat/ieslesmarines/wp-content/uploads/usu619/2023/10/62bba026-253e-4f93-b169-4a5f9dfdee91-768x432.jpg 768w, https://agora.xtec.cat/ieslesmarines/wp-content/uploads/usu619/2023/10/62bba026-253e-4f93-b169-4a5f9dfdee91-1536x864.jpg 1536w, https://agora.xtec.cat/ieslesmarines/wp-content/uploads/usu619/2023/10/62bba026-253e-4f93-b169-4a5f9dfdee91.jpg 1600w" sizes="auto, (max-width: 1024px) 100vw, 1024px" /></a></p>

<p>Dilluns i dimarts, 23 i 24 d&#8217;octubre, l&#8217;alumnat de 4t d&#8217;ESO va tenir l&#8217;oportunitat de visitar el Parlament de Catalunya, on va poder realitzar el taller &#8216;Soc diputat/soc diputada&#8217;. Aquesta activitat, organitzada des del Departament de Català, tenia com a objectiu que l&#8217;alumnat conegui les institucions catalanes, que formen part de la nostra cultura. Així [&hellip;]</p>
