{"id":3390,"date":"2023-06-18T22:46:54","date_gmt":"2023-06-18T20:46:54","guid":{"rendered":"https:\/\/agora.xtec.cat\/ieslesmarines\/?page_id=3390"},"modified":"2023-06-18T22:46:54","modified_gmt":"2023-06-18T20:46:54","slug":"projecte-liceu-3r-deso","status":"publish","type":"page","link":"https:\/\/agora.xtec.cat\/ieslesmarines\/projecte-liceu-3r-deso\/","title":{"rendered":"Projecte Liceu &#8211; 3r d&#8217;ESO"},"content":{"rendered":"<div><a href=\"https:\/\/photos.app.goo.gl\/Pt3hy9RzM9CGpvzR9\" target=\"_blank\" rel=\"noopener\"><img loading=\"lazy\" decoding=\"async\" class=\"aligncenter wp-image-3391\" src=\"https:\/\/agora.xtec.cat\/ieslesmarines\/wp-content\/uploads\/usu619\/2023\/06\/1-3-300x300.png\" alt=\"\" width=\"500\" height=\"500\" srcset=\"https:\/\/agora.xtec.cat\/ieslesmarines\/wp-content\/uploads\/usu619\/2023\/06\/1-3-300x300.png 300w, https:\/\/agora.xtec.cat\/ieslesmarines\/wp-content\/uploads\/usu619\/2023\/06\/1-3-150x150.png 150w, https:\/\/agora.xtec.cat\/ieslesmarines\/wp-content\/uploads\/usu619\/2023\/06\/1-3-768x768.png 768w, https:\/\/agora.xtec.cat\/ieslesmarines\/wp-content\/uploads\/usu619\/2023\/06\/1-3.png 1000w\" sizes=\"auto, (max-width: 500px) 100vw, 500px\" \/><\/a><\/div>\n<div><\/div>\n<div>El passat dimarts, 6 de juny, l&#8217;alumnat de l&#8217;optativa de m\u00fasica de 3r va culminar el projecte treballat durant tot el curs en col\u00b7laboraci\u00f3 amb el Liceu de Barcelona.\u00a0 Mesos de treball, d&#8217;assajos al Liceu i de molta il\u00b7lusi\u00f3 van posar el fermall d&#8217;or amb la funci\u00f3 de l&#8217;\u00f2pera &#8216;El monstre al Laberint&#8217;.<\/div>\n<div><\/div>\n<div>Ha estat una experi\u00e8ncia molt emocionant tant per l&#8217;alumnat com per les professores que els han acompanyat en aquesta aventura. Alumnat que ha apr\u00e8s, ha gaudit i s&#8217;ha comprom\u00e8s en una activitat que anava m\u00e9s enll\u00e0 de les hores lectives, amb assajos fins i tot en cap de setmana. Enhorabona!<\/div>\n","protected":false},"excerpt":{"rendered":"<p>El passat dimarts, 6 de juny, l&#8217;alumnat de l&#8217;optativa de m\u00fasica de 3r va culminar el projecte treballat durant tot el curs en col\u00b7laboraci\u00f3 amb el Liceu de Barcelona.\u00a0 Mesos de treball, d&#8217;assajos al Liceu i de molta il\u00b7lusi\u00f3 van posar el fermall d&#8217;or amb la funci\u00f3 de l&#8217;\u00f2pera &#8216;El monstre al Laberint&#8217;. Ha estat [&hellip;]<\/p>\n","protected":false},"author":1,"featured_media":0,"parent":0,"menu_order":0,"comment_status":"closed","ping_status":"closed","template":"","meta":{"_bbp_topic_count":0,"_bbp_reply_count":0,"_bbp_total_topic_count":0,"_bbp_total_reply_count":0,"_bbp_voice_count":0,"_bbp_anonymous_reply_count":0,"_bbp_topic_count_hidden":0,"_bbp_reply_count_hidden":0,"_bbp_forum_subforum_count":0,"site-sidebar-layout":"default","site-content-layout":"","ast-site-content-layout":"","site-content-style":"default","site-sidebar-style":"default","ast-global-header-display":"","ast-banner-title-visibility":"","ast-main-header-display":"","ast-hfb-above-header-display":"","ast-hfb-below-header-display":"","ast-hfb-mobile-header-display":"","site-post-title":"","ast-breadcrumbs-content":"","ast-featured-img":"","footer-sml-layout":"","theme-transparent-header-meta":"","adv-header-id-meta":"","stick-header-meta":"","header-above-stick-meta":"","header-main-stick-meta":"","header-below-stick-meta":"","astra-migrate-meta-layouts":"default","ast-page-background-enabled":"default","ast-page-background-meta":{"desktop":{"background-color":"var(--ast-global-color-4)","background-image":"","background-repeat":"repeat","background-position":"center center","background-size":"auto","background-attachment":"scroll","background-type":"","background-media":"","overlay-type":"","overlay-color":"","overlay-opacity":"","overlay-gradient":""},"tablet":{"background-color":"","background-image":"","background-repeat":"repeat","background-position":"center center","background-size":"auto","background-attachment":"scroll","background-type":"","background-media":"","overlay-type":"","overlay-color":"","overlay-opacity":"","overlay-gradient":""},"mobile":{"background-color":"","background-image":"","background-repeat":"repeat","background-position":"center center","background-size":"auto","background-attachment":"scroll","background-type":"","background-media":"","overlay-type":"","overlay-color":"","overlay-opacity":"","overlay-gradient":""}},"ast-content-background-meta":{"desktop":{"background-color":"var(--ast-global-color-5)","background-image":"","background-repeat":"repeat","background-position":"center center","background-size":"auto","background-attachment":"scroll","background-type":"","background-media":"","overlay-type":"","overlay-color":"","overlay-opacity":"","overlay-gradient":""},"tablet":{"background-color":"var(--ast-global-color-5)","background-image":"","background-repeat":"repeat","background-position":"center center","background-size":"auto","background-attachment":"scroll","background-type":"","background-media":"","overlay-type":"","overlay-color":"","overlay-opacity":"","overlay-gradient":""},"mobile":{"background-color":"var(--ast-global-color-5)","background-image":"","background-repeat":"repeat","background-position":"center center","background-size":"auto","background-attachment":"scroll","background-type":"","background-media":"","overlay-type":"","overlay-color":"","overlay-opacity":"","overlay-gradient":""}},"footnotes":""},"class_list":["post-3390","page","type-page","status-publish","hentry"],"post_mailing_queue_ids":[],"_links":{"self":[{"href":"https:\/\/agora.xtec.cat\/ieslesmarines\/wp-json\/wp\/v2\/pages\/3390","targetHints":{"allow":["GET"]}}],"collection":[{"href":"https:\/\/agora.xtec.cat\/ieslesmarines\/wp-json\/wp\/v2\/pages"}],"about":[{"href":"https:\/\/agora.xtec.cat\/ieslesmarines\/wp-json\/wp\/v2\/types\/page"}],"author":[{"embeddable":true,"href":"https:\/\/agora.xtec.cat\/ieslesmarines\/wp-json\/wp\/v2\/users\/1"}],"replies":[{"embeddable":true,"href":"https:\/\/agora.xtec.cat\/ieslesmarines\/wp-json\/wp\/v2\/comments?post=3390"}],"version-history":[{"count":1,"href":"https:\/\/agora.xtec.cat\/ieslesmarines\/wp-json\/wp\/v2\/pages\/3390\/revisions"}],"predecessor-version":[{"id":3392,"href":"https:\/\/agora.xtec.cat\/ieslesmarines\/wp-json\/wp\/v2\/pages\/3390\/revisions\/3392"}],"wp:attachment":[{"href":"https:\/\/agora.xtec.cat\/ieslesmarines\/wp-json\/wp\/v2\/media?parent=3390"}],"curies":[{"name":"wp","href":"https:\/\/api.w.org\/{rel}","templated":true}]}}

<div><a href="https://photos.app.goo.gl/Pt3hy9RzM9CGpvzR9" target="_blank" rel="noopener"><img loading="lazy" decoding="async" class="aligncenter wp-image-3391" src="https://agora.xtec.cat/ieslesmarines/wp-content/uploads/usu619/2023/06/1-3-300x300.png" alt="" width="500" height="500" srcset="https://agora.xtec.cat/ieslesmarines/wp-content/uploads/usu619/2023/06/1-3-300x300.png 300w, https://agora.xtec.cat/ieslesmarines/wp-content/uploads/usu619/2023/06/1-3-150x150.png 150w, https://agora.xtec.cat/ieslesmarines/wp-content/uploads/usu619/2023/06/1-3-768x768.png 768w, https://agora.xtec.cat/ieslesmarines/wp-content/uploads/usu619/2023/06/1-3.png 1000w" sizes="auto, (max-width: 500px) 100vw, 500px" /></a></div>
<div></div>
<div>El passat dimarts, 6 de juny, l&#8217;alumnat de l&#8217;optativa de música de 3r va culminar el projecte treballat durant tot el curs en col·laboració amb el Liceu de Barcelona.  Mesos de treball, d&#8217;assajos al Liceu i de molta il·lusió van posar el fermall d&#8217;or amb la funció de l&#8217;òpera &#8216;El monstre al Laberint&#8217;.</div>
<div></div>
<div>Ha estat una experiència molt emocionant tant per l&#8217;alumnat com per les professores que els han acompanyat en aquesta aventura. Alumnat que ha après, ha gaudit i s&#8217;ha compromès en una activitat que anava més enllà de les hores lectives, amb assajos fins i tot en cap de setmana. Enhorabona!</div>

<p>El passat dimarts, 6 de juny, l&#8217;alumnat de l&#8217;optativa de música de 3r va culminar el projecte treballat durant tot el curs en col·laboració amb el Liceu de Barcelona.  Mesos de treball, d&#8217;assajos al Liceu i de molta il·lusió van posar el fermall d&#8217;or amb la funció de l&#8217;òpera &#8216;El monstre al Laberint&#8217;. Ha estat [&hellip;]</p>
