{"id":3293,"date":"2023-05-01T17:25:42","date_gmt":"2023-05-01T15:25:42","guid":{"rendered":"https:\/\/agora.xtec.cat\/ieslesmarines\/?page_id=3293"},"modified":"2023-05-01T17:25:42","modified_gmt":"2023-05-01T15:25:42","slug":"la-fageda-1r-de-batxillerat","status":"publish","type":"page","link":"https:\/\/agora.xtec.cat\/ieslesmarines\/la-fageda-1r-de-batxillerat\/","title":{"rendered":"La Fageda &#8211; 1r de Batxillerat"},"content":{"rendered":"<p><a href=\"https:\/\/photos.app.goo.gl\/oMZLyZCfnQvxDibUA\" target=\"_blank\" rel=\"noopener\"><img loading=\"lazy\" decoding=\"async\" class=\"aligncenter wp-image-3294\" src=\"https:\/\/agora.xtec.cat\/ieslesmarines\/wp-content\/uploads\/usu619\/2023\/05\/1-300x300.png\" alt=\"\" width=\"500\" height=\"500\" srcset=\"https:\/\/agora.xtec.cat\/ieslesmarines\/wp-content\/uploads\/usu619\/2023\/05\/1-300x300.png 300w, https:\/\/agora.xtec.cat\/ieslesmarines\/wp-content\/uploads\/usu619\/2023\/05\/1-150x150.png 150w, https:\/\/agora.xtec.cat\/ieslesmarines\/wp-content\/uploads\/usu619\/2023\/05\/1-768x768.png 768w, https:\/\/agora.xtec.cat\/ieslesmarines\/wp-content\/uploads\/usu619\/2023\/05\/1.png 1000w\" sizes=\"auto, (max-width: 500px) 100vw, 500px\" \/><\/a><\/p>\n<p>El passat 13 d\u00b4abril, els alumnes de les mat\u00e8ries de modalitat i optativa, d\u00b4Economia i Funcionament de l\u00b4Empresa, respectivament, van realitzar una sortida a la fundaci\u00f3 la Fageda, durant tot el mat\u00ed.<\/p>\n<p>Aquesta empresa es troba en un entorn preci\u00f3s com \u00e9s la Fageda d\u00b4en Jord\u00e0, situada dintre del Parc Natural de la zona volc\u00e0nica de la Garrotxa.<\/p>\n<p>Vam gaudir d\u00b4una visita guiada a les principals instal.lacions i vam con\u00e8ixer de prop el projecte empresarial i, especialment, social. A trav\u00e9s de la fundaci\u00f3 la Fageda es crea ocupaci\u00f3 tant per a persones amb discapacitat intel.lectual com per a altres col.lectius amb situaci\u00f3 de vulnerabilitat. Vam gaudir d\u00b4una experi\u00e8ncia molt enriquidora i inoblidable.<\/p>\n","protected":false},"excerpt":{"rendered":"<p>El passat 13 d\u00b4abril, els alumnes de les mat\u00e8ries de modalitat i optativa, d\u00b4Economia i Funcionament de l\u00b4Empresa, respectivament, van realitzar una sortida a la fundaci\u00f3 la Fageda, durant tot el mat\u00ed. Aquesta empresa es troba en un entorn preci\u00f3s com \u00e9s la Fageda d\u00b4en Jord\u00e0, situada dintre del Parc Natural de la zona volc\u00e0nica [&hellip;]<\/p>\n","protected":false},"author":1,"featured_media":0,"parent":0,"menu_order":0,"comment_status":"closed","ping_status":"closed","template":"","meta":{"_bbp_topic_count":0,"_bbp_reply_count":0,"_bbp_total_topic_count":0,"_bbp_total_reply_count":0,"_bbp_voice_count":0,"_bbp_anonymous_reply_count":0,"_bbp_topic_count_hidden":0,"_bbp_reply_count_hidden":0,"_bbp_forum_subforum_count":0,"site-sidebar-layout":"default","site-content-layout":"","ast-site-content-layout":"","site-content-style":"default","site-sidebar-style":"default","ast-global-header-display":"","ast-banner-title-visibility":"","ast-main-header-display":"","ast-hfb-above-header-display":"","ast-hfb-below-header-display":"","ast-hfb-mobile-header-display":"","site-post-title":"","ast-breadcrumbs-content":"","ast-featured-img":"","footer-sml-layout":"","theme-transparent-header-meta":"","adv-header-id-meta":"","stick-header-meta":"","header-above-stick-meta":"","header-main-stick-meta":"","header-below-stick-meta":"","astra-migrate-meta-layouts":"default","ast-page-background-enabled":"default","ast-page-background-meta":{"desktop":{"background-color":"var(--ast-global-color-4)","background-image":"","background-repeat":"repeat","background-position":"center center","background-size":"auto","background-attachment":"scroll","background-type":"","background-media":"","overlay-type":"","overlay-color":"","overlay-opacity":"","overlay-gradient":""},"tablet":{"background-color":"","background-image":"","background-repeat":"repeat","background-position":"center center","background-size":"auto","background-attachment":"scroll","background-type":"","background-media":"","overlay-type":"","overlay-color":"","overlay-opacity":"","overlay-gradient":""},"mobile":{"background-color":"","background-image":"","background-repeat":"repeat","background-position":"center center","background-size":"auto","background-attachment":"scroll","background-type":"","background-media":"","overlay-type":"","overlay-color":"","overlay-opacity":"","overlay-gradient":""}},"ast-content-background-meta":{"desktop":{"background-color":"var(--ast-global-color-5)","background-image":"","background-repeat":"repeat","background-position":"center center","background-size":"auto","background-attachment":"scroll","background-type":"","background-media":"","overlay-type":"","overlay-color":"","overlay-opacity":"","overlay-gradient":""},"tablet":{"background-color":"var(--ast-global-color-5)","background-image":"","background-repeat":"repeat","background-position":"center center","background-size":"auto","background-attachment":"scroll","background-type":"","background-media":"","overlay-type":"","overlay-color":"","overlay-opacity":"","overlay-gradient":""},"mobile":{"background-color":"var(--ast-global-color-5)","background-image":"","background-repeat":"repeat","background-position":"center center","background-size":"auto","background-attachment":"scroll","background-type":"","background-media":"","overlay-type":"","overlay-color":"","overlay-opacity":"","overlay-gradient":""}},"footnotes":""},"class_list":["post-3293","page","type-page","status-publish","hentry"],"post_mailing_queue_ids":[],"_links":{"self":[{"href":"https:\/\/agora.xtec.cat\/ieslesmarines\/wp-json\/wp\/v2\/pages\/3293","targetHints":{"allow":["GET"]}}],"collection":[{"href":"https:\/\/agora.xtec.cat\/ieslesmarines\/wp-json\/wp\/v2\/pages"}],"about":[{"href":"https:\/\/agora.xtec.cat\/ieslesmarines\/wp-json\/wp\/v2\/types\/page"}],"author":[{"embeddable":true,"href":"https:\/\/agora.xtec.cat\/ieslesmarines\/wp-json\/wp\/v2\/users\/1"}],"replies":[{"embeddable":true,"href":"https:\/\/agora.xtec.cat\/ieslesmarines\/wp-json\/wp\/v2\/comments?post=3293"}],"version-history":[{"count":1,"href":"https:\/\/agora.xtec.cat\/ieslesmarines\/wp-json\/wp\/v2\/pages\/3293\/revisions"}],"predecessor-version":[{"id":3295,"href":"https:\/\/agora.xtec.cat\/ieslesmarines\/wp-json\/wp\/v2\/pages\/3293\/revisions\/3295"}],"wp:attachment":[{"href":"https:\/\/agora.xtec.cat\/ieslesmarines\/wp-json\/wp\/v2\/media?parent=3293"}],"curies":[{"name":"wp","href":"https:\/\/api.w.org\/{rel}","templated":true}]}}

<p><a href="https://photos.app.goo.gl/oMZLyZCfnQvxDibUA" target="_blank" rel="noopener"><img loading="lazy" decoding="async" class="aligncenter wp-image-3294" src="https://agora.xtec.cat/ieslesmarines/wp-content/uploads/usu619/2023/05/1-300x300.png" alt="" width="500" height="500" srcset="https://agora.xtec.cat/ieslesmarines/wp-content/uploads/usu619/2023/05/1-300x300.png 300w, https://agora.xtec.cat/ieslesmarines/wp-content/uploads/usu619/2023/05/1-150x150.png 150w, https://agora.xtec.cat/ieslesmarines/wp-content/uploads/usu619/2023/05/1-768x768.png 768w, https://agora.xtec.cat/ieslesmarines/wp-content/uploads/usu619/2023/05/1.png 1000w" sizes="auto, (max-width: 500px) 100vw, 500px" /></a></p>
<p>El passat 13 d´abril, els alumnes de les matèries de modalitat i optativa, d´Economia i Funcionament de l´Empresa, respectivament, van realitzar una sortida a la fundació la Fageda, durant tot el matí.</p>
<p>Aquesta empresa es troba en un entorn preciós com és la Fageda d´en Jordà, situada dintre del Parc Natural de la zona volcànica de la Garrotxa.</p>
<p>Vam gaudir d´una visita guiada a les principals instal.lacions i vam conèixer de prop el projecte empresarial i, especialment, social. A través de la fundació la Fageda es crea ocupació tant per a persones amb discapacitat intel.lectual com per a altres col.lectius amb situació de vulnerabilitat. Vam gaudir d´una experiència molt enriquidora i inoblidable.</p>

<p>El passat 13 d´abril, els alumnes de les matèries de modalitat i optativa, d´Economia i Funcionament de l´Empresa, respectivament, van realitzar una sortida a la fundació la Fageda, durant tot el matí. Aquesta empresa es troba en un entorn preciós com és la Fageda d´en Jordà, situada dintre del Parc Natural de la zona volcànica [&hellip;]</p>
