{"id":3281,"date":"2023-04-27T09:31:47","date_gmt":"2023-04-27T07:31:47","guid":{"rendered":"https:\/\/agora.xtec.cat\/ieslesmarines\/?page_id=3281"},"modified":"2023-04-28T08:32:17","modified_gmt":"2023-04-28T06:32:17","slug":"forum-tr","status":"publish","type":"page","link":"https:\/\/agora.xtec.cat\/ieslesmarines\/forum-tr\/","title":{"rendered":"Forum TR"},"content":{"rendered":"<p style=\"text-align: center;\"><a href=\"https:\/\/photos.app.goo.gl\/JvUPzoc63x3QGGnv6\" target=\"_blank\" rel=\"noopener\"><img loading=\"lazy\" decoding=\"async\" class=\"alignnone wp-image-3282\" src=\"https:\/\/agora.xtec.cat\/ieslesmarines\/wp-content\/uploads\/usu619\/2023\/04\/6-300x300.png\" alt=\"\" width=\"500\" height=\"500\" srcset=\"https:\/\/agora.xtec.cat\/ieslesmarines\/wp-content\/uploads\/usu619\/2023\/04\/6-300x300.png 300w, https:\/\/agora.xtec.cat\/ieslesmarines\/wp-content\/uploads\/usu619\/2023\/04\/6-150x150.png 150w, https:\/\/agora.xtec.cat\/ieslesmarines\/wp-content\/uploads\/usu619\/2023\/04\/6-768x768.png 768w, https:\/\/agora.xtec.cat\/ieslesmarines\/wp-content\/uploads\/usu619\/2023\/04\/6.png 1000w\" sizes=\"auto, (max-width: 500px) 100vw, 500px\" \/><\/a><\/p>\n<div>El passat 19 d&#8217;abril, l&#8217;Institut de les Marines va participar en el XIX F\u00f2rum de TR organitzat pels Serveis Educatius de l&#8217;Ajuntament de Castelldefels.<\/div>\n<div>L&#8217;acte va ser presidit per la Maria Josep Or\u00f3 i hi van assistir tots els instituts de Castelldefels, l&#8217;Ajuntament de Castelldefels, el CRP la inspectora de zona Sandra Gallardo i tamb\u00e9 el Regidor d&#8217;educaci\u00f3 el Jordi Maresme, els quals van tenir paraules d&#8217;agra\u00efment i lloan\u00e7a per l&#8217;alta qualitat dels treballs presentats.<\/div>\n<div><\/div>\n<div>Les Marines va presentar dos treballs de Recerca:<\/div>\n<div>&#8211; L&#8217;Alemanya socialista: una utopia fracassada: realitzat per la Joanna Sim\u00f3n i la J\u00falia Vilalta<\/div>\n<div>&#8211; Breu estudi de les crisis econ\u00f2miques. An\u00e0lisi de la crisi de 2008: realitzat per l&#8217;H\u00e9ctor L\u00f3pez<\/div>\n<div><\/div>\n<div>Des de Les Marines, volem felicitar a la Joanna Sim\u00f3n i la J\u00falia Vilalta, ja que van guanyar el <b>segon premi<\/b>\u00a0del F\u00f2rum amb la seva recerca.<\/div>\n<div><\/div>\n<p>&nbsp;<\/p>\n","protected":false},"excerpt":{"rendered":"<p>El passat 19 d&#8217;abril, l&#8217;Institut de les Marines va participar en el XIX F\u00f2rum de TR organitzat pels Serveis Educatius de l&#8217;Ajuntament de Castelldefels. L&#8217;acte va ser presidit per la Maria Josep Or\u00f3 i hi van assistir tots els instituts de Castelldefels, l&#8217;Ajuntament de Castelldefels, el CRP la inspectora de zona Sandra Gallardo i tamb\u00e9 [&hellip;]<\/p>\n","protected":false},"author":1,"featured_media":0,"parent":0,"menu_order":0,"comment_status":"closed","ping_status":"closed","template":"","meta":{"_bbp_topic_count":0,"_bbp_reply_count":0,"_bbp_total_topic_count":0,"_bbp_total_reply_count":0,"_bbp_voice_count":0,"_bbp_anonymous_reply_count":0,"_bbp_topic_count_hidden":0,"_bbp_reply_count_hidden":0,"_bbp_forum_subforum_count":0,"site-sidebar-layout":"default","site-content-layout":"","ast-site-content-layout":"","site-content-style":"default","site-sidebar-style":"default","ast-global-header-display":"","ast-banner-title-visibility":"","ast-main-header-display":"","ast-hfb-above-header-display":"","ast-hfb-below-header-display":"","ast-hfb-mobile-header-display":"","site-post-title":"","ast-breadcrumbs-content":"","ast-featured-img":"","footer-sml-layout":"","theme-transparent-header-meta":"","adv-header-id-meta":"","stick-header-meta":"","header-above-stick-meta":"","header-main-stick-meta":"","header-below-stick-meta":"","astra-migrate-meta-layouts":"default","ast-page-background-enabled":"default","ast-page-background-meta":{"desktop":{"background-color":"var(--ast-global-color-4)","background-image":"","background-repeat":"repeat","background-position":"center center","background-size":"auto","background-attachment":"scroll","background-type":"","background-media":"","overlay-type":"","overlay-color":"","overlay-opacity":"","overlay-gradient":""},"tablet":{"background-color":"","background-image":"","background-repeat":"repeat","background-position":"center center","background-size":"auto","background-attachment":"scroll","background-type":"","background-media":"","overlay-type":"","overlay-color":"","overlay-opacity":"","overlay-gradient":""},"mobile":{"background-color":"","background-image":"","background-repeat":"repeat","background-position":"center center","background-size":"auto","background-attachment":"scroll","background-type":"","background-media":"","overlay-type":"","overlay-color":"","overlay-opacity":"","overlay-gradient":""}},"ast-content-background-meta":{"desktop":{"background-color":"var(--ast-global-color-5)","background-image":"","background-repeat":"repeat","background-position":"center center","background-size":"auto","background-attachment":"scroll","background-type":"","background-media":"","overlay-type":"","overlay-color":"","overlay-opacity":"","overlay-gradient":""},"tablet":{"background-color":"var(--ast-global-color-5)","background-image":"","background-repeat":"repeat","background-position":"center center","background-size":"auto","background-attachment":"scroll","background-type":"","background-media":"","overlay-type":"","overlay-color":"","overlay-opacity":"","overlay-gradient":""},"mobile":{"background-color":"var(--ast-global-color-5)","background-image":"","background-repeat":"repeat","background-position":"center center","background-size":"auto","background-attachment":"scroll","background-type":"","background-media":"","overlay-type":"","overlay-color":"","overlay-opacity":"","overlay-gradient":""}},"footnotes":""},"class_list":["post-3281","page","type-page","status-publish","hentry"],"post_mailing_queue_ids":[],"_links":{"self":[{"href":"https:\/\/agora.xtec.cat\/ieslesmarines\/wp-json\/wp\/v2\/pages\/3281","targetHints":{"allow":["GET"]}}],"collection":[{"href":"https:\/\/agora.xtec.cat\/ieslesmarines\/wp-json\/wp\/v2\/pages"}],"about":[{"href":"https:\/\/agora.xtec.cat\/ieslesmarines\/wp-json\/wp\/v2\/types\/page"}],"author":[{"embeddable":true,"href":"https:\/\/agora.xtec.cat\/ieslesmarines\/wp-json\/wp\/v2\/users\/1"}],"replies":[{"embeddable":true,"href":"https:\/\/agora.xtec.cat\/ieslesmarines\/wp-json\/wp\/v2\/comments?post=3281"}],"version-history":[{"count":2,"href":"https:\/\/agora.xtec.cat\/ieslesmarines\/wp-json\/wp\/v2\/pages\/3281\/revisions"}],"predecessor-version":[{"id":3290,"href":"https:\/\/agora.xtec.cat\/ieslesmarines\/wp-json\/wp\/v2\/pages\/3281\/revisions\/3290"}],"wp:attachment":[{"href":"https:\/\/agora.xtec.cat\/ieslesmarines\/wp-json\/wp\/v2\/media?parent=3281"}],"curies":[{"name":"wp","href":"https:\/\/api.w.org\/{rel}","templated":true}]}}

<p style="text-align: center;"><a href="https://photos.app.goo.gl/JvUPzoc63x3QGGnv6" target="_blank" rel="noopener"><img loading="lazy" decoding="async" class="alignnone wp-image-3282" src="https://agora.xtec.cat/ieslesmarines/wp-content/uploads/usu619/2023/04/6-300x300.png" alt="" width="500" height="500" srcset="https://agora.xtec.cat/ieslesmarines/wp-content/uploads/usu619/2023/04/6-300x300.png 300w, https://agora.xtec.cat/ieslesmarines/wp-content/uploads/usu619/2023/04/6-150x150.png 150w, https://agora.xtec.cat/ieslesmarines/wp-content/uploads/usu619/2023/04/6-768x768.png 768w, https://agora.xtec.cat/ieslesmarines/wp-content/uploads/usu619/2023/04/6.png 1000w" sizes="auto, (max-width: 500px) 100vw, 500px" /></a></p>
<div>El passat 19 d&#8217;abril, l&#8217;Institut de les Marines va participar en el XIX Fòrum de TR organitzat pels Serveis Educatius de l&#8217;Ajuntament de Castelldefels.</div>
<div>L&#8217;acte va ser presidit per la Maria Josep Oró i hi van assistir tots els instituts de Castelldefels, l&#8217;Ajuntament de Castelldefels, el CRP la inspectora de zona Sandra Gallardo i també el Regidor d&#8217;educació el Jordi Maresme, els quals van tenir paraules d&#8217;agraïment i lloança per l&#8217;alta qualitat dels treballs presentats.</div>
<div></div>
<div>Les Marines va presentar dos treballs de Recerca:</div>
<div>&#8211; L&#8217;Alemanya socialista: una utopia fracassada: realitzat per la Joanna Simón i la Júlia Vilalta</div>
<div>&#8211; Breu estudi de les crisis econòmiques. Anàlisi de la crisi de 2008: realitzat per l&#8217;Héctor López</div>
<div></div>
<div>Des de Les Marines, volem felicitar a la Joanna Simón i la Júlia Vilalta, ja que van guanyar el <b>segon premi</b> del Fòrum amb la seva recerca.</div>
<div></div>
<p>&nbsp;</p>

<p>El passat 19 d&#8217;abril, l&#8217;Institut de les Marines va participar en el XIX Fòrum de TR organitzat pels Serveis Educatius de l&#8217;Ajuntament de Castelldefels. L&#8217;acte va ser presidit per la Maria Josep Oró i hi van assistir tots els instituts de Castelldefels, l&#8217;Ajuntament de Castelldefels, el CRP la inspectora de zona Sandra Gallardo i també [&hellip;]</p>
