{"id":3254,"date":"2023-04-21T10:22:45","date_gmt":"2023-04-21T08:22:45","guid":{"rendered":"https:\/\/agora.xtec.cat\/ieslesmarines\/?page_id=3254"},"modified":"2023-04-21T10:22:45","modified_gmt":"2023-04-21T08:22:45","slug":"projecte-migrants-3r","status":"publish","type":"page","link":"https:\/\/agora.xtec.cat\/ieslesmarines\/projecte-migrants-3r\/","title":{"rendered":"Projecte Migrants 3r"},"content":{"rendered":"<p><a href=\"https:\/\/photos.app.goo.gl\/DzzMDcZCHax2zVB76\" target=\"_blank\" rel=\"noopener\"><img loading=\"lazy\" decoding=\"async\" class=\"aligncenter wp-image-3256\" src=\"https:\/\/agora.xtec.cat\/ieslesmarines\/wp-content\/uploads\/usu619\/2023\/04\/4-300x300.png\" alt=\"\" width=\"500\" height=\"500\" srcset=\"https:\/\/agora.xtec.cat\/ieslesmarines\/wp-content\/uploads\/usu619\/2023\/04\/4-300x300.png 300w, https:\/\/agora.xtec.cat\/ieslesmarines\/wp-content\/uploads\/usu619\/2023\/04\/4-150x150.png 150w, https:\/\/agora.xtec.cat\/ieslesmarines\/wp-content\/uploads\/usu619\/2023\/04\/4-768x768.png 768w, https:\/\/agora.xtec.cat\/ieslesmarines\/wp-content\/uploads\/usu619\/2023\/04\/4.png 1000w\" sizes=\"auto, (max-width: 500px) 100vw, 500px\" \/><\/a><\/p>\n<p>Durant el segon trimestre, l&#8217;alumnat de 3r d&#8217;ESO va realitzar un projecte\u00a0sobre els moviments migratoris dels anys 60 i 70 del s. XX dintre de l&#8217;estat espanyol, amb especial inter\u00e9s en l&#8217;impacte que aquests moviments van tenir sobre el municipi de Castelldefels. El projecte, coordinat pels departaments de Castell\u00e0, Angl\u00e8s i Ci\u00e8ncies Socials, va concloure amb la realitzaci\u00f3 per part de l&#8217;alumnat d&#8217;un v\u00eddeo &#8211; documental en angl\u00e8s. A continuaci\u00f3 us oferim una mostra\u00a0d&#8217;aquests v\u00eddeos, aix\u00ed com algunes\u00a0fotografies de la sortida que tots els grups van realitzar\u00a0al barri de Vistalegre en el marc d&#8217;aquest projecte. Finalment, ens agradaria donar les gr\u00e0cies a totes les fam\u00edlies que van participar en els v\u00eddeos amb els seus testimonis<\/p>\n","protected":false},"excerpt":{"rendered":"<p>Durant el segon trimestre, l&#8217;alumnat de 3r d&#8217;ESO va realitzar un projecte\u00a0sobre els moviments migratoris dels anys 60 i 70 del s. XX dintre de l&#8217;estat espanyol, amb especial inter\u00e9s en l&#8217;impacte que aquests moviments van tenir sobre el municipi de Castelldefels. El projecte, coordinat pels departaments de Castell\u00e0, Angl\u00e8s i Ci\u00e8ncies Socials, va concloure [&hellip;]<\/p>\n","protected":false},"author":1,"featured_media":0,"parent":0,"menu_order":0,"comment_status":"closed","ping_status":"closed","template":"","meta":{"_bbp_topic_count":0,"_bbp_reply_count":0,"_bbp_total_topic_count":0,"_bbp_total_reply_count":0,"_bbp_voice_count":0,"_bbp_anonymous_reply_count":0,"_bbp_topic_count_hidden":0,"_bbp_reply_count_hidden":0,"_bbp_forum_subforum_count":0,"site-sidebar-layout":"default","site-content-layout":"","ast-site-content-layout":"","site-content-style":"default","site-sidebar-style":"default","ast-global-header-display":"","ast-banner-title-visibility":"","ast-main-header-display":"","ast-hfb-above-header-display":"","ast-hfb-below-header-display":"","ast-hfb-mobile-header-display":"","site-post-title":"","ast-breadcrumbs-content":"","ast-featured-img":"","footer-sml-layout":"","theme-transparent-header-meta":"","adv-header-id-meta":"","stick-header-meta":"","header-above-stick-meta":"","header-main-stick-meta":"","header-below-stick-meta":"","astra-migrate-meta-layouts":"default","ast-page-background-enabled":"default","ast-page-background-meta":{"desktop":{"background-color":"var(--ast-global-color-4)","background-image":"","background-repeat":"repeat","background-position":"center center","background-size":"auto","background-attachment":"scroll","background-type":"","background-media":"","overlay-type":"","overlay-color":"","overlay-opacity":"","overlay-gradient":""},"tablet":{"background-color":"","background-image":"","background-repeat":"repeat","background-position":"center center","background-size":"auto","background-attachment":"scroll","background-type":"","background-media":"","overlay-type":"","overlay-color":"","overlay-opacity":"","overlay-gradient":""},"mobile":{"background-color":"","background-image":"","background-repeat":"repeat","background-position":"center center","background-size":"auto","background-attachment":"scroll","background-type":"","background-media":"","overlay-type":"","overlay-color":"","overlay-opacity":"","overlay-gradient":""}},"ast-content-background-meta":{"desktop":{"background-color":"var(--ast-global-color-5)","background-image":"","background-repeat":"repeat","background-position":"center center","background-size":"auto","background-attachment":"scroll","background-type":"","background-media":"","overlay-type":"","overlay-color":"","overlay-opacity":"","overlay-gradient":""},"tablet":{"background-color":"var(--ast-global-color-5)","background-image":"","background-repeat":"repeat","background-position":"center center","background-size":"auto","background-attachment":"scroll","background-type":"","background-media":"","overlay-type":"","overlay-color":"","overlay-opacity":"","overlay-gradient":""},"mobile":{"background-color":"var(--ast-global-color-5)","background-image":"","background-repeat":"repeat","background-position":"center center","background-size":"auto","background-attachment":"scroll","background-type":"","background-media":"","overlay-type":"","overlay-color":"","overlay-opacity":"","overlay-gradient":""}},"footnotes":""},"class_list":["post-3254","page","type-page","status-publish","hentry"],"post_mailing_queue_ids":[],"_links":{"self":[{"href":"https:\/\/agora.xtec.cat\/ieslesmarines\/wp-json\/wp\/v2\/pages\/3254","targetHints":{"allow":["GET"]}}],"collection":[{"href":"https:\/\/agora.xtec.cat\/ieslesmarines\/wp-json\/wp\/v2\/pages"}],"about":[{"href":"https:\/\/agora.xtec.cat\/ieslesmarines\/wp-json\/wp\/v2\/types\/page"}],"author":[{"embeddable":true,"href":"https:\/\/agora.xtec.cat\/ieslesmarines\/wp-json\/wp\/v2\/users\/1"}],"replies":[{"embeddable":true,"href":"https:\/\/agora.xtec.cat\/ieslesmarines\/wp-json\/wp\/v2\/comments?post=3254"}],"version-history":[{"count":1,"href":"https:\/\/agora.xtec.cat\/ieslesmarines\/wp-json\/wp\/v2\/pages\/3254\/revisions"}],"predecessor-version":[{"id":3257,"href":"https:\/\/agora.xtec.cat\/ieslesmarines\/wp-json\/wp\/v2\/pages\/3254\/revisions\/3257"}],"wp:attachment":[{"href":"https:\/\/agora.xtec.cat\/ieslesmarines\/wp-json\/wp\/v2\/media?parent=3254"}],"curies":[{"name":"wp","href":"https:\/\/api.w.org\/{rel}","templated":true}]}}

<p><a href="https://photos.app.goo.gl/DzzMDcZCHax2zVB76" target="_blank" rel="noopener"><img loading="lazy" decoding="async" class="aligncenter wp-image-3256" src="https://agora.xtec.cat/ieslesmarines/wp-content/uploads/usu619/2023/04/4-300x300.png" alt="" width="500" height="500" srcset="https://agora.xtec.cat/ieslesmarines/wp-content/uploads/usu619/2023/04/4-300x300.png 300w, https://agora.xtec.cat/ieslesmarines/wp-content/uploads/usu619/2023/04/4-150x150.png 150w, https://agora.xtec.cat/ieslesmarines/wp-content/uploads/usu619/2023/04/4-768x768.png 768w, https://agora.xtec.cat/ieslesmarines/wp-content/uploads/usu619/2023/04/4.png 1000w" sizes="auto, (max-width: 500px) 100vw, 500px" /></a></p>
<p>Durant el segon trimestre, l&#8217;alumnat de 3r d&#8217;ESO va realitzar un projecte sobre els moviments migratoris dels anys 60 i 70 del s. XX dintre de l&#8217;estat espanyol, amb especial interés en l&#8217;impacte que aquests moviments van tenir sobre el municipi de Castelldefels. El projecte, coordinat pels departaments de Castellà, Anglès i Ciències Socials, va concloure amb la realització per part de l&#8217;alumnat d&#8217;un vídeo &#8211; documental en anglès. A continuació us oferim una mostra d&#8217;aquests vídeos, així com algunes fotografies de la sortida que tots els grups van realitzar al barri de Vistalegre en el marc d&#8217;aquest projecte. Finalment, ens agradaria donar les gràcies a totes les famílies que van participar en els vídeos amb els seus testimonis</p>

<p>Durant el segon trimestre, l&#8217;alumnat de 3r d&#8217;ESO va realitzar un projecte sobre els moviments migratoris dels anys 60 i 70 del s. XX dintre de l&#8217;estat espanyol, amb especial interés en l&#8217;impacte que aquests moviments van tenir sobre el municipi de Castelldefels. El projecte, coordinat pels departaments de Castellà, Anglès i Ciències Socials, va concloure [&hellip;]</p>
