{"id":3224,"date":"2023-03-29T22:38:30","date_gmt":"2023-03-29T20:38:30","guid":{"rendered":"https:\/\/agora.xtec.cat\/ieslesmarines\/?page_id=3224"},"modified":"2023-03-30T19:50:06","modified_gmt":"2023-03-30T17:50:06","slug":"colonies-rialp-2n-deso","status":"publish","type":"page","link":"https:\/\/agora.xtec.cat\/ieslesmarines\/colonies-rialp-2n-deso\/","title":{"rendered":"Col\u00f2nies Rialp &#8211; 2n d&#8217;ESO"},"content":{"rendered":"<p><a href=\"https:\/\/photos.app.goo.gl\/FJ2WSLKC7UC7gJycA\" target=\"_blank\" rel=\"noopener\"><img loading=\"lazy\" decoding=\"async\" class=\"aligncenter wp-image-3226\" src=\"https:\/\/agora.xtec.cat\/ieslesmarines\/wp-content\/uploads\/usu619\/2023\/03\/11-300x300.png\" alt=\"\" width=\"500\" height=\"500\" srcset=\"https:\/\/agora.xtec.cat\/ieslesmarines\/wp-content\/uploads\/usu619\/2023\/03\/11-300x300.png 300w, https:\/\/agora.xtec.cat\/ieslesmarines\/wp-content\/uploads\/usu619\/2023\/03\/11-150x150.png 150w, https:\/\/agora.xtec.cat\/ieslesmarines\/wp-content\/uploads\/usu619\/2023\/03\/11-768x768.png 768w, https:\/\/agora.xtec.cat\/ieslesmarines\/wp-content\/uploads\/usu619\/2023\/03\/11.png 1000w\" sizes=\"auto, (max-width: 500px) 100vw, 500px\" \/><\/a><\/p>\n<p>Dia 1<\/p>\n<p>Primer dia de col\u00f2nies de segon i hem comen\u00e7at amb molta energia! Avui ha tocat kaiac. \ud83d\udea3\ud83c\udffc\u200d\u2640\ud83d\udea3\ud83c\udffc\u200d\u2640 Una horeta al llac ben passada per aigua! Els nens i les nenes s&#8217;ho han passat d&#8217;all\u00f2 m\u00e9s b\u00e9. Dem\u00e0, caminada!\u00a0\ud83d\uddfb\ud83d\udcaa\ud83c\udffb<\/p>\n<p>Dia 2<\/p>\n<p>Segon dia completat, i amb molt d&#8217;\u00e8xit! 5 horetes de ruta pel Parc Nacional d&#8217;Aig\u00fcestortes i Estany de Sant Maurici en qu\u00e8 hem pogut gaudir d&#8217;unes vistes espectaculars amb una temperatura fant\u00e0stica! \u2600 I encara ens queda el r\u00e0fting\u00a0dem\u00e0!!\u00a0\ud83d\udef6\ud83d\udef6<\/p>\n<p>Dia 3<\/p>\n<p>I amb el r\u00e0fting donem per acabades aquestes col\u00f2nies amb 2n d&#8217;ESO al Pallars Sobir\u00e0. Un cop superada la lluita amb el neopr\u00e8, hem gaudit d&#8217;una baixada del riu divertid\u00edssima i ben passada per aigua! \ud83d\udea3\ud83c\udffc\u200d\u2640\ud83c\udf0a Podem confirmar que tenim un alumnat molt valent! \ud83d\udcaa\ud83c\udffb Ja veureu a les imatges que algun\/a que altre\/a docent ha patit m\u00e9s \ud83d\ude05 Ens\u00a0veiem\u00a0a\u00a0casa!<\/p>\n","protected":false},"excerpt":{"rendered":"<p>Dia 1 Primer dia de col\u00f2nies de segon i hem comen\u00e7at amb molta energia! Avui ha tocat kaiac. \ud83d\udea3\ud83c\udffc\u200d\u2640\ud83d\udea3\ud83c\udffc\u200d\u2640 Una horeta al llac ben passada per aigua! Els nens i les nenes s&#8217;ho han passat d&#8217;all\u00f2 m\u00e9s b\u00e9. Dem\u00e0, caminada!\u00a0\ud83d\uddfb\ud83d\udcaa\ud83c\udffb Dia 2 Segon dia completat, i amb molt d&#8217;\u00e8xit! 5 horetes de ruta pel Parc [&hellip;]<\/p>\n","protected":false},"author":1,"featured_media":0,"parent":0,"menu_order":0,"comment_status":"closed","ping_status":"closed","template":"","meta":{"_bbp_topic_count":0,"_bbp_reply_count":0,"_bbp_total_topic_count":0,"_bbp_total_reply_count":0,"_bbp_voice_count":0,"_bbp_anonymous_reply_count":0,"_bbp_topic_count_hidden":0,"_bbp_reply_count_hidden":0,"_bbp_forum_subforum_count":0,"site-sidebar-layout":"default","site-content-layout":"","ast-site-content-layout":"","site-content-style":"default","site-sidebar-style":"default","ast-global-header-display":"","ast-banner-title-visibility":"","ast-main-header-display":"","ast-hfb-above-header-display":"","ast-hfb-below-header-display":"","ast-hfb-mobile-header-display":"","site-post-title":"","ast-breadcrumbs-content":"","ast-featured-img":"","footer-sml-layout":"","theme-transparent-header-meta":"","adv-header-id-meta":"","stick-header-meta":"","header-above-stick-meta":"","header-main-stick-meta":"","header-below-stick-meta":"","astra-migrate-meta-layouts":"default","ast-page-background-enabled":"default","ast-page-background-meta":{"desktop":{"background-color":"var(--ast-global-color-4)","background-image":"","background-repeat":"repeat","background-position":"center center","background-size":"auto","background-attachment":"scroll","background-type":"","background-media":"","overlay-type":"","overlay-color":"","overlay-opacity":"","overlay-gradient":""},"tablet":{"background-color":"","background-image":"","background-repeat":"repeat","background-position":"center center","background-size":"auto","background-attachment":"scroll","background-type":"","background-media":"","overlay-type":"","overlay-color":"","overlay-opacity":"","overlay-gradient":""},"mobile":{"background-color":"","background-image":"","background-repeat":"repeat","background-position":"center center","background-size":"auto","background-attachment":"scroll","background-type":"","background-media":"","overlay-type":"","overlay-color":"","overlay-opacity":"","overlay-gradient":""}},"ast-content-background-meta":{"desktop":{"background-color":"var(--ast-global-color-5)","background-image":"","background-repeat":"repeat","background-position":"center center","background-size":"auto","background-attachment":"scroll","background-type":"","background-media":"","overlay-type":"","overlay-color":"","overlay-opacity":"","overlay-gradient":""},"tablet":{"background-color":"var(--ast-global-color-5)","background-image":"","background-repeat":"repeat","background-position":"center center","background-size":"auto","background-attachment":"scroll","background-type":"","background-media":"","overlay-type":"","overlay-color":"","overlay-opacity":"","overlay-gradient":""},"mobile":{"background-color":"var(--ast-global-color-5)","background-image":"","background-repeat":"repeat","background-position":"center center","background-size":"auto","background-attachment":"scroll","background-type":"","background-media":"","overlay-type":"","overlay-color":"","overlay-opacity":"","overlay-gradient":""}},"footnotes":""},"class_list":["post-3224","page","type-page","status-publish","hentry"],"post_mailing_queue_ids":[],"_links":{"self":[{"href":"https:\/\/agora.xtec.cat\/ieslesmarines\/wp-json\/wp\/v2\/pages\/3224","targetHints":{"allow":["GET"]}}],"collection":[{"href":"https:\/\/agora.xtec.cat\/ieslesmarines\/wp-json\/wp\/v2\/pages"}],"about":[{"href":"https:\/\/agora.xtec.cat\/ieslesmarines\/wp-json\/wp\/v2\/types\/page"}],"author":[{"embeddable":true,"href":"https:\/\/agora.xtec.cat\/ieslesmarines\/wp-json\/wp\/v2\/users\/1"}],"replies":[{"embeddable":true,"href":"https:\/\/agora.xtec.cat\/ieslesmarines\/wp-json\/wp\/v2\/comments?post=3224"}],"version-history":[{"count":2,"href":"https:\/\/agora.xtec.cat\/ieslesmarines\/wp-json\/wp\/v2\/pages\/3224\/revisions"}],"predecessor-version":[{"id":3233,"href":"https:\/\/agora.xtec.cat\/ieslesmarines\/wp-json\/wp\/v2\/pages\/3224\/revisions\/3233"}],"wp:attachment":[{"href":"https:\/\/agora.xtec.cat\/ieslesmarines\/wp-json\/wp\/v2\/media?parent=3224"}],"curies":[{"name":"wp","href":"https:\/\/api.w.org\/{rel}","templated":true}]}}

Colònies Rialp &#8211; 2n d&#8217;ESO

<p><a href="https://photos.app.goo.gl/FJ2WSLKC7UC7gJycA" target="_blank" rel="noopener"><img loading="lazy" decoding="async" class="aligncenter wp-image-3226" src="https://agora.xtec.cat/ieslesmarines/wp-content/uploads/usu619/2023/03/11-300x300.png" alt="" width="500" height="500" srcset="https://agora.xtec.cat/ieslesmarines/wp-content/uploads/usu619/2023/03/11-300x300.png 300w, https://agora.xtec.cat/ieslesmarines/wp-content/uploads/usu619/2023/03/11-150x150.png 150w, https://agora.xtec.cat/ieslesmarines/wp-content/uploads/usu619/2023/03/11-768x768.png 768w, https://agora.xtec.cat/ieslesmarines/wp-content/uploads/usu619/2023/03/11.png 1000w" sizes="auto, (max-width: 500px) 100vw, 500px" /></a></p>
<p>Dia 1</p>
<p>Primer dia de colònies de segon i hem començat amb molta energia! Avui ha tocat kaiac. 🚣🏼‍♀🚣🏼‍♀ Una horeta al llac ben passada per aigua! Els nens i les nenes s&#8217;ho han passat d&#8217;allò més bé. Demà, caminada! 🗻💪🏻</p>
<p>Dia 2</p>
<p>Segon dia completat, i amb molt d&#8217;èxit! 5 horetes de ruta pel Parc Nacional d&#8217;Aigüestortes i Estany de Sant Maurici en què hem pogut gaudir d&#8217;unes vistes espectaculars amb una temperatura fantàstica! ☀ I encara ens queda el ràfting demà!! 🛶🛶</p>
<p>Dia 3</p>
<p>I amb el ràfting donem per acabades aquestes colònies amb 2n d&#8217;ESO al Pallars Sobirà. Un cop superada la lluita amb el neoprè, hem gaudit d&#8217;una baixada del riu divertidíssima i ben passada per aigua! 🚣🏼‍♀🌊 Podem confirmar que tenim un alumnat molt valent! 💪🏻 Ja veureu a les imatges que algun/a que altre/a docent ha patit més 😅 Ens veiem a casa!</p>

<p>Dia 1 Primer dia de colònies de segon i hem començat amb molta energia! Avui ha tocat kaiac. 🚣🏼‍♀🚣🏼‍♀ Una horeta al llac ben passada per aigua! Els nens i les nenes s&#8217;ho han passat d&#8217;allò més bé. Demà, caminada! 🗻💪🏻 Dia 2 Segon dia completat, i amb molt d&#8217;èxit! 5 horetes de ruta pel Parc [&hellip;]</p>
