{"id":3183,"date":"2023-03-13T13:31:24","date_gmt":"2023-03-13T12:31:24","guid":{"rendered":"https:\/\/agora.xtec.cat\/ieslesmarines\/?page_id=3183"},"modified":"2026-01-29T14:29:14","modified_gmt":"2026-01-29T13:29:14","slug":"erasmus","status":"publish","type":"page","link":"https:\/\/agora.xtec.cat\/ieslesmarines\/erasmus\/","title":{"rendered":"Projecte Erasmus+"},"content":{"rendered":"<p>En el curs<strong> 24-25<\/strong>, part del professorat estem fent formacions Erasmus+, etwinning, reunions i, actualment, estem omplint un formulari de sol\u00b7licitud per accedir al programa de mobilitat Erasmus+ KA122-sch amb molta il\u00b7lusi\u00f3 perqu\u00e8 doni els seus fruits.<\/p>\n<p>Fins al curs <strong>23-24<\/strong>, vam participar al projecte Erasmus +. Amb les seg\u00fcents dades del projecte:<\/p>\n<p><b>Nom del projecte:\u00a0<\/b><\/p>\n<p><span style=\"font-weight: 400;\">El nostre consorci SECU s\u2019enmarca dins el projecte CETE + (consorci europeu de transformaci\u00f3 educativa) i est\u00e0 vinculat al Servei Comunitari del nostre alumnat.\u00a0<\/span><a href=\"https:\/\/projectes.xtec.cat\/cete\/categoria\/seco\/\"><img loading=\"lazy\" decoding=\"async\" class=\"size-thumbnail wp-image-3702 alignright\" src=\"https:\/\/agora.xtec.cat\/ieslesmarines\/wp-content\/uploads\/usu619\/2023\/11\/secu-150x150.png\" alt=\"\" width=\"150\" height=\"150\" \/><\/a><\/p>\n<h3><\/h3>\n<p><b>Programa:<\/b><\/p>\n<p><span style=\"font-weight: 400;\">El nostre projecte inclou la mobilitat de professorat acreditat pel programa Erasmus + <\/span><span style=\"font-weight: 400;\">(<\/span><span style=\"font-weight: 400;\">Accredited projects for mobility of learners and staff in school education).<\/span><\/p>\n<p><b>N\u00famero d&#8217;acreditaci\u00f3:<\/b><\/p>\n<p><span style=\"font-weight: 400;\">KA121-SCH-C5F9F08C<\/span><span style=\"font-weight: 400;\">\u00a0<\/span><\/p>\n<p><b>Persona de contacte:<\/b><\/p>\n<p><span style=\"font-weight: 400;\">Roser Farr\u00e9s Costafreda: <\/span><span style=\"font-weight: 400;\">rfarres@inslesmarines.net<\/span><\/p>\n<p><b>Llenguatge de comunicaci\u00f3:<\/b><\/p>\n<p><span style=\"font-weight: 400;\">Angl\u00e8s<\/span><\/p>\n<p><b>Realitzaci\u00f3 del projecte:<\/b><\/p>\n<p><a href=\"https:\/\/sites.google.com\/inslesmarines.net\/fem-erasmus\/novetats\" target=\"_blank\" rel=\"noopener\"><span style=\"font-weight: 400;\">Acc\u00e9s al web de FEM ERASMUS\u00a0<\/span><\/a><\/p>\n","protected":false},"excerpt":{"rendered":"<p>En el curs 24-25, part del professorat estem fent formacions Erasmus+, etwinning, reunions i, actualment, estem omplint un formulari de sol\u00b7licitud per accedir al programa de mobilitat Erasmus+ KA122-sch amb molta il\u00b7lusi\u00f3 perqu\u00e8 doni els seus fruits. Fins al curs 23-24, vam participar al projecte Erasmus +. Amb les seg\u00fcents dades del projecte: Nom del [&hellip;]<\/p>\n","protected":false},"author":1,"featured_media":0,"parent":0,"menu_order":0,"comment_status":"closed","ping_status":"closed","template":"","meta":{"_bbp_topic_count":0,"_bbp_reply_count":0,"_bbp_total_topic_count":0,"_bbp_total_reply_count":0,"_bbp_voice_count":0,"_bbp_anonymous_reply_count":0,"_bbp_topic_count_hidden":0,"_bbp_reply_count_hidden":0,"_bbp_forum_subforum_count":0,"site-sidebar-layout":"default","site-content-layout":"","ast-site-content-layout":"default","site-content-style":"default","site-sidebar-style":"default","ast-global-header-display":"","ast-banner-title-visibility":"","ast-main-header-display":"","ast-hfb-above-header-display":"","ast-hfb-below-header-display":"","ast-hfb-mobile-header-display":"","site-post-title":"","ast-breadcrumbs-content":"","ast-featured-img":"","footer-sml-layout":"","theme-transparent-header-meta":"","adv-header-id-meta":"","stick-header-meta":"","header-above-stick-meta":"","header-main-stick-meta":"","header-below-stick-meta":"","astra-migrate-meta-layouts":"set","ast-page-background-enabled":"default","ast-page-background-meta":{"desktop":{"background-color":"var(--ast-global-color-4)","background-image":"","background-repeat":"repeat","background-position":"center center","background-size":"auto","background-attachment":"scroll","background-type":"","background-media":"","overlay-type":"","overlay-color":"","overlay-opacity":"","overlay-gradient":""},"tablet":{"background-color":"","background-image":"","background-repeat":"repeat","background-position":"center center","background-size":"auto","background-attachment":"scroll","background-type":"","background-media":"","overlay-type":"","overlay-color":"","overlay-opacity":"","overlay-gradient":""},"mobile":{"background-color":"","background-image":"","background-repeat":"repeat","background-position":"center center","background-size":"auto","background-attachment":"scroll","background-type":"","background-media":"","overlay-type":"","overlay-color":"","overlay-opacity":"","overlay-gradient":""}},"ast-content-background-meta":{"desktop":{"background-color":"var(--ast-global-color-5)","background-image":"","background-repeat":"repeat","background-position":"center center","background-size":"auto","background-attachment":"scroll","background-type":"","background-media":"","overlay-type":"","overlay-color":"","overlay-opacity":"","overlay-gradient":""},"tablet":{"background-color":"var(--ast-global-color-5)","background-image":"","background-repeat":"repeat","background-position":"center center","background-size":"auto","background-attachment":"scroll","background-type":"","background-media":"","overlay-type":"","overlay-color":"","overlay-opacity":"","overlay-gradient":""},"mobile":{"background-color":"var(--ast-global-color-5)","background-image":"","background-repeat":"repeat","background-position":"center center","background-size":"auto","background-attachment":"scroll","background-type":"","background-media":"","overlay-type":"","overlay-color":"","overlay-opacity":"","overlay-gradient":""}},"footnotes":""},"class_list":["post-3183","page","type-page","status-publish","hentry"],"post_mailing_queue_ids":[],"_links":{"self":[{"href":"https:\/\/agora.xtec.cat\/ieslesmarines\/wp-json\/wp\/v2\/pages\/3183","targetHints":{"allow":["GET"]}}],"collection":[{"href":"https:\/\/agora.xtec.cat\/ieslesmarines\/wp-json\/wp\/v2\/pages"}],"about":[{"href":"https:\/\/agora.xtec.cat\/ieslesmarines\/wp-json\/wp\/v2\/types\/page"}],"author":[{"embeddable":true,"href":"https:\/\/agora.xtec.cat\/ieslesmarines\/wp-json\/wp\/v2\/users\/1"}],"replies":[{"embeddable":true,"href":"https:\/\/agora.xtec.cat\/ieslesmarines\/wp-json\/wp\/v2\/comments?post=3183"}],"version-history":[{"count":7,"href":"https:\/\/agora.xtec.cat\/ieslesmarines\/wp-json\/wp\/v2\/pages\/3183\/revisions"}],"predecessor-version":[{"id":6063,"href":"https:\/\/agora.xtec.cat\/ieslesmarines\/wp-json\/wp\/v2\/pages\/3183\/revisions\/6063"}],"wp:attachment":[{"href":"https:\/\/agora.xtec.cat\/ieslesmarines\/wp-json\/wp\/v2\/media?parent=3183"}],"curies":[{"name":"wp","href":"https:\/\/api.w.org\/{rel}","templated":true}]}}