{"id":3075,"date":"2023-02-11T15:07:30","date_gmt":"2023-02-11T14:07:30","guid":{"rendered":"https:\/\/agora.xtec.cat\/ieslesmarines\/?page_id=3075"},"modified":"2023-02-11T15:07:30","modified_gmt":"2023-02-11T14:07:30","slug":"fem-teatre-2n-deso","status":"publish","type":"page","link":"https:\/\/agora.xtec.cat\/ieslesmarines\/fem-teatre-2n-deso\/","title":{"rendered":"Fem Teatre &#8211; 2n d&#8217;ESO"},"content":{"rendered":"<p><a href=\"https:\/\/photos.app.goo.gl\/158xnJNHWAoQtRN38\" target=\"_blank\" rel=\"noopener\"><img loading=\"lazy\" decoding=\"async\" class=\"aligncenter wp-image-3077\" src=\"https:\/\/agora.xtec.cat\/ieslesmarines\/wp-content\/uploads\/usu619\/2023\/02\/2-300x300.png\" alt=\"\" width=\"500\" height=\"500\" srcset=\"https:\/\/agora.xtec.cat\/ieslesmarines\/wp-content\/uploads\/usu619\/2023\/02\/2-300x300.png 300w, https:\/\/agora.xtec.cat\/ieslesmarines\/wp-content\/uploads\/usu619\/2023\/02\/2-150x150.png 150w, https:\/\/agora.xtec.cat\/ieslesmarines\/wp-content\/uploads\/usu619\/2023\/02\/2-768x768.png 768w, https:\/\/agora.xtec.cat\/ieslesmarines\/wp-content\/uploads\/usu619\/2023\/02\/2.png 1000w\" sizes=\"auto, (max-width: 500px) 100vw, 500px\" \/><\/a><\/p>\n<p><b>FEM TEATRE<\/b><\/p>\n<p>&nbsp;<\/p>\n<p><span style=\"font-weight: 400;\">El passat dimarts dia 31 de gener l\u2019alumnat de 2n d\u2019ESO de l\u2019optativa Fem Teatre van representar l\u2019obra <\/span><i><span style=\"font-weight: 400;\">Male\u00efda poma<\/span><\/i><span style=\"font-weight: 400;\">, d\u2019Anna Ballester i adaptada per la professora Isabel Garc\u00eda.<\/span><\/p>\n<p><span style=\"font-weight: 400;\">Es va fer dos passes de representaci\u00f3 a la sala Margarida Xirgu de la Biblioteca Ram\u00f3n Fern\u00e1ndez Jurado. Vam tenir d&#8217;espectadors l\u2019alumnat de 1r ESO i les fam\u00edlies que es van poder apropar a la sala.<\/span><\/p>\n<p><span style=\"font-weight: 400;\">Hem gaudit durant tot un quadrimestre i hem treballat el treball en grup, la responsabilitat individual i el comprom\u00eds per la feina ben feta.<\/span><\/p>\n<p><span style=\"font-weight: 400;\">Enhorabona a tots i totes per la bona feina!!<\/span><\/p>\n<p>Clique a la imatge per a obrir <a href=\"https:\/\/photos.app.goo.gl\/158xnJNHWAoQtRN38\" target=\"_blank\" rel=\"noopener\">l&#8217;\u00e0lbum<\/a>.<\/p>\n","protected":false},"excerpt":{"rendered":"<p>FEM TEATRE &nbsp; El passat dimarts dia 31 de gener l\u2019alumnat de 2n d\u2019ESO de l\u2019optativa Fem Teatre van representar l\u2019obra Male\u00efda poma, d\u2019Anna Ballester i adaptada per la professora Isabel Garc\u00eda. Es va fer dos passes de representaci\u00f3 a la sala Margarida Xirgu de la Biblioteca Ram\u00f3n Fern\u00e1ndez Jurado. Vam tenir d&#8217;espectadors l\u2019alumnat de [&hellip;]<\/p>\n","protected":false},"author":1,"featured_media":0,"parent":0,"menu_order":0,"comment_status":"closed","ping_status":"closed","template":"","meta":{"_bbp_topic_count":0,"_bbp_reply_count":0,"_bbp_total_topic_count":0,"_bbp_total_reply_count":0,"_bbp_voice_count":0,"_bbp_anonymous_reply_count":0,"_bbp_topic_count_hidden":0,"_bbp_reply_count_hidden":0,"_bbp_forum_subforum_count":0,"site-sidebar-layout":"default","site-content-layout":"","ast-site-content-layout":"","site-content-style":"default","site-sidebar-style":"default","ast-global-header-display":"","ast-banner-title-visibility":"","ast-main-header-display":"","ast-hfb-above-header-display":"","ast-hfb-below-header-display":"","ast-hfb-mobile-header-display":"","site-post-title":"","ast-breadcrumbs-content":"","ast-featured-img":"","footer-sml-layout":"","theme-transparent-header-meta":"","adv-header-id-meta":"","stick-header-meta":"","header-above-stick-meta":"","header-main-stick-meta":"","header-below-stick-meta":"","astra-migrate-meta-layouts":"default","ast-page-background-enabled":"default","ast-page-background-meta":{"desktop":{"background-color":"var(--ast-global-color-4)","background-image":"","background-repeat":"repeat","background-position":"center center","background-size":"auto","background-attachment":"scroll","background-type":"","background-media":"","overlay-type":"","overlay-color":"","overlay-opacity":"","overlay-gradient":""},"tablet":{"background-color":"","background-image":"","background-repeat":"repeat","background-position":"center center","background-size":"auto","background-attachment":"scroll","background-type":"","background-media":"","overlay-type":"","overlay-color":"","overlay-opacity":"","overlay-gradient":""},"mobile":{"background-color":"","background-image":"","background-repeat":"repeat","background-position":"center center","background-size":"auto","background-attachment":"scroll","background-type":"","background-media":"","overlay-type":"","overlay-color":"","overlay-opacity":"","overlay-gradient":""}},"ast-content-background-meta":{"desktop":{"background-color":"var(--ast-global-color-5)","background-image":"","background-repeat":"repeat","background-position":"center center","background-size":"auto","background-attachment":"scroll","background-type":"","background-media":"","overlay-type":"","overlay-color":"","overlay-opacity":"","overlay-gradient":""},"tablet":{"background-color":"var(--ast-global-color-5)","background-image":"","background-repeat":"repeat","background-position":"center center","background-size":"auto","background-attachment":"scroll","background-type":"","background-media":"","overlay-type":"","overlay-color":"","overlay-opacity":"","overlay-gradient":""},"mobile":{"background-color":"var(--ast-global-color-5)","background-image":"","background-repeat":"repeat","background-position":"center center","background-size":"auto","background-attachment":"scroll","background-type":"","background-media":"","overlay-type":"","overlay-color":"","overlay-opacity":"","overlay-gradient":""}},"footnotes":""},"class_list":["post-3075","page","type-page","status-publish","hentry"],"post_mailing_queue_ids":[],"_links":{"self":[{"href":"https:\/\/agora.xtec.cat\/ieslesmarines\/wp-json\/wp\/v2\/pages\/3075","targetHints":{"allow":["GET"]}}],"collection":[{"href":"https:\/\/agora.xtec.cat\/ieslesmarines\/wp-json\/wp\/v2\/pages"}],"about":[{"href":"https:\/\/agora.xtec.cat\/ieslesmarines\/wp-json\/wp\/v2\/types\/page"}],"author":[{"embeddable":true,"href":"https:\/\/agora.xtec.cat\/ieslesmarines\/wp-json\/wp\/v2\/users\/1"}],"replies":[{"embeddable":true,"href":"https:\/\/agora.xtec.cat\/ieslesmarines\/wp-json\/wp\/v2\/comments?post=3075"}],"version-history":[{"count":1,"href":"https:\/\/agora.xtec.cat\/ieslesmarines\/wp-json\/wp\/v2\/pages\/3075\/revisions"}],"predecessor-version":[{"id":3078,"href":"https:\/\/agora.xtec.cat\/ieslesmarines\/wp-json\/wp\/v2\/pages\/3075\/revisions\/3078"}],"wp:attachment":[{"href":"https:\/\/agora.xtec.cat\/ieslesmarines\/wp-json\/wp\/v2\/media?parent=3075"}],"curies":[{"name":"wp","href":"https:\/\/api.w.org\/{rel}","templated":true}]}}

<p><a href="https://photos.app.goo.gl/158xnJNHWAoQtRN38" target="_blank" rel="noopener"><img loading="lazy" decoding="async" class="aligncenter wp-image-3077" src="https://agora.xtec.cat/ieslesmarines/wp-content/uploads/usu619/2023/02/2-300x300.png" alt="" width="500" height="500" srcset="https://agora.xtec.cat/ieslesmarines/wp-content/uploads/usu619/2023/02/2-300x300.png 300w, https://agora.xtec.cat/ieslesmarines/wp-content/uploads/usu619/2023/02/2-150x150.png 150w, https://agora.xtec.cat/ieslesmarines/wp-content/uploads/usu619/2023/02/2-768x768.png 768w, https://agora.xtec.cat/ieslesmarines/wp-content/uploads/usu619/2023/02/2.png 1000w" sizes="auto, (max-width: 500px) 100vw, 500px" /></a></p>
<p><b>FEM TEATRE</b></p>
<p>&nbsp;</p>
<p><span style="font-weight: 400;">El passat dimarts dia 31 de gener l’alumnat de 2n d’ESO de l’optativa Fem Teatre van representar l’obra </span><i><span style="font-weight: 400;">Maleïda poma</span></i><span style="font-weight: 400;">, d’Anna Ballester i adaptada per la professora Isabel García.</span></p>
<p><span style="font-weight: 400;">Es va fer dos passes de representació a la sala Margarida Xirgu de la Biblioteca Ramón Fernández Jurado. Vam tenir d&#8217;espectadors l’alumnat de 1r ESO i les famílies que es van poder apropar a la sala.</span></p>
<p><span style="font-weight: 400;">Hem gaudit durant tot un quadrimestre i hem treballat el treball en grup, la responsabilitat individual i el compromís per la feina ben feta.</span></p>
<p><span style="font-weight: 400;">Enhorabona a tots i totes per la bona feina!!</span></p>
<p>Clique a la imatge per a obrir <a href="https://photos.app.goo.gl/158xnJNHWAoQtRN38" target="_blank" rel="noopener">l&#8217;àlbum</a>.</p>

<p>FEM TEATRE &nbsp; El passat dimarts dia 31 de gener l’alumnat de 2n d’ESO de l’optativa Fem Teatre van representar l’obra Maleïda poma, d’Anna Ballester i adaptada per la professora Isabel García. Es va fer dos passes de representació a la sala Margarida Xirgu de la Biblioteca Ramón Fernández Jurado. Vam tenir d&#8217;espectadors l’alumnat de [&hellip;]</p>
