{"id":3031,"date":"2023-01-22T18:25:04","date_gmt":"2023-01-22T17:25:04","guid":{"rendered":"https:\/\/agora.xtec.cat\/ieslesmarines\/?page_id=3031"},"modified":"2023-01-22T18:25:04","modified_gmt":"2023-01-22T17:25:04","slug":"jornades-orientacio","status":"publish","type":"page","link":"https:\/\/agora.xtec.cat\/ieslesmarines\/jornades-orientacio\/","title":{"rendered":"Jornades Orientaci\u00f3"},"content":{"rendered":"<p><a href=\"https:\/\/agora.xtec.cat\/ieslesmarines\/wp-content\/uploads\/usu619\/2023\/01\/Orientacio-cartell-6-febrer-ESTRAT-FER-TRIA.png\"><img loading=\"lazy\" decoding=\"async\" class=\"aligncenter wp-image-3032 size-large\" src=\"https:\/\/agora.xtec.cat\/ieslesmarines\/wp-content\/uploads\/usu619\/2023\/01\/Orientacio-cartell-6-febrer-ESTRAT-FER-TRIA-724x1024.png\" alt=\"\" width=\"724\" height=\"1024\" srcset=\"https:\/\/agora.xtec.cat\/ieslesmarines\/wp-content\/uploads\/usu619\/2023\/01\/Orientacio-cartell-6-febrer-ESTRAT-FER-TRIA-724x1024.png 724w, https:\/\/agora.xtec.cat\/ieslesmarines\/wp-content\/uploads\/usu619\/2023\/01\/Orientacio-cartell-6-febrer-ESTRAT-FER-TRIA-212x300.png 212w, https:\/\/agora.xtec.cat\/ieslesmarines\/wp-content\/uploads\/usu619\/2023\/01\/Orientacio-cartell-6-febrer-ESTRAT-FER-TRIA-768x1086.png 768w, https:\/\/agora.xtec.cat\/ieslesmarines\/wp-content\/uploads\/usu619\/2023\/01\/Orientacio-cartell-6-febrer-ESTRAT-FER-TRIA-1086x1536.png 1086w, https:\/\/agora.xtec.cat\/ieslesmarines\/wp-content\/uploads\/usu619\/2023\/01\/Orientacio-cartell-6-febrer-ESTRAT-FER-TRIA-1448x2048.png 1448w\" sizes=\"auto, (max-width: 724px) 100vw, 724px\" \/><\/a><\/p>\n<p style=\"font-weight: 400;\">Benvolguts i benvolgudes,<\/p>\n<p style=\"font-weight: 400;\">\nUs\u00a0convidem el\u00a0pr\u00f2xim 6\u00a0de febrer a les\u00a017.30\u202fh\u00a0a la biblioteca Ramon\u00a0Fern\u00e0ndez\u00a0Jurado a l&#8217;acte d&#8217;inici de les VIII Jornades d&#8217;Orientaci\u00f3 Educativa on es desenvolupar\u00e0 la xerrada: &#8220;Estrat\u00e8gies per fer la tria. Com ajudar els alumnes, fills\/es a triar el seu itinerari educatiu&#8221;, per a professionals i fam\u00edlies. A c\u00e0rrec de\u00a0Fran\u00a0Rojas.<\/p>\n<p style=\"font-weight: 400;\">\nAprofitem per informar-vos de les diferents activitats programades per les fam\u00edlies.<\/p>\n<p style=\"font-weight: 400;\">\n<table style=\"font-weight: 400;\">\n<tbody>\n<tr>\n<td colspan=\"4\" width=\"824\"><strong>ESPAIS DE DEBAT I REFLEXI\u00d3 PER I AMB LES FAM\u00cdLIES<\/strong><\/td>\n<\/tr>\n<tr>\n<td width=\"432\"><strong>ACTIVIAT<\/strong><\/td>\n<td width=\"152\"><strong>DATA<\/strong><\/td>\n<td width=\"76\"><strong>HORARI<\/strong><\/td>\n<td width=\"164\"><strong>A C\u00c0RREC<\/strong><\/td>\n<\/tr>\n<tr>\n<td width=\"432\">Estrat\u00e8gies per fer la tria<\/td>\n<td width=\"152\">06\/02\/2023<\/td>\n<td width=\"76\">17.30h<\/td>\n<td width=\"164\">Fran Rojas<\/td>\n<\/tr>\n<tr>\n<td width=\"432\">Cicles formatius de formaci\u00f3 professional<\/td>\n<td width=\"152\">07\/03\/2023<\/td>\n<td width=\"76\">18 h<\/td>\n<td width=\"164\">Inst. Mediterr\u00e0nia<\/td>\n<\/tr>\n<tr>\n<td width=\"432\">Quins itineraris educatius hi ha despr\u00e9s de l&#8217;ESO<\/td>\n<td width=\"152\">21\/03\/2023<\/td>\n<td width=\"76\">17.30h<\/td>\n<td width=\"164\">SLTET<\/td>\n<\/tr>\n<tr>\n<td width=\"432\">Acompanyar els fills i filles en els estudis, educar la motivaci\u00f3 i l&#8217;esfor\u00e7<\/td>\n<td width=\"152\">21 i 28 \/03\/2023<\/td>\n<td width=\"76\">18 h<\/td>\n<td width=\"164\">Albert Lacruz<\/td>\n<\/tr>\n<tr>\n<td width=\"432\">La dificultat d&#8217;acompanyar els adolescents. Eines per ajudar els fills i filles a cr\u00e9ixer.<\/td>\n<td width=\"152\">a determinar<\/td>\n<td width=\"76\">18 h<\/td>\n<td width=\"164\">a determinar<\/td>\n<\/tr>\n<\/tbody>\n<\/table>\n","protected":false},"excerpt":{"rendered":"<p>Benvolguts i benvolgudes, Us\u00a0convidem el\u00a0pr\u00f2xim 6\u00a0de febrer a les\u00a017.30\u202fh\u00a0a la biblioteca Ramon\u00a0Fern\u00e0ndez\u00a0Jurado a l&#8217;acte d&#8217;inici de les VIII Jornades d&#8217;Orientaci\u00f3 Educativa on es desenvolupar\u00e0 la xerrada: &#8220;Estrat\u00e8gies per fer la tria. Com ajudar els alumnes, fills\/es a triar el seu itinerari educatiu&#8221;, per a professionals i fam\u00edlies. A c\u00e0rrec de\u00a0Fran\u00a0Rojas. Aprofitem per informar-vos de les [&hellip;]<\/p>\n","protected":false},"author":1,"featured_media":0,"parent":0,"menu_order":0,"comment_status":"closed","ping_status":"closed","template":"","meta":{"_bbp_topic_count":0,"_bbp_reply_count":0,"_bbp_total_topic_count":0,"_bbp_total_reply_count":0,"_bbp_voice_count":0,"_bbp_anonymous_reply_count":0,"_bbp_topic_count_hidden":0,"_bbp_reply_count_hidden":0,"_bbp_forum_subforum_count":0,"site-sidebar-layout":"default","site-content-layout":"","ast-site-content-layout":"","site-content-style":"default","site-sidebar-style":"default","ast-global-header-display":"","ast-banner-title-visibility":"","ast-main-header-display":"","ast-hfb-above-header-display":"","ast-hfb-below-header-display":"","ast-hfb-mobile-header-display":"","site-post-title":"","ast-breadcrumbs-content":"","ast-featured-img":"","footer-sml-layout":"","theme-transparent-header-meta":"","adv-header-id-meta":"","stick-header-meta":"","header-above-stick-meta":"","header-main-stick-meta":"","header-below-stick-meta":"","astra-migrate-meta-layouts":"default","ast-page-background-enabled":"default","ast-page-background-meta":{"desktop":{"background-color":"var(--ast-global-color-4)","background-image":"","background-repeat":"repeat","background-position":"center center","background-size":"auto","background-attachment":"scroll","background-type":"","background-media":"","overlay-type":"","overlay-color":"","overlay-opacity":"","overlay-gradient":""},"tablet":{"background-color":"","background-image":"","background-repeat":"repeat","background-position":"center center","background-size":"auto","background-attachment":"scroll","background-type":"","background-media":"","overlay-type":"","overlay-color":"","overlay-opacity":"","overlay-gradient":""},"mobile":{"background-color":"","background-image":"","background-repeat":"repeat","background-position":"center center","background-size":"auto","background-attachment":"scroll","background-type":"","background-media":"","overlay-type":"","overlay-color":"","overlay-opacity":"","overlay-gradient":""}},"ast-content-background-meta":{"desktop":{"background-color":"var(--ast-global-color-5)","background-image":"","background-repeat":"repeat","background-position":"center center","background-size":"auto","background-attachment":"scroll","background-type":"","background-media":"","overlay-type":"","overlay-color":"","overlay-opacity":"","overlay-gradient":""},"tablet":{"background-color":"var(--ast-global-color-5)","background-image":"","background-repeat":"repeat","background-position":"center center","background-size":"auto","background-attachment":"scroll","background-type":"","background-media":"","overlay-type":"","overlay-color":"","overlay-opacity":"","overlay-gradient":""},"mobile":{"background-color":"var(--ast-global-color-5)","background-image":"","background-repeat":"repeat","background-position":"center center","background-size":"auto","background-attachment":"scroll","background-type":"","background-media":"","overlay-type":"","overlay-color":"","overlay-opacity":"","overlay-gradient":""}},"footnotes":""},"class_list":["post-3031","page","type-page","status-publish","hentry"],"post_mailing_queue_ids":[],"_links":{"self":[{"href":"https:\/\/agora.xtec.cat\/ieslesmarines\/wp-json\/wp\/v2\/pages\/3031","targetHints":{"allow":["GET"]}}],"collection":[{"href":"https:\/\/agora.xtec.cat\/ieslesmarines\/wp-json\/wp\/v2\/pages"}],"about":[{"href":"https:\/\/agora.xtec.cat\/ieslesmarines\/wp-json\/wp\/v2\/types\/page"}],"author":[{"embeddable":true,"href":"https:\/\/agora.xtec.cat\/ieslesmarines\/wp-json\/wp\/v2\/users\/1"}],"replies":[{"embeddable":true,"href":"https:\/\/agora.xtec.cat\/ieslesmarines\/wp-json\/wp\/v2\/comments?post=3031"}],"version-history":[{"count":1,"href":"https:\/\/agora.xtec.cat\/ieslesmarines\/wp-json\/wp\/v2\/pages\/3031\/revisions"}],"predecessor-version":[{"id":3033,"href":"https:\/\/agora.xtec.cat\/ieslesmarines\/wp-json\/wp\/v2\/pages\/3031\/revisions\/3033"}],"wp:attachment":[{"href":"https:\/\/agora.xtec.cat\/ieslesmarines\/wp-json\/wp\/v2\/media?parent=3031"}],"curies":[{"name":"wp","href":"https:\/\/api.w.org\/{rel}","templated":true}]}}

Jornades Orientació

<p><a href="https://agora.xtec.cat/ieslesmarines/wp-content/uploads/usu619/2023/01/Orientacio-cartell-6-febrer-ESTRAT-FER-TRIA.png"><img loading="lazy" decoding="async" class="aligncenter wp-image-3032 size-large" src="https://agora.xtec.cat/ieslesmarines/wp-content/uploads/usu619/2023/01/Orientacio-cartell-6-febrer-ESTRAT-FER-TRIA-724x1024.png" alt="" width="724" height="1024" srcset="https://agora.xtec.cat/ieslesmarines/wp-content/uploads/usu619/2023/01/Orientacio-cartell-6-febrer-ESTRAT-FER-TRIA-724x1024.png 724w, https://agora.xtec.cat/ieslesmarines/wp-content/uploads/usu619/2023/01/Orientacio-cartell-6-febrer-ESTRAT-FER-TRIA-212x300.png 212w, https://agora.xtec.cat/ieslesmarines/wp-content/uploads/usu619/2023/01/Orientacio-cartell-6-febrer-ESTRAT-FER-TRIA-768x1086.png 768w, https://agora.xtec.cat/ieslesmarines/wp-content/uploads/usu619/2023/01/Orientacio-cartell-6-febrer-ESTRAT-FER-TRIA-1086x1536.png 1086w, https://agora.xtec.cat/ieslesmarines/wp-content/uploads/usu619/2023/01/Orientacio-cartell-6-febrer-ESTRAT-FER-TRIA-1448x2048.png 1448w" sizes="auto, (max-width: 724px) 100vw, 724px" /></a></p>
<p style="font-weight: 400;">Benvolguts i benvolgudes,</p>
<p style="font-weight: 400;">
Us convidem el pròxim 6 de febrer a les 17.30 h a la biblioteca Ramon Fernàndez Jurado a l&#8217;acte d&#8217;inici de les VIII Jornades d&#8217;Orientació Educativa on es desenvoluparà la xerrada: &#8220;Estratègies per fer la tria. Com ajudar els alumnes, fills/es a triar el seu itinerari educatiu&#8221;, per a professionals i famílies. A càrrec de Fran Rojas.</p>
<p style="font-weight: 400;">
Aprofitem per informar-vos de les diferents activitats programades per les famílies.</p>
<p style="font-weight: 400;">
<table style="font-weight: 400;">
<tbody>
<tr>
<td colspan="4" width="824"><strong>ESPAIS DE DEBAT I REFLEXIÓ PER I AMB LES FAMÍLIES</strong></td>
</tr>
<tr>
<td width="432"><strong>ACTIVIAT</strong></td>
<td width="152"><strong>DATA</strong></td>
<td width="76"><strong>HORARI</strong></td>
<td width="164"><strong>A CÀRREC</strong></td>
</tr>
<tr>
<td width="432">Estratègies per fer la tria</td>
<td width="152">06/02/2023</td>
<td width="76">17.30h</td>
<td width="164">Fran Rojas</td>
</tr>
<tr>
<td width="432">Cicles formatius de formació professional</td>
<td width="152">07/03/2023</td>
<td width="76">18 h</td>
<td width="164">Inst. Mediterrània</td>
</tr>
<tr>
<td width="432">Quins itineraris educatius hi ha després de l&#8217;ESO</td>
<td width="152">21/03/2023</td>
<td width="76">17.30h</td>
<td width="164">SLTET</td>
</tr>
<tr>
<td width="432">Acompanyar els fills i filles en els estudis, educar la motivació i l&#8217;esforç</td>
<td width="152">21 i 28 /03/2023</td>
<td width="76">18 h</td>
<td width="164">Albert Lacruz</td>
</tr>
<tr>
<td width="432">La dificultat d&#8217;acompanyar els adolescents. Eines per ajudar els fills i filles a créixer.</td>
<td width="152">a determinar</td>
<td width="76">18 h</td>
<td width="164">a determinar</td>
</tr>
</tbody>
</table>

<p>Benvolguts i benvolgudes, Us convidem el pròxim 6 de febrer a les 17.30 h a la biblioteca Ramon Fernàndez Jurado a l&#8217;acte d&#8217;inici de les VIII Jornades d&#8217;Orientació Educativa on es desenvoluparà la xerrada: &#8220;Estratègies per fer la tria. Com ajudar els alumnes, fills/es a triar el seu itinerari educatiu&#8221;, per a professionals i famílies. A càrrec de Fran Rojas. Aprofitem per informar-vos de les [&hellip;]</p>
