{"id":2882,"date":"2022-11-02T21:13:36","date_gmt":"2022-11-02T20:13:36","guid":{"rendered":"https:\/\/agora.xtec.cat\/ieslesmarines\/?page_id=2882"},"modified":"2022-11-02T21:13:36","modified_gmt":"2022-11-02T20:13:36","slug":"projecte-faig","status":"publish","type":"page","link":"https:\/\/agora.xtec.cat\/ieslesmarines\/projecte-faig\/","title":{"rendered":"Projecte FAIG"},"content":{"rendered":"<p><span style=\"font-weight: 400;\">Estem molt contentes de fer p\u00fablica la nostra participaci\u00f3 al Projecte d\u2019Innovaci\u00f3 Educativa, Programa FAIG, de la m\u00e0 del CESIRE.\u00a0<\/span><\/p>\n<p style=\"padding-left: 40px;\">\n<p><span style=\"font-weight: 400;\">El passat dijous 27 d\u2019octubre, al MNACTEC de Terrassa, es va fer la presentaci\u00f3 oficial del projecte en el que Les Marines hi participa com un dels 35 centres pilot.\u00a0<\/span><\/p>\n<p><span style=\"font-weight: 400;\">Us deixem el v\u00eddeo de la presentaci\u00f3!!\u00a0<\/span><\/p>\n<p><a href=\"https:\/\/youtu.be\/3Jv36LoF-7s\" target=\"_blank\" rel=\"noopener\"><span style=\"font-weight: 400;\">https:\/\/youtu.be\/3Jv36LoF-7s<\/span><\/a><\/p>\n<p>&nbsp;<\/p>\n<p><span style=\"font-weight: 400;\">Serem un centre referent Faig i en aquest cam\u00ed aprofundirem en el treball per projectes globalitzat i transversal. Reflexionarem i treballarem per introduir noves l\u00ednies pedag\u00f2giques i consolidar les que ens identifiquen.\u00a0 \u00c9s una gran oportunitat per aprendre,\u00a0 per apropar la tecnologia i la metodologia STEAM a la nostra comunitat educativa.<\/span><\/p>\n<p style=\"padding-left: 40px;\">\n<p><span style=\"font-weight: 400;\">Per\u00f2 com diu el projecte, \u201cNo va de m\u00e0quines, va de persones\u201d. I en all\u00f2 ens identifiquem.\u00a0<\/span><\/p>\n<p style=\"padding-left: 40px;\">\n<p><span style=\"font-weight: 400;\">Com a institut que sempre ha posat les persones en el centre, l\u2019acompanyament, l\u2019entesa, la humanitat\u2026 ens sentim orgullosos de formar-ne part! I il\u00b7lusionades per l\u2019aventura comen\u00e7ada!<\/span><\/p>\n<p><a href=\"https:\/\/agora.xtec.cat\/ieslesmarines\/wp-content\/uploads\/usu619\/2022\/11\/image2.jpg\"><img loading=\"lazy\" decoding=\"async\" class=\"aligncenter wp-image-2885 size-medium\" src=\"https:\/\/agora.xtec.cat\/ieslesmarines\/wp-content\/uploads\/usu619\/2022\/11\/image2-300x225.jpg\" alt=\"\" width=\"300\" height=\"225\" srcset=\"https:\/\/agora.xtec.cat\/ieslesmarines\/wp-content\/uploads\/usu619\/2022\/11\/image2-300x225.jpg 300w, https:\/\/agora.xtec.cat\/ieslesmarines\/wp-content\/uploads\/usu619\/2022\/11\/image2-200x150.jpg 200w, https:\/\/agora.xtec.cat\/ieslesmarines\/wp-content\/uploads\/usu619\/2022\/11\/image2.jpg 680w\" sizes=\"auto, (max-width: 300px) 100vw, 300px\" \/><\/a><\/p>\n<p><a href=\"https:\/\/agora.xtec.cat\/ieslesmarines\/wp-content\/uploads\/usu619\/2022\/11\/image1.jpg\"><img loading=\"lazy\" decoding=\"async\" class=\"aligncenter wp-image-2884 size-medium\" src=\"https:\/\/agora.xtec.cat\/ieslesmarines\/wp-content\/uploads\/usu619\/2022\/11\/image1-225x300.jpg\" alt=\"\" width=\"225\" height=\"300\" srcset=\"https:\/\/agora.xtec.cat\/ieslesmarines\/wp-content\/uploads\/usu619\/2022\/11\/image1-225x300.jpg 225w, https:\/\/agora.xtec.cat\/ieslesmarines\/wp-content\/uploads\/usu619\/2022\/11\/image1-766x1024.jpg 766w, https:\/\/agora.xtec.cat\/ieslesmarines\/wp-content\/uploads\/usu619\/2022\/11\/image1-768x1026.jpg 768w, https:\/\/agora.xtec.cat\/ieslesmarines\/wp-content\/uploads\/usu619\/2022\/11\/image1-1150x1536.jpg 1150w, https:\/\/agora.xtec.cat\/ieslesmarines\/wp-content\/uploads\/usu619\/2022\/11\/image1.jpg 1496w\" sizes=\"auto, (max-width: 225px) 100vw, 225px\" \/><\/a><\/p>\n","protected":false},"excerpt":{"rendered":"<p>Estem molt contentes de fer p\u00fablica la nostra participaci\u00f3 al Projecte d\u2019Innovaci\u00f3 Educativa, Programa FAIG, de la m\u00e0 del CESIRE.\u00a0 El passat dijous 27 d\u2019octubre, al MNACTEC de Terrassa, es va fer la presentaci\u00f3 oficial del projecte en el que Les Marines hi participa com un dels 35 centres pilot.\u00a0 Us deixem el v\u00eddeo de [&hellip;]<\/p>\n","protected":false},"author":1,"featured_media":0,"parent":0,"menu_order":0,"comment_status":"closed","ping_status":"closed","template":"","meta":{"_bbp_topic_count":0,"_bbp_reply_count":0,"_bbp_total_topic_count":0,"_bbp_total_reply_count":0,"_bbp_voice_count":0,"_bbp_anonymous_reply_count":0,"_bbp_topic_count_hidden":0,"_bbp_reply_count_hidden":0,"_bbp_forum_subforum_count":0,"site-sidebar-layout":"default","site-content-layout":"","ast-site-content-layout":"","site-content-style":"default","site-sidebar-style":"default","ast-global-header-display":"","ast-banner-title-visibility":"","ast-main-header-display":"","ast-hfb-above-header-display":"","ast-hfb-below-header-display":"","ast-hfb-mobile-header-display":"","site-post-title":"","ast-breadcrumbs-content":"","ast-featured-img":"","footer-sml-layout":"","theme-transparent-header-meta":"","adv-header-id-meta":"","stick-header-meta":"","header-above-stick-meta":"","header-main-stick-meta":"","header-below-stick-meta":"","astra-migrate-meta-layouts":"default","ast-page-background-enabled":"default","ast-page-background-meta":{"desktop":{"background-color":"var(--ast-global-color-4)","background-image":"","background-repeat":"repeat","background-position":"center center","background-size":"auto","background-attachment":"scroll","background-type":"","background-media":"","overlay-type":"","overlay-color":"","overlay-opacity":"","overlay-gradient":""},"tablet":{"background-color":"","background-image":"","background-repeat":"repeat","background-position":"center center","background-size":"auto","background-attachment":"scroll","background-type":"","background-media":"","overlay-type":"","overlay-color":"","overlay-opacity":"","overlay-gradient":""},"mobile":{"background-color":"","background-image":"","background-repeat":"repeat","background-position":"center center","background-size":"auto","background-attachment":"scroll","background-type":"","background-media":"","overlay-type":"","overlay-color":"","overlay-opacity":"","overlay-gradient":""}},"ast-content-background-meta":{"desktop":{"background-color":"var(--ast-global-color-5)","background-image":"","background-repeat":"repeat","background-position":"center center","background-size":"auto","background-attachment":"scroll","background-type":"","background-media":"","overlay-type":"","overlay-color":"","overlay-opacity":"","overlay-gradient":""},"tablet":{"background-color":"var(--ast-global-color-5)","background-image":"","background-repeat":"repeat","background-position":"center center","background-size":"auto","background-attachment":"scroll","background-type":"","background-media":"","overlay-type":"","overlay-color":"","overlay-opacity":"","overlay-gradient":""},"mobile":{"background-color":"var(--ast-global-color-5)","background-image":"","background-repeat":"repeat","background-position":"center center","background-size":"auto","background-attachment":"scroll","background-type":"","background-media":"","overlay-type":"","overlay-color":"","overlay-opacity":"","overlay-gradient":""}},"footnotes":""},"class_list":["post-2882","page","type-page","status-publish","hentry"],"post_mailing_queue_ids":[],"_links":{"self":[{"href":"https:\/\/agora.xtec.cat\/ieslesmarines\/wp-json\/wp\/v2\/pages\/2882","targetHints":{"allow":["GET"]}}],"collection":[{"href":"https:\/\/agora.xtec.cat\/ieslesmarines\/wp-json\/wp\/v2\/pages"}],"about":[{"href":"https:\/\/agora.xtec.cat\/ieslesmarines\/wp-json\/wp\/v2\/types\/page"}],"author":[{"embeddable":true,"href":"https:\/\/agora.xtec.cat\/ieslesmarines\/wp-json\/wp\/v2\/users\/1"}],"replies":[{"embeddable":true,"href":"https:\/\/agora.xtec.cat\/ieslesmarines\/wp-json\/wp\/v2\/comments?post=2882"}],"version-history":[{"count":1,"href":"https:\/\/agora.xtec.cat\/ieslesmarines\/wp-json\/wp\/v2\/pages\/2882\/revisions"}],"predecessor-version":[{"id":2886,"href":"https:\/\/agora.xtec.cat\/ieslesmarines\/wp-json\/wp\/v2\/pages\/2882\/revisions\/2886"}],"wp:attachment":[{"href":"https:\/\/agora.xtec.cat\/ieslesmarines\/wp-json\/wp\/v2\/media?parent=2882"}],"curies":[{"name":"wp","href":"https:\/\/api.w.org\/{rel}","templated":true}]}}

<p><span style="font-weight: 400;">Estem molt contentes de fer pública la nostra participació al Projecte d’Innovació Educativa, Programa FAIG, de la mà del CESIRE. </span></p>
<p style="padding-left: 40px;">
<p><span style="font-weight: 400;">El passat dijous 27 d’octubre, al MNACTEC de Terrassa, es va fer la presentació oficial del projecte en el que Les Marines hi participa com un dels 35 centres pilot. </span></p>
<p><span style="font-weight: 400;">Us deixem el vídeo de la presentació!! </span></p>
<p><a href="https://youtu.be/3Jv36LoF-7s" target="_blank" rel="noopener"><span style="font-weight: 400;">https://youtu.be/3Jv36LoF-7s</span></a></p>
<p>&nbsp;</p>
<p><span style="font-weight: 400;">Serem un centre referent Faig i en aquest camí aprofundirem en el treball per projectes globalitzat i transversal. Reflexionarem i treballarem per introduir noves línies pedagògiques i consolidar les que ens identifiquen.  És una gran oportunitat per aprendre,  per apropar la tecnologia i la metodologia STEAM a la nostra comunitat educativa.</span></p>
<p style="padding-left: 40px;">
<p><span style="font-weight: 400;">Però com diu el projecte, “No va de màquines, va de persones”. I en allò ens identifiquem. </span></p>
<p style="padding-left: 40px;">
<p><span style="font-weight: 400;">Com a institut que sempre ha posat les persones en el centre, l’acompanyament, l’entesa, la humanitat… ens sentim orgullosos de formar-ne part! I il·lusionades per l’aventura començada!</span></p>
<p><a href="https://agora.xtec.cat/ieslesmarines/wp-content/uploads/usu619/2022/11/image2.jpg"><img loading="lazy" decoding="async" class="aligncenter wp-image-2885 size-medium" src="https://agora.xtec.cat/ieslesmarines/wp-content/uploads/usu619/2022/11/image2-300x225.jpg" alt="" width="300" height="225" srcset="https://agora.xtec.cat/ieslesmarines/wp-content/uploads/usu619/2022/11/image2-300x225.jpg 300w, https://agora.xtec.cat/ieslesmarines/wp-content/uploads/usu619/2022/11/image2-200x150.jpg 200w, https://agora.xtec.cat/ieslesmarines/wp-content/uploads/usu619/2022/11/image2.jpg 680w" sizes="auto, (max-width: 300px) 100vw, 300px" /></a></p>
<p><a href="https://agora.xtec.cat/ieslesmarines/wp-content/uploads/usu619/2022/11/image1.jpg"><img loading="lazy" decoding="async" class="aligncenter wp-image-2884 size-medium" src="https://agora.xtec.cat/ieslesmarines/wp-content/uploads/usu619/2022/11/image1-225x300.jpg" alt="" width="225" height="300" srcset="https://agora.xtec.cat/ieslesmarines/wp-content/uploads/usu619/2022/11/image1-225x300.jpg 225w, https://agora.xtec.cat/ieslesmarines/wp-content/uploads/usu619/2022/11/image1-766x1024.jpg 766w, https://agora.xtec.cat/ieslesmarines/wp-content/uploads/usu619/2022/11/image1-768x1026.jpg 768w, https://agora.xtec.cat/ieslesmarines/wp-content/uploads/usu619/2022/11/image1-1150x1536.jpg 1150w, https://agora.xtec.cat/ieslesmarines/wp-content/uploads/usu619/2022/11/image1.jpg 1496w" sizes="auto, (max-width: 225px) 100vw, 225px" /></a></p>

<p>Estem molt contentes de fer pública la nostra participació al Projecte d’Innovació Educativa, Programa FAIG, de la mà del CESIRE.  El passat dijous 27 d’octubre, al MNACTEC de Terrassa, es va fer la presentació oficial del projecte en el que Les Marines hi participa com un dels 35 centres pilot.  Us deixem el vídeo de [&hellip;]</p>
