{"id":2717,"date":"2022-06-02T15:43:44","date_gmt":"2022-06-02T13:43:44","guid":{"rendered":"https:\/\/agora.xtec.cat\/ieslesmarines\/?page_id=2717"},"modified":"2022-06-09T17:19:39","modified_gmt":"2022-06-09T15:19:39","slug":"fem-marines-fem-platja-viva","status":"publish","type":"page","link":"https:\/\/agora.xtec.cat\/ieslesmarines\/fem-marines-fem-platja-viva\/","title":{"rendered":"Fem Marines! Fem platja viva!"},"content":{"rendered":"<div><\/div>\n<p>El proper dissabte 11 de juny a partir de les 10:00 h del mat\u00ed, celebrarem una jornada mediambiental a l&#8217;al\u00e7ada del banc gegant del Passeig Mar\u00edtim de Castelldefels (cliqueu <a href=\"https:\/\/www.google.com\/maps\/place\/Banc+gegantesc\/@41.2650058,1.9805462,15z\/data=!4m5!3m4!1s0x0:0x199935ecb94be4fb!8m2!3d41.2650058!4d1.9805462\" target=\"_blank\" rel=\"noopener\">aqu\u00ed<\/a> per veure ubicaci\u00f3 exacta).<\/p>\n<p>Durant aquesta jornada mediambiental, farem neteja d&#8217;un tram de la platja, un escape room sobre la biodiversitat marina i un itinerari de descoberta de la biodiversitat de les dunes. Aquestes tres activitats seran condu\u00efdes per un grup d&#8217;alumnes voluntaris de 4t d&#8217;ESO.<\/p>\n<p>Esteu tots convidats i convidades!!<\/p>\n<p>Fem Marines! Fem platja viva!<\/p>\n<p>A aquest <a href=\"https:\/\/drive.google.com\/file\/d\/1hkkZkDb2XihATXrniqgIERwTeRNBInbR\/view?usp=sharing\" target=\"_blank\" rel=\"noopener\">enlla\u00e7<\/a> trobareu m\u00e9s informaci\u00f3.<\/p>\n<p><a href=\"https:\/\/agora.xtec.cat\/ieslesmarines\/wp-content\/uploads\/usu619\/2022\/06\/logo-definitiu.png\"><img loading=\"lazy\" decoding=\"async\" class=\"alignnone  wp-image-2727\" src=\"https:\/\/agora.xtec.cat\/ieslesmarines\/wp-content\/uploads\/usu619\/2022\/06\/logo-definitiu-1024x1024.png\" alt=\"\" width=\"343\" height=\"343\" srcset=\"https:\/\/agora.xtec.cat\/ieslesmarines\/wp-content\/uploads\/usu619\/2022\/06\/logo-definitiu-1024x1024.png 1024w, https:\/\/agora.xtec.cat\/ieslesmarines\/wp-content\/uploads\/usu619\/2022\/06\/logo-definitiu-300x300.png 300w, https:\/\/agora.xtec.cat\/ieslesmarines\/wp-content\/uploads\/usu619\/2022\/06\/logo-definitiu-150x150.png 150w, https:\/\/agora.xtec.cat\/ieslesmarines\/wp-content\/uploads\/usu619\/2022\/06\/logo-definitiu-768x768.png 768w, https:\/\/agora.xtec.cat\/ieslesmarines\/wp-content\/uploads\/usu619\/2022\/06\/logo-definitiu.png 1200w\" sizes=\"auto, (max-width: 343px) 100vw, 343px\" \/><\/a><\/p>\n","protected":false},"excerpt":{"rendered":"<p>El proper dissabte 11 de juny a partir de les 10:00 h del mat\u00ed, celebrarem una jornada mediambiental a l&#8217;al\u00e7ada del banc gegant del Passeig Mar\u00edtim de Castelldefels (cliqueu aqu\u00ed per veure ubicaci\u00f3 exacta). Durant aquesta jornada mediambiental, farem neteja d&#8217;un tram de la platja, un escape room sobre la biodiversitat marina i un itinerari [&hellip;]<\/p>\n","protected":false},"author":1,"featured_media":0,"parent":0,"menu_order":0,"comment_status":"closed","ping_status":"closed","template":"","meta":{"_bbp_topic_count":0,"_bbp_reply_count":0,"_bbp_total_topic_count":0,"_bbp_total_reply_count":0,"_bbp_voice_count":0,"_bbp_anonymous_reply_count":0,"_bbp_topic_count_hidden":0,"_bbp_reply_count_hidden":0,"_bbp_forum_subforum_count":0,"site-sidebar-layout":"default","site-content-layout":"","ast-site-content-layout":"","site-content-style":"default","site-sidebar-style":"default","ast-global-header-display":"","ast-banner-title-visibility":"","ast-main-header-display":"","ast-hfb-above-header-display":"","ast-hfb-below-header-display":"","ast-hfb-mobile-header-display":"","site-post-title":"","ast-breadcrumbs-content":"","ast-featured-img":"","footer-sml-layout":"","theme-transparent-header-meta":"","adv-header-id-meta":"","stick-header-meta":"","header-above-stick-meta":"","header-main-stick-meta":"","header-below-stick-meta":"","astra-migrate-meta-layouts":"default","ast-page-background-enabled":"default","ast-page-background-meta":{"desktop":{"background-color":"var(--ast-global-color-4)","background-image":"","background-repeat":"repeat","background-position":"center center","background-size":"auto","background-attachment":"scroll","background-type":"","background-media":"","overlay-type":"","overlay-color":"","overlay-opacity":"","overlay-gradient":""},"tablet":{"background-color":"","background-image":"","background-repeat":"repeat","background-position":"center center","background-size":"auto","background-attachment":"scroll","background-type":"","background-media":"","overlay-type":"","overlay-color":"","overlay-opacity":"","overlay-gradient":""},"mobile":{"background-color":"","background-image":"","background-repeat":"repeat","background-position":"center center","background-size":"auto","background-attachment":"scroll","background-type":"","background-media":"","overlay-type":"","overlay-color":"","overlay-opacity":"","overlay-gradient":""}},"ast-content-background-meta":{"desktop":{"background-color":"var(--ast-global-color-5)","background-image":"","background-repeat":"repeat","background-position":"center center","background-size":"auto","background-attachment":"scroll","background-type":"","background-media":"","overlay-type":"","overlay-color":"","overlay-opacity":"","overlay-gradient":""},"tablet":{"background-color":"var(--ast-global-color-5)","background-image":"","background-repeat":"repeat","background-position":"center center","background-size":"auto","background-attachment":"scroll","background-type":"","background-media":"","overlay-type":"","overlay-color":"","overlay-opacity":"","overlay-gradient":""},"mobile":{"background-color":"var(--ast-global-color-5)","background-image":"","background-repeat":"repeat","background-position":"center center","background-size":"auto","background-attachment":"scroll","background-type":"","background-media":"","overlay-type":"","overlay-color":"","overlay-opacity":"","overlay-gradient":""}},"footnotes":""},"class_list":["post-2717","page","type-page","status-publish","hentry"],"post_mailing_queue_ids":[],"_links":{"self":[{"href":"https:\/\/agora.xtec.cat\/ieslesmarines\/wp-json\/wp\/v2\/pages\/2717","targetHints":{"allow":["GET"]}}],"collection":[{"href":"https:\/\/agora.xtec.cat\/ieslesmarines\/wp-json\/wp\/v2\/pages"}],"about":[{"href":"https:\/\/agora.xtec.cat\/ieslesmarines\/wp-json\/wp\/v2\/types\/page"}],"author":[{"embeddable":true,"href":"https:\/\/agora.xtec.cat\/ieslesmarines\/wp-json\/wp\/v2\/users\/1"}],"replies":[{"embeddable":true,"href":"https:\/\/agora.xtec.cat\/ieslesmarines\/wp-json\/wp\/v2\/comments?post=2717"}],"version-history":[{"count":3,"href":"https:\/\/agora.xtec.cat\/ieslesmarines\/wp-json\/wp\/v2\/pages\/2717\/revisions"}],"predecessor-version":[{"id":2730,"href":"https:\/\/agora.xtec.cat\/ieslesmarines\/wp-json\/wp\/v2\/pages\/2717\/revisions\/2730"}],"wp:attachment":[{"href":"https:\/\/agora.xtec.cat\/ieslesmarines\/wp-json\/wp\/v2\/media?parent=2717"}],"curies":[{"name":"wp","href":"https:\/\/api.w.org\/{rel}","templated":true}]}}

<div></div>
<p>El proper dissabte 11 de juny a partir de les 10:00 h del matí, celebrarem una jornada mediambiental a l&#8217;alçada del banc gegant del Passeig Marítim de Castelldefels (cliqueu <a href="https://www.google.com/maps/place/Banc+gegantesc/@41.2650058,1.9805462,15z/data=!4m5!3m4!1s0x0:0x199935ecb94be4fb!8m2!3d41.2650058!4d1.9805462" target="_blank" rel="noopener">aquí</a> per veure ubicació exacta).</p>
<p>Durant aquesta jornada mediambiental, farem neteja d&#8217;un tram de la platja, un escape room sobre la biodiversitat marina i un itinerari de descoberta de la biodiversitat de les dunes. Aquestes tres activitats seran conduïdes per un grup d&#8217;alumnes voluntaris de 4t d&#8217;ESO.</p>
<p>Esteu tots convidats i convidades!!</p>
<p>Fem Marines! Fem platja viva!</p>
<p>A aquest <a href="https://drive.google.com/file/d/1hkkZkDb2XihATXrniqgIERwTeRNBInbR/view?usp=sharing" target="_blank" rel="noopener">enllaç</a> trobareu més informació.</p>
<p><a href="https://agora.xtec.cat/ieslesmarines/wp-content/uploads/usu619/2022/06/logo-definitiu.png"><img loading="lazy" decoding="async" class="alignnone  wp-image-2727" src="https://agora.xtec.cat/ieslesmarines/wp-content/uploads/usu619/2022/06/logo-definitiu-1024x1024.png" alt="" width="343" height="343" srcset="https://agora.xtec.cat/ieslesmarines/wp-content/uploads/usu619/2022/06/logo-definitiu-1024x1024.png 1024w, https://agora.xtec.cat/ieslesmarines/wp-content/uploads/usu619/2022/06/logo-definitiu-300x300.png 300w, https://agora.xtec.cat/ieslesmarines/wp-content/uploads/usu619/2022/06/logo-definitiu-150x150.png 150w, https://agora.xtec.cat/ieslesmarines/wp-content/uploads/usu619/2022/06/logo-definitiu-768x768.png 768w, https://agora.xtec.cat/ieslesmarines/wp-content/uploads/usu619/2022/06/logo-definitiu.png 1200w" sizes="auto, (max-width: 343px) 100vw, 343px" /></a></p>

<p>El proper dissabte 11 de juny a partir de les 10:00 h del matí, celebrarem una jornada mediambiental a l&#8217;alçada del banc gegant del Passeig Marítim de Castelldefels (cliqueu aquí per veure ubicació exacta). Durant aquesta jornada mediambiental, farem neteja d&#8217;un tram de la platja, un escape room sobre la biodiversitat marina i un itinerari [&hellip;]</p>
