{"id":2710,"date":"2022-06-02T12:40:02","date_gmt":"2022-06-02T10:40:02","guid":{"rendered":"https:\/\/agora.xtec.cat\/ieslesmarines\/?page_id=2710"},"modified":"2022-06-02T12:47:11","modified_gmt":"2022-06-02T10:47:11","slug":"sessio-de-ioga-4t-deso","status":"publish","type":"page","link":"https:\/\/agora.xtec.cat\/ieslesmarines\/sessio-de-ioga-4t-deso\/","title":{"rendered":"Sessi\u00f3 de ioga (4t d&#8217;ESO)"},"content":{"rendered":"<p><a href=\"https:\/\/agora.xtec.cat\/ieslesmarines\/wp-content\/uploads\/usu619\/2022\/06\/noticia-ioga.jpg\"><img loading=\"lazy\" decoding=\"async\" class=\"alignnone size-large wp-image-2711\" src=\"https:\/\/agora.xtec.cat\/ieslesmarines\/wp-content\/uploads\/usu619\/2022\/06\/noticia-ioga-1024x766.jpg\" alt=\"\" width=\"1024\" height=\"766\" srcset=\"https:\/\/agora.xtec.cat\/ieslesmarines\/wp-content\/uploads\/usu619\/2022\/06\/noticia-ioga-1024x766.jpg 1024w, https:\/\/agora.xtec.cat\/ieslesmarines\/wp-content\/uploads\/usu619\/2022\/06\/noticia-ioga-300x224.jpg 300w, https:\/\/agora.xtec.cat\/ieslesmarines\/wp-content\/uploads\/usu619\/2022\/06\/noticia-ioga-768x575.jpg 768w, https:\/\/agora.xtec.cat\/ieslesmarines\/wp-content\/uploads\/usu619\/2022\/06\/noticia-ioga-1536x1149.jpg 1536w, https:\/\/agora.xtec.cat\/ieslesmarines\/wp-content\/uploads\/usu619\/2022\/06\/noticia-ioga-200x150.jpg 200w, https:\/\/agora.xtec.cat\/ieslesmarines\/wp-content\/uploads\/usu619\/2022\/06\/noticia-ioga.jpg 2048w\" sizes=\"auto, (max-width: 1024px) 100vw, 1024px\" \/><\/a><\/p>\n<p>A aquest <a href=\"https:\/\/photos.app.goo.gl\/97NMgZLJGRwA8TgT9\" target=\"_blank\" rel=\"noopener\">enlla\u00e7<\/a> trobar\u00e0s l&#8217;\u00e0lbum amb les fotos d&#8217;una sessi\u00f3 de ioga molt especial que van fer durant aquest tercer trimestre els alumnes de 4t d&#8217;ESO C dirigits per tres companyes seves sota la supervisi\u00f3 de la professora d&#8217;educaci\u00f3 f\u00edsica Pilar Troyano.<\/p>\n","protected":false},"excerpt":{"rendered":"<p>A aquest enlla\u00e7 trobar\u00e0s l&#8217;\u00e0lbum amb les fotos d&#8217;una sessi\u00f3 de ioga molt especial que van fer durant aquest tercer trimestre els alumnes de 4t d&#8217;ESO C dirigits per tres companyes seves sota la supervisi\u00f3 de la professora d&#8217;educaci\u00f3 f\u00edsica Pilar Troyano.<\/p>\n","protected":false},"author":1,"featured_media":0,"parent":0,"menu_order":0,"comment_status":"closed","ping_status":"closed","template":"","meta":{"_bbp_topic_count":0,"_bbp_reply_count":0,"_bbp_total_topic_count":0,"_bbp_total_reply_count":0,"_bbp_voice_count":0,"_bbp_anonymous_reply_count":0,"_bbp_topic_count_hidden":0,"_bbp_reply_count_hidden":0,"_bbp_forum_subforum_count":0,"site-sidebar-layout":"default","site-content-layout":"","ast-site-content-layout":"","site-content-style":"default","site-sidebar-style":"default","ast-global-header-display":"","ast-banner-title-visibility":"","ast-main-header-display":"","ast-hfb-above-header-display":"","ast-hfb-below-header-display":"","ast-hfb-mobile-header-display":"","site-post-title":"","ast-breadcrumbs-content":"","ast-featured-img":"","footer-sml-layout":"","theme-transparent-header-meta":"","adv-header-id-meta":"","stick-header-meta":"","header-above-stick-meta":"","header-main-stick-meta":"","header-below-stick-meta":"","astra-migrate-meta-layouts":"default","ast-page-background-enabled":"default","ast-page-background-meta":{"desktop":{"background-color":"var(--ast-global-color-4)","background-image":"","background-repeat":"repeat","background-position":"center center","background-size":"auto","background-attachment":"scroll","background-type":"","background-media":"","overlay-type":"","overlay-color":"","overlay-opacity":"","overlay-gradient":""},"tablet":{"background-color":"","background-image":"","background-repeat":"repeat","background-position":"center center","background-size":"auto","background-attachment":"scroll","background-type":"","background-media":"","overlay-type":"","overlay-color":"","overlay-opacity":"","overlay-gradient":""},"mobile":{"background-color":"","background-image":"","background-repeat":"repeat","background-position":"center center","background-size":"auto","background-attachment":"scroll","background-type":"","background-media":"","overlay-type":"","overlay-color":"","overlay-opacity":"","overlay-gradient":""}},"ast-content-background-meta":{"desktop":{"background-color":"var(--ast-global-color-5)","background-image":"","background-repeat":"repeat","background-position":"center center","background-size":"auto","background-attachment":"scroll","background-type":"","background-media":"","overlay-type":"","overlay-color":"","overlay-opacity":"","overlay-gradient":""},"tablet":{"background-color":"var(--ast-global-color-5)","background-image":"","background-repeat":"repeat","background-position":"center center","background-size":"auto","background-attachment":"scroll","background-type":"","background-media":"","overlay-type":"","overlay-color":"","overlay-opacity":"","overlay-gradient":""},"mobile":{"background-color":"var(--ast-global-color-5)","background-image":"","background-repeat":"repeat","background-position":"center center","background-size":"auto","background-attachment":"scroll","background-type":"","background-media":"","overlay-type":"","overlay-color":"","overlay-opacity":"","overlay-gradient":""}},"footnotes":""},"class_list":["post-2710","page","type-page","status-publish","hentry"],"post_mailing_queue_ids":[],"_links":{"self":[{"href":"https:\/\/agora.xtec.cat\/ieslesmarines\/wp-json\/wp\/v2\/pages\/2710","targetHints":{"allow":["GET"]}}],"collection":[{"href":"https:\/\/agora.xtec.cat\/ieslesmarines\/wp-json\/wp\/v2\/pages"}],"about":[{"href":"https:\/\/agora.xtec.cat\/ieslesmarines\/wp-json\/wp\/v2\/types\/page"}],"author":[{"embeddable":true,"href":"https:\/\/agora.xtec.cat\/ieslesmarines\/wp-json\/wp\/v2\/users\/1"}],"replies":[{"embeddable":true,"href":"https:\/\/agora.xtec.cat\/ieslesmarines\/wp-json\/wp\/v2\/comments?post=2710"}],"version-history":[{"count":3,"href":"https:\/\/agora.xtec.cat\/ieslesmarines\/wp-json\/wp\/v2\/pages\/2710\/revisions"}],"predecessor-version":[{"id":2716,"href":"https:\/\/agora.xtec.cat\/ieslesmarines\/wp-json\/wp\/v2\/pages\/2710\/revisions\/2716"}],"wp:attachment":[{"href":"https:\/\/agora.xtec.cat\/ieslesmarines\/wp-json\/wp\/v2\/media?parent=2710"}],"curies":[{"name":"wp","href":"https:\/\/api.w.org\/{rel}","templated":true}]}}

Sessió de ioga (4t d&#8217;ESO)

<p><a href="https://agora.xtec.cat/ieslesmarines/wp-content/uploads/usu619/2022/06/noticia-ioga.jpg"><img loading="lazy" decoding="async" class="alignnone size-large wp-image-2711" src="https://agora.xtec.cat/ieslesmarines/wp-content/uploads/usu619/2022/06/noticia-ioga-1024x766.jpg" alt="" width="1024" height="766" srcset="https://agora.xtec.cat/ieslesmarines/wp-content/uploads/usu619/2022/06/noticia-ioga-1024x766.jpg 1024w, https://agora.xtec.cat/ieslesmarines/wp-content/uploads/usu619/2022/06/noticia-ioga-300x224.jpg 300w, https://agora.xtec.cat/ieslesmarines/wp-content/uploads/usu619/2022/06/noticia-ioga-768x575.jpg 768w, https://agora.xtec.cat/ieslesmarines/wp-content/uploads/usu619/2022/06/noticia-ioga-1536x1149.jpg 1536w, https://agora.xtec.cat/ieslesmarines/wp-content/uploads/usu619/2022/06/noticia-ioga-200x150.jpg 200w, https://agora.xtec.cat/ieslesmarines/wp-content/uploads/usu619/2022/06/noticia-ioga.jpg 2048w" sizes="auto, (max-width: 1024px) 100vw, 1024px" /></a></p>
<p>A aquest <a href="https://photos.app.goo.gl/97NMgZLJGRwA8TgT9" target="_blank" rel="noopener">enllaç</a> trobaràs l&#8217;àlbum amb les fotos d&#8217;una sessió de ioga molt especial que van fer durant aquest tercer trimestre els alumnes de 4t d&#8217;ESO C dirigits per tres companyes seves sota la supervisió de la professora d&#8217;educació física Pilar Troyano.</p>

<p>A aquest enllaç trobaràs l&#8217;àlbum amb les fotos d&#8217;una sessió de ioga molt especial que van fer durant aquest tercer trimestre els alumnes de 4t d&#8217;ESO C dirigits per tres companyes seves sota la supervisió de la professora d&#8217;educació física Pilar Troyano.</p>
