{"id":2654,"date":"2022-05-09T06:07:54","date_gmt":"2022-05-09T04:07:54","guid":{"rendered":"https:\/\/agora.xtec.cat\/ieslesmarines\/?page_id=2654"},"modified":"2022-05-09T06:07:54","modified_gmt":"2022-05-09T04:07:54","slug":"visita-al-museu-olimpic","status":"publish","type":"page","link":"https:\/\/agora.xtec.cat\/ieslesmarines\/visita-al-museu-olimpic\/","title":{"rendered":"Visita al Museu Ol\u00edmpic"},"content":{"rendered":"<p><a href=\"https:\/\/agora.xtec.cat\/ieslesmarines\/wp-content\/uploads\/usu619\/2022\/05\/IMG-20220505-WA0016-e1652069192474.jpg\"><img loading=\"lazy\" decoding=\"async\" class=\"alignnone wp-image-2655 size-large\" src=\"https:\/\/agora.xtec.cat\/ieslesmarines\/wp-content\/uploads\/usu619\/2022\/05\/IMG-20220505-WA0016-e1652069192474-1024x451.jpg\" alt=\"\" width=\"1024\" height=\"451\" srcset=\"https:\/\/agora.xtec.cat\/ieslesmarines\/wp-content\/uploads\/usu619\/2022\/05\/IMG-20220505-WA0016-e1652069192474-1024x451.jpg 1024w, https:\/\/agora.xtec.cat\/ieslesmarines\/wp-content\/uploads\/usu619\/2022\/05\/IMG-20220505-WA0016-e1652069192474-300x132.jpg 300w, https:\/\/agora.xtec.cat\/ieslesmarines\/wp-content\/uploads\/usu619\/2022\/05\/IMG-20220505-WA0016-e1652069192474-768x338.jpg 768w, https:\/\/agora.xtec.cat\/ieslesmarines\/wp-content\/uploads\/usu619\/2022\/05\/IMG-20220505-WA0016-e1652069192474-1536x676.jpg 1536w, https:\/\/agora.xtec.cat\/ieslesmarines\/wp-content\/uploads\/usu619\/2022\/05\/IMG-20220505-WA0016-e1652069192474.jpg 2048w\" sizes=\"auto, (max-width: 1024px) 100vw, 1024px\" \/><\/a><\/p>\n<p>El dijous 5 de maig, l&#8217;alumnat de 1r de batxillerat es va despla\u00e7ar fins a la muntanya de Montju\u00efc per realitzar una visita guiada als principals equipaments esportius de l&#8217;anella ol\u00edmpica i al Museu Ol\u00edmpic. A aquest <a href=\"https:\/\/photos.app.goo.gl\/RZ6bVQ8PJsGP9Crj6\" target=\"_blank\" rel=\"noopener\">enlla\u00e7<\/a> trobareu les fotos d&#8217;aquesta sortida organitzada pel Departament d&#8217;Educaci\u00f3 F\u00edsica.<\/p>\n","protected":false},"excerpt":{"rendered":"<p>El dijous 5 de maig, l&#8217;alumnat de 1r de batxillerat es va despla\u00e7ar fins a la muntanya de Montju\u00efc per realitzar una visita guiada als principals equipaments esportius de l&#8217;anella ol\u00edmpica i al Museu Ol\u00edmpic. A aquest enlla\u00e7 trobareu les fotos d&#8217;aquesta sortida organitzada pel Departament d&#8217;Educaci\u00f3 F\u00edsica.<\/p>\n","protected":false},"author":1,"featured_media":0,"parent":0,"menu_order":0,"comment_status":"closed","ping_status":"closed","template":"","meta":{"_bbp_topic_count":0,"_bbp_reply_count":0,"_bbp_total_topic_count":0,"_bbp_total_reply_count":0,"_bbp_voice_count":0,"_bbp_anonymous_reply_count":0,"_bbp_topic_count_hidden":0,"_bbp_reply_count_hidden":0,"_bbp_forum_subforum_count":0,"site-sidebar-layout":"default","site-content-layout":"","ast-site-content-layout":"","site-content-style":"default","site-sidebar-style":"default","ast-global-header-display":"","ast-banner-title-visibility":"","ast-main-header-display":"","ast-hfb-above-header-display":"","ast-hfb-below-header-display":"","ast-hfb-mobile-header-display":"","site-post-title":"","ast-breadcrumbs-content":"","ast-featured-img":"","footer-sml-layout":"","theme-transparent-header-meta":"","adv-header-id-meta":"","stick-header-meta":"","header-above-stick-meta":"","header-main-stick-meta":"","header-below-stick-meta":"","astra-migrate-meta-layouts":"default","ast-page-background-enabled":"default","ast-page-background-meta":{"desktop":{"background-color":"var(--ast-global-color-4)","background-image":"","background-repeat":"repeat","background-position":"center center","background-size":"auto","background-attachment":"scroll","background-type":"","background-media":"","overlay-type":"","overlay-color":"","overlay-opacity":"","overlay-gradient":""},"tablet":{"background-color":"","background-image":"","background-repeat":"repeat","background-position":"center center","background-size":"auto","background-attachment":"scroll","background-type":"","background-media":"","overlay-type":"","overlay-color":"","overlay-opacity":"","overlay-gradient":""},"mobile":{"background-color":"","background-image":"","background-repeat":"repeat","background-position":"center center","background-size":"auto","background-attachment":"scroll","background-type":"","background-media":"","overlay-type":"","overlay-color":"","overlay-opacity":"","overlay-gradient":""}},"ast-content-background-meta":{"desktop":{"background-color":"var(--ast-global-color-5)","background-image":"","background-repeat":"repeat","background-position":"center center","background-size":"auto","background-attachment":"scroll","background-type":"","background-media":"","overlay-type":"","overlay-color":"","overlay-opacity":"","overlay-gradient":""},"tablet":{"background-color":"var(--ast-global-color-5)","background-image":"","background-repeat":"repeat","background-position":"center center","background-size":"auto","background-attachment":"scroll","background-type":"","background-media":"","overlay-type":"","overlay-color":"","overlay-opacity":"","overlay-gradient":""},"mobile":{"background-color":"var(--ast-global-color-5)","background-image":"","background-repeat":"repeat","background-position":"center center","background-size":"auto","background-attachment":"scroll","background-type":"","background-media":"","overlay-type":"","overlay-color":"","overlay-opacity":"","overlay-gradient":""}},"footnotes":""},"class_list":["post-2654","page","type-page","status-publish","hentry"],"post_mailing_queue_ids":[],"_links":{"self":[{"href":"https:\/\/agora.xtec.cat\/ieslesmarines\/wp-json\/wp\/v2\/pages\/2654","targetHints":{"allow":["GET"]}}],"collection":[{"href":"https:\/\/agora.xtec.cat\/ieslesmarines\/wp-json\/wp\/v2\/pages"}],"about":[{"href":"https:\/\/agora.xtec.cat\/ieslesmarines\/wp-json\/wp\/v2\/types\/page"}],"author":[{"embeddable":true,"href":"https:\/\/agora.xtec.cat\/ieslesmarines\/wp-json\/wp\/v2\/users\/1"}],"replies":[{"embeddable":true,"href":"https:\/\/agora.xtec.cat\/ieslesmarines\/wp-json\/wp\/v2\/comments?post=2654"}],"version-history":[{"count":1,"href":"https:\/\/agora.xtec.cat\/ieslesmarines\/wp-json\/wp\/v2\/pages\/2654\/revisions"}],"predecessor-version":[{"id":2656,"href":"https:\/\/agora.xtec.cat\/ieslesmarines\/wp-json\/wp\/v2\/pages\/2654\/revisions\/2656"}],"wp:attachment":[{"href":"https:\/\/agora.xtec.cat\/ieslesmarines\/wp-json\/wp\/v2\/media?parent=2654"}],"curies":[{"name":"wp","href":"https:\/\/api.w.org\/{rel}","templated":true}]}}

Visita al Museu Olímpic

<p><a href="https://agora.xtec.cat/ieslesmarines/wp-content/uploads/usu619/2022/05/IMG-20220505-WA0016-e1652069192474.jpg"><img loading="lazy" decoding="async" class="alignnone wp-image-2655 size-large" src="https://agora.xtec.cat/ieslesmarines/wp-content/uploads/usu619/2022/05/IMG-20220505-WA0016-e1652069192474-1024x451.jpg" alt="" width="1024" height="451" srcset="https://agora.xtec.cat/ieslesmarines/wp-content/uploads/usu619/2022/05/IMG-20220505-WA0016-e1652069192474-1024x451.jpg 1024w, https://agora.xtec.cat/ieslesmarines/wp-content/uploads/usu619/2022/05/IMG-20220505-WA0016-e1652069192474-300x132.jpg 300w, https://agora.xtec.cat/ieslesmarines/wp-content/uploads/usu619/2022/05/IMG-20220505-WA0016-e1652069192474-768x338.jpg 768w, https://agora.xtec.cat/ieslesmarines/wp-content/uploads/usu619/2022/05/IMG-20220505-WA0016-e1652069192474-1536x676.jpg 1536w, https://agora.xtec.cat/ieslesmarines/wp-content/uploads/usu619/2022/05/IMG-20220505-WA0016-e1652069192474.jpg 2048w" sizes="auto, (max-width: 1024px) 100vw, 1024px" /></a></p>
<p>El dijous 5 de maig, l&#8217;alumnat de 1r de batxillerat es va desplaçar fins a la muntanya de Montjuïc per realitzar una visita guiada als principals equipaments esportius de l&#8217;anella olímpica i al Museu Olímpic. A aquest <a href="https://photos.app.goo.gl/RZ6bVQ8PJsGP9Crj6" target="_blank" rel="noopener">enllaç</a> trobareu les fotos d&#8217;aquesta sortida organitzada pel Departament d&#8217;Educació Física.</p>

<p>El dijous 5 de maig, l&#8217;alumnat de 1r de batxillerat es va desplaçar fins a la muntanya de Montjuïc per realitzar una visita guiada als principals equipaments esportius de l&#8217;anella olímpica i al Museu Olímpic. A aquest enllaç trobareu les fotos d&#8217;aquesta sortida organitzada pel Departament d&#8217;Educació Física.</p>
