{"id":2640,"date":"2022-05-02T17:53:19","date_gmt":"2022-05-02T15:53:19","guid":{"rendered":"https:\/\/agora.xtec.cat\/ieslesmarines\/?page_id=2640"},"modified":"2022-05-02T17:57:14","modified_gmt":"2022-05-02T15:57:14","slug":"visita-a-la-tarragona-romana","status":"publish","type":"page","link":"https:\/\/agora.xtec.cat\/ieslesmarines\/visita-a-la-tarragona-romana\/","title":{"rendered":"Visita a la Tarragona Romana"},"content":{"rendered":"<p><a href=\"https:\/\/agora.xtec.cat\/ieslesmarines\/wp-content\/uploads\/usu619\/2022\/05\/IMG_6642-1-scaled.jpg\"><img loading=\"lazy\" decoding=\"async\" class=\"alignnone size-large wp-image-2642\" src=\"https:\/\/agora.xtec.cat\/ieslesmarines\/wp-content\/uploads\/usu619\/2022\/05\/IMG_6642-1-1024x768.jpg\" alt=\"\" width=\"1024\" height=\"768\" srcset=\"https:\/\/agora.xtec.cat\/ieslesmarines\/wp-content\/uploads\/usu619\/2022\/05\/IMG_6642-1-1024x768.jpg 1024w, https:\/\/agora.xtec.cat\/ieslesmarines\/wp-content\/uploads\/usu619\/2022\/05\/IMG_6642-1-300x225.jpg 300w, https:\/\/agora.xtec.cat\/ieslesmarines\/wp-content\/uploads\/usu619\/2022\/05\/IMG_6642-1-768x576.jpg 768w, https:\/\/agora.xtec.cat\/ieslesmarines\/wp-content\/uploads\/usu619\/2022\/05\/IMG_6642-1-1536x1152.jpg 1536w, https:\/\/agora.xtec.cat\/ieslesmarines\/wp-content\/uploads\/usu619\/2022\/05\/IMG_6642-1-2048x1536.jpg 2048w, https:\/\/agora.xtec.cat\/ieslesmarines\/wp-content\/uploads\/usu619\/2022\/05\/IMG_6642-1-200x150.jpg 200w\" sizes=\"auto, (max-width: 1024px) 100vw, 1024px\" \/><\/a><\/p>\n<p>Els dies 26, 27 i 28 d&#8217;abril, l&#8217;alumnat de 1r ESO es va despla\u00e7ar fins a Tarragona per realitzar una visita guiada pels racons i monuments m\u00e9s emblem\u00e0tics del passat rom\u00e0 d&#8217;aquesta ciutat. Aix\u00ed, entre d&#8217;altres llocs de la Tarraco romana, van poder veure l&#8217;amfiteatre, el circ, la muralla, la pedrera del M\u00e8dol i l&#8217;aq\u00fceducte de les Ferreres. A aquest <a href=\"https:\/\/photos.app.goo.gl\/gp5FFQy9rgFYXZLE7\" target=\"_blank\" rel=\"noopener\">link<\/a> trobareu un \u00e0lbum amb les fotos d&#8217;aquesta sortida organitzada pel departament de ci\u00e8ncies socials.<\/p>\n","protected":false},"excerpt":{"rendered":"<p>Els dies 26, 27 i 28 d&#8217;abril, l&#8217;alumnat de 1r ESO es va despla\u00e7ar fins a Tarragona per realitzar una visita guiada pels racons i monuments m\u00e9s emblem\u00e0tics del passat rom\u00e0 d&#8217;aquesta ciutat. Aix\u00ed, entre d&#8217;altres llocs de la Tarraco romana, van poder veure l&#8217;amfiteatre, el circ, la muralla, la pedrera del M\u00e8dol i l&#8217;aq\u00fceducte [&hellip;]<\/p>\n","protected":false},"author":1,"featured_media":0,"parent":0,"menu_order":0,"comment_status":"closed","ping_status":"closed","template":"","meta":{"_bbp_topic_count":0,"_bbp_reply_count":0,"_bbp_total_topic_count":0,"_bbp_total_reply_count":0,"_bbp_voice_count":0,"_bbp_anonymous_reply_count":0,"_bbp_topic_count_hidden":0,"_bbp_reply_count_hidden":0,"_bbp_forum_subforum_count":0,"site-sidebar-layout":"default","site-content-layout":"","ast-site-content-layout":"","site-content-style":"default","site-sidebar-style":"default","ast-global-header-display":"","ast-banner-title-visibility":"","ast-main-header-display":"","ast-hfb-above-header-display":"","ast-hfb-below-header-display":"","ast-hfb-mobile-header-display":"","site-post-title":"","ast-breadcrumbs-content":"","ast-featured-img":"","footer-sml-layout":"","theme-transparent-header-meta":"","adv-header-id-meta":"","stick-header-meta":"","header-above-stick-meta":"","header-main-stick-meta":"","header-below-stick-meta":"","astra-migrate-meta-layouts":"default","ast-page-background-enabled":"default","ast-page-background-meta":{"desktop":{"background-color":"var(--ast-global-color-4)","background-image":"","background-repeat":"repeat","background-position":"center center","background-size":"auto","background-attachment":"scroll","background-type":"","background-media":"","overlay-type":"","overlay-color":"","overlay-opacity":"","overlay-gradient":""},"tablet":{"background-color":"","background-image":"","background-repeat":"repeat","background-position":"center center","background-size":"auto","background-attachment":"scroll","background-type":"","background-media":"","overlay-type":"","overlay-color":"","overlay-opacity":"","overlay-gradient":""},"mobile":{"background-color":"","background-image":"","background-repeat":"repeat","background-position":"center center","background-size":"auto","background-attachment":"scroll","background-type":"","background-media":"","overlay-type":"","overlay-color":"","overlay-opacity":"","overlay-gradient":""}},"ast-content-background-meta":{"desktop":{"background-color":"var(--ast-global-color-5)","background-image":"","background-repeat":"repeat","background-position":"center center","background-size":"auto","background-attachment":"scroll","background-type":"","background-media":"","overlay-type":"","overlay-color":"","overlay-opacity":"","overlay-gradient":""},"tablet":{"background-color":"var(--ast-global-color-5)","background-image":"","background-repeat":"repeat","background-position":"center center","background-size":"auto","background-attachment":"scroll","background-type":"","background-media":"","overlay-type":"","overlay-color":"","overlay-opacity":"","overlay-gradient":""},"mobile":{"background-color":"var(--ast-global-color-5)","background-image":"","background-repeat":"repeat","background-position":"center center","background-size":"auto","background-attachment":"scroll","background-type":"","background-media":"","overlay-type":"","overlay-color":"","overlay-opacity":"","overlay-gradient":""}},"footnotes":""},"class_list":["post-2640","page","type-page","status-publish","hentry"],"post_mailing_queue_ids":[],"_links":{"self":[{"href":"https:\/\/agora.xtec.cat\/ieslesmarines\/wp-json\/wp\/v2\/pages\/2640","targetHints":{"allow":["GET"]}}],"collection":[{"href":"https:\/\/agora.xtec.cat\/ieslesmarines\/wp-json\/wp\/v2\/pages"}],"about":[{"href":"https:\/\/agora.xtec.cat\/ieslesmarines\/wp-json\/wp\/v2\/types\/page"}],"author":[{"embeddable":true,"href":"https:\/\/agora.xtec.cat\/ieslesmarines\/wp-json\/wp\/v2\/users\/1"}],"replies":[{"embeddable":true,"href":"https:\/\/agora.xtec.cat\/ieslesmarines\/wp-json\/wp\/v2\/comments?post=2640"}],"version-history":[{"count":2,"href":"https:\/\/agora.xtec.cat\/ieslesmarines\/wp-json\/wp\/v2\/pages\/2640\/revisions"}],"predecessor-version":[{"id":2646,"href":"https:\/\/agora.xtec.cat\/ieslesmarines\/wp-json\/wp\/v2\/pages\/2640\/revisions\/2646"}],"wp:attachment":[{"href":"https:\/\/agora.xtec.cat\/ieslesmarines\/wp-json\/wp\/v2\/media?parent=2640"}],"curies":[{"name":"wp","href":"https:\/\/api.w.org\/{rel}","templated":true}]}}

<p><a href="https://agora.xtec.cat/ieslesmarines/wp-content/uploads/usu619/2022/05/IMG_6642-1-scaled.jpg"><img loading="lazy" decoding="async" class="alignnone size-large wp-image-2642" src="https://agora.xtec.cat/ieslesmarines/wp-content/uploads/usu619/2022/05/IMG_6642-1-1024x768.jpg" alt="" width="1024" height="768" srcset="https://agora.xtec.cat/ieslesmarines/wp-content/uploads/usu619/2022/05/IMG_6642-1-1024x768.jpg 1024w, https://agora.xtec.cat/ieslesmarines/wp-content/uploads/usu619/2022/05/IMG_6642-1-300x225.jpg 300w, https://agora.xtec.cat/ieslesmarines/wp-content/uploads/usu619/2022/05/IMG_6642-1-768x576.jpg 768w, https://agora.xtec.cat/ieslesmarines/wp-content/uploads/usu619/2022/05/IMG_6642-1-1536x1152.jpg 1536w, https://agora.xtec.cat/ieslesmarines/wp-content/uploads/usu619/2022/05/IMG_6642-1-2048x1536.jpg 2048w, https://agora.xtec.cat/ieslesmarines/wp-content/uploads/usu619/2022/05/IMG_6642-1-200x150.jpg 200w" sizes="auto, (max-width: 1024px) 100vw, 1024px" /></a></p>
<p>Els dies 26, 27 i 28 d&#8217;abril, l&#8217;alumnat de 1r ESO es va desplaçar fins a Tarragona per realitzar una visita guiada pels racons i monuments més emblemàtics del passat romà d&#8217;aquesta ciutat. Així, entre d&#8217;altres llocs de la Tarraco romana, van poder veure l&#8217;amfiteatre, el circ, la muralla, la pedrera del Mèdol i l&#8217;aqüeducte de les Ferreres. A aquest <a href="https://photos.app.goo.gl/gp5FFQy9rgFYXZLE7" target="_blank" rel="noopener">link</a> trobareu un àlbum amb les fotos d&#8217;aquesta sortida organitzada pel departament de ciències socials.</p>

<p>Els dies 26, 27 i 28 d&#8217;abril, l&#8217;alumnat de 1r ESO es va desplaçar fins a Tarragona per realitzar una visita guiada pels racons i monuments més emblemàtics del passat romà d&#8217;aquesta ciutat. Així, entre d&#8217;altres llocs de la Tarraco romana, van poder veure l&#8217;amfiteatre, el circ, la muralla, la pedrera del Mèdol i l&#8217;aqüeducte [&hellip;]</p>
