{"id":2606,"date":"2022-04-04T08:56:40","date_gmt":"2022-04-04T06:56:40","guid":{"rendered":"https:\/\/agora.xtec.cat\/ieslesmarines\/?page_id=2606"},"modified":"2022-04-04T08:56:40","modified_gmt":"2022-04-04T06:56:40","slug":"recital-poetic-demiliano-valdeolivas","status":"publish","type":"page","link":"https:\/\/agora.xtec.cat\/ieslesmarines\/recital-poetic-demiliano-valdeolivas\/","title":{"rendered":"Recital po\u00e8tic d&#8217;Emiliano Valdeolivas"},"content":{"rendered":"<p><a href=\"https:\/\/agora.xtec.cat\/ieslesmarines\/wp-content\/uploads\/usu619\/2022\/04\/portada-emiliano.jpg\"><img loading=\"lazy\" decoding=\"async\" class=\"alignnone size-full wp-image-2607\" src=\"https:\/\/agora.xtec.cat\/ieslesmarines\/wp-content\/uploads\/usu619\/2022\/04\/portada-emiliano.jpg\" alt=\"\" width=\"591\" height=\"443\" srcset=\"https:\/\/agora.xtec.cat\/ieslesmarines\/wp-content\/uploads\/usu619\/2022\/04\/portada-emiliano.jpg 591w, https:\/\/agora.xtec.cat\/ieslesmarines\/wp-content\/uploads\/usu619\/2022\/04\/portada-emiliano-300x225.jpg 300w, https:\/\/agora.xtec.cat\/ieslesmarines\/wp-content\/uploads\/usu619\/2022\/04\/portada-emiliano-200x150.jpg 200w\" sizes=\"auto, (max-width: 591px) 100vw, 591px\" \/><\/a><\/p>\n<p>El passat divendres 25 de mar\u00e7 l&#8217;alumnat de 2n d&#8217;ESO va assistir a un recital protagonitzat per Emiliano Valdeolivas, qui amb la seva veu i la seva guitarra va oferir un repertori on van ocupar un lloc destacat antics roman\u00e7os an\u00f2nims i una selecci\u00f3 de poemes cl\u00e0ssics de la literatura en llengua castellana. Durant el recital, Emiliano Valdeolivas tamb\u00e9 va interpretar una s\u00e8rie de petits poemes escrits pels alumnes de Les Marines.<\/p>\n","protected":false},"excerpt":{"rendered":"<p>El passat divendres 25 de mar\u00e7 l&#8217;alumnat de 2n d&#8217;ESO va assistir a un recital protagonitzat per Emiliano Valdeolivas, qui amb la seva veu i la seva guitarra va oferir un repertori on van ocupar un lloc destacat antics roman\u00e7os an\u00f2nims i una selecci\u00f3 de poemes cl\u00e0ssics de la literatura en llengua castellana. Durant el [&hellip;]<\/p>\n","protected":false},"author":1,"featured_media":0,"parent":0,"menu_order":0,"comment_status":"closed","ping_status":"closed","template":"","meta":{"_bbp_topic_count":0,"_bbp_reply_count":0,"_bbp_total_topic_count":0,"_bbp_total_reply_count":0,"_bbp_voice_count":0,"_bbp_anonymous_reply_count":0,"_bbp_topic_count_hidden":0,"_bbp_reply_count_hidden":0,"_bbp_forum_subforum_count":0,"site-sidebar-layout":"default","site-content-layout":"","ast-site-content-layout":"","site-content-style":"default","site-sidebar-style":"default","ast-global-header-display":"","ast-banner-title-visibility":"","ast-main-header-display":"","ast-hfb-above-header-display":"","ast-hfb-below-header-display":"","ast-hfb-mobile-header-display":"","site-post-title":"","ast-breadcrumbs-content":"","ast-featured-img":"","footer-sml-layout":"","theme-transparent-header-meta":"","adv-header-id-meta":"","stick-header-meta":"","header-above-stick-meta":"","header-main-stick-meta":"","header-below-stick-meta":"","astra-migrate-meta-layouts":"default","ast-page-background-enabled":"default","ast-page-background-meta":{"desktop":{"background-color":"var(--ast-global-color-4)","background-image":"","background-repeat":"repeat","background-position":"center center","background-size":"auto","background-attachment":"scroll","background-type":"","background-media":"","overlay-type":"","overlay-color":"","overlay-opacity":"","overlay-gradient":""},"tablet":{"background-color":"","background-image":"","background-repeat":"repeat","background-position":"center center","background-size":"auto","background-attachment":"scroll","background-type":"","background-media":"","overlay-type":"","overlay-color":"","overlay-opacity":"","overlay-gradient":""},"mobile":{"background-color":"","background-image":"","background-repeat":"repeat","background-position":"center center","background-size":"auto","background-attachment":"scroll","background-type":"","background-media":"","overlay-type":"","overlay-color":"","overlay-opacity":"","overlay-gradient":""}},"ast-content-background-meta":{"desktop":{"background-color":"var(--ast-global-color-5)","background-image":"","background-repeat":"repeat","background-position":"center center","background-size":"auto","background-attachment":"scroll","background-type":"","background-media":"","overlay-type":"","overlay-color":"","overlay-opacity":"","overlay-gradient":""},"tablet":{"background-color":"var(--ast-global-color-5)","background-image":"","background-repeat":"repeat","background-position":"center center","background-size":"auto","background-attachment":"scroll","background-type":"","background-media":"","overlay-type":"","overlay-color":"","overlay-opacity":"","overlay-gradient":""},"mobile":{"background-color":"var(--ast-global-color-5)","background-image":"","background-repeat":"repeat","background-position":"center center","background-size":"auto","background-attachment":"scroll","background-type":"","background-media":"","overlay-type":"","overlay-color":"","overlay-opacity":"","overlay-gradient":""}},"footnotes":""},"class_list":["post-2606","page","type-page","status-publish","hentry"],"post_mailing_queue_ids":[],"_links":{"self":[{"href":"https:\/\/agora.xtec.cat\/ieslesmarines\/wp-json\/wp\/v2\/pages\/2606","targetHints":{"allow":["GET"]}}],"collection":[{"href":"https:\/\/agora.xtec.cat\/ieslesmarines\/wp-json\/wp\/v2\/pages"}],"about":[{"href":"https:\/\/agora.xtec.cat\/ieslesmarines\/wp-json\/wp\/v2\/types\/page"}],"author":[{"embeddable":true,"href":"https:\/\/agora.xtec.cat\/ieslesmarines\/wp-json\/wp\/v2\/users\/1"}],"replies":[{"embeddable":true,"href":"https:\/\/agora.xtec.cat\/ieslesmarines\/wp-json\/wp\/v2\/comments?post=2606"}],"version-history":[{"count":1,"href":"https:\/\/agora.xtec.cat\/ieslesmarines\/wp-json\/wp\/v2\/pages\/2606\/revisions"}],"predecessor-version":[{"id":2608,"href":"https:\/\/agora.xtec.cat\/ieslesmarines\/wp-json\/wp\/v2\/pages\/2606\/revisions\/2608"}],"wp:attachment":[{"href":"https:\/\/agora.xtec.cat\/ieslesmarines\/wp-json\/wp\/v2\/media?parent=2606"}],"curies":[{"name":"wp","href":"https:\/\/api.w.org\/{rel}","templated":true}]}}

Recital poètic d&#8217;Emiliano Valdeolivas

<p><a href="https://agora.xtec.cat/ieslesmarines/wp-content/uploads/usu619/2022/04/portada-emiliano.jpg"><img loading="lazy" decoding="async" class="alignnone size-full wp-image-2607" src="https://agora.xtec.cat/ieslesmarines/wp-content/uploads/usu619/2022/04/portada-emiliano.jpg" alt="" width="591" height="443" srcset="https://agora.xtec.cat/ieslesmarines/wp-content/uploads/usu619/2022/04/portada-emiliano.jpg 591w, https://agora.xtec.cat/ieslesmarines/wp-content/uploads/usu619/2022/04/portada-emiliano-300x225.jpg 300w, https://agora.xtec.cat/ieslesmarines/wp-content/uploads/usu619/2022/04/portada-emiliano-200x150.jpg 200w" sizes="auto, (max-width: 591px) 100vw, 591px" /></a></p>
<p>El passat divendres 25 de març l&#8217;alumnat de 2n d&#8217;ESO va assistir a un recital protagonitzat per Emiliano Valdeolivas, qui amb la seva veu i la seva guitarra va oferir un repertori on van ocupar un lloc destacat antics romanços anònims i una selecció de poemes clàssics de la literatura en llengua castellana. Durant el recital, Emiliano Valdeolivas també va interpretar una sèrie de petits poemes escrits pels alumnes de Les Marines.</p>

<p>El passat divendres 25 de març l&#8217;alumnat de 2n d&#8217;ESO va assistir a un recital protagonitzat per Emiliano Valdeolivas, qui amb la seva veu i la seva guitarra va oferir un repertori on van ocupar un lloc destacat antics romanços anònims i una selecció de poemes clàssics de la literatura en llengua castellana. Durant el [&hellip;]</p>
