{"id":2449,"date":"2022-02-03T16:19:12","date_gmt":"2022-02-03T15:19:12","guid":{"rendered":"https:\/\/agora.xtec.cat\/ieslesmarines\/?page_id=2449"},"modified":"2022-02-03T16:23:02","modified_gmt":"2022-02-03T15:23:02","slug":"festival-ovni-de-curtmetratges","status":"publish","type":"page","link":"https:\/\/agora.xtec.cat\/ieslesmarines\/festival-ovni-de-curtmetratges\/","title":{"rendered":"Festival &#8220;OVNI&#8221; de curtmetratges"},"content":{"rendered":"<p>Divendres 4 de febrer, a les 12:00 h, l&#8217;alumnat de 4t d&#8217;ESO assistir\u00e0 a la projecci\u00f3 de tres curtmetratges escollits pels seus companys que durant el primer trimestre han participat al projecte &#8220;OVNI&#8221;, un taller de cultura audiovisual dirigit per la Raquel Marques que s&#8217;enmarca dins la mat\u00e8ria de Cultura i Valors.\u00a0 Aquests mateixos companys s&#8217;encarregaran de presentar els tres curts i de dinamitzar el debat que tindr\u00e0 lloc despr\u00e9s del seu visionat. A aquest <a href=\"https:\/\/drive.google.com\/file\/d\/1ibCufyY3AQ_sM4-m5djO35j4Xm2mMWU6\/view?usp=sharing\" target=\"_blank\" rel=\"noopener\">enlla\u00e7<\/a> podeu consultar el full de p\u00fablic amb la informaci\u00f3 dels tres curts programats sota el t\u00edtol de &#8220;La vida des d&#8217;una altra perspectiva&#8221;.<\/p>\n<p><a href=\"https:\/\/agora.xtec.cat\/ieslesmarines\/wp-content\/uploads\/usu619\/2022\/02\/Captura-de-pantalla-11.png\"><img loading=\"lazy\" decoding=\"async\" class=\"alignnone size-full wp-image-2450\" src=\"https:\/\/agora.xtec.cat\/ieslesmarines\/wp-content\/uploads\/usu619\/2022\/02\/Captura-de-pantalla-11.png\" alt=\"\" width=\"699\" height=\"983\" srcset=\"https:\/\/agora.xtec.cat\/ieslesmarines\/wp-content\/uploads\/usu619\/2022\/02\/Captura-de-pantalla-11.png 699w, https:\/\/agora.xtec.cat\/ieslesmarines\/wp-content\/uploads\/usu619\/2022\/02\/Captura-de-pantalla-11-213x300.png 213w\" sizes=\"auto, (max-width: 699px) 100vw, 699px\" \/><\/a><\/p>\n","protected":false},"excerpt":{"rendered":"<p>Divendres 4 de febrer, a les 12:00 h, l&#8217;alumnat de 4t d&#8217;ESO assistir\u00e0 a la projecci\u00f3 de tres curtmetratges escollits pels seus companys que durant el primer trimestre han participat al projecte &#8220;OVNI&#8221;, un taller de cultura audiovisual dirigit per la Raquel Marques que s&#8217;enmarca dins la mat\u00e8ria de Cultura i Valors.\u00a0 Aquests mateixos companys [&hellip;]<\/p>\n","protected":false},"author":1,"featured_media":0,"parent":0,"menu_order":0,"comment_status":"closed","ping_status":"closed","template":"","meta":{"_bbp_topic_count":0,"_bbp_reply_count":0,"_bbp_total_topic_count":0,"_bbp_total_reply_count":0,"_bbp_voice_count":0,"_bbp_anonymous_reply_count":0,"_bbp_topic_count_hidden":0,"_bbp_reply_count_hidden":0,"_bbp_forum_subforum_count":0,"site-sidebar-layout":"default","site-content-layout":"","ast-site-content-layout":"","site-content-style":"default","site-sidebar-style":"default","ast-global-header-display":"","ast-banner-title-visibility":"","ast-main-header-display":"","ast-hfb-above-header-display":"","ast-hfb-below-header-display":"","ast-hfb-mobile-header-display":"","site-post-title":"","ast-breadcrumbs-content":"","ast-featured-img":"","footer-sml-layout":"","theme-transparent-header-meta":"","adv-header-id-meta":"","stick-header-meta":"","header-above-stick-meta":"","header-main-stick-meta":"","header-below-stick-meta":"","astra-migrate-meta-layouts":"default","ast-page-background-enabled":"default","ast-page-background-meta":{"desktop":{"background-color":"var(--ast-global-color-4)","background-image":"","background-repeat":"repeat","background-position":"center center","background-size":"auto","background-attachment":"scroll","background-type":"","background-media":"","overlay-type":"","overlay-color":"","overlay-opacity":"","overlay-gradient":""},"tablet":{"background-color":"","background-image":"","background-repeat":"repeat","background-position":"center center","background-size":"auto","background-attachment":"scroll","background-type":"","background-media":"","overlay-type":"","overlay-color":"","overlay-opacity":"","overlay-gradient":""},"mobile":{"background-color":"","background-image":"","background-repeat":"repeat","background-position":"center center","background-size":"auto","background-attachment":"scroll","background-type":"","background-media":"","overlay-type":"","overlay-color":"","overlay-opacity":"","overlay-gradient":""}},"ast-content-background-meta":{"desktop":{"background-color":"var(--ast-global-color-5)","background-image":"","background-repeat":"repeat","background-position":"center center","background-size":"auto","background-attachment":"scroll","background-type":"","background-media":"","overlay-type":"","overlay-color":"","overlay-opacity":"","overlay-gradient":""},"tablet":{"background-color":"var(--ast-global-color-5)","background-image":"","background-repeat":"repeat","background-position":"center center","background-size":"auto","background-attachment":"scroll","background-type":"","background-media":"","overlay-type":"","overlay-color":"","overlay-opacity":"","overlay-gradient":""},"mobile":{"background-color":"var(--ast-global-color-5)","background-image":"","background-repeat":"repeat","background-position":"center center","background-size":"auto","background-attachment":"scroll","background-type":"","background-media":"","overlay-type":"","overlay-color":"","overlay-opacity":"","overlay-gradient":""}},"footnotes":""},"class_list":["post-2449","page","type-page","status-publish","hentry"],"post_mailing_queue_ids":[],"_links":{"self":[{"href":"https:\/\/agora.xtec.cat\/ieslesmarines\/wp-json\/wp\/v2\/pages\/2449","targetHints":{"allow":["GET"]}}],"collection":[{"href":"https:\/\/agora.xtec.cat\/ieslesmarines\/wp-json\/wp\/v2\/pages"}],"about":[{"href":"https:\/\/agora.xtec.cat\/ieslesmarines\/wp-json\/wp\/v2\/types\/page"}],"author":[{"embeddable":true,"href":"https:\/\/agora.xtec.cat\/ieslesmarines\/wp-json\/wp\/v2\/users\/1"}],"replies":[{"embeddable":true,"href":"https:\/\/agora.xtec.cat\/ieslesmarines\/wp-json\/wp\/v2\/comments?post=2449"}],"version-history":[{"count":3,"href":"https:\/\/agora.xtec.cat\/ieslesmarines\/wp-json\/wp\/v2\/pages\/2449\/revisions"}],"predecessor-version":[{"id":2456,"href":"https:\/\/agora.xtec.cat\/ieslesmarines\/wp-json\/wp\/v2\/pages\/2449\/revisions\/2456"}],"wp:attachment":[{"href":"https:\/\/agora.xtec.cat\/ieslesmarines\/wp-json\/wp\/v2\/media?parent=2449"}],"curies":[{"name":"wp","href":"https:\/\/api.w.org\/{rel}","templated":true}]}}

<p>Divendres 4 de febrer, a les 12:00 h, l&#8217;alumnat de 4t d&#8217;ESO assistirà a la projecció de tres curtmetratges escollits pels seus companys que durant el primer trimestre han participat al projecte &#8220;OVNI&#8221;, un taller de cultura audiovisual dirigit per la Raquel Marques que s&#8217;enmarca dins la matèria de Cultura i Valors.  Aquests mateixos companys s&#8217;encarregaran de presentar els tres curts i de dinamitzar el debat que tindrà lloc després del seu visionat. A aquest <a href="https://drive.google.com/file/d/1ibCufyY3AQ_sM4-m5djO35j4Xm2mMWU6/view?usp=sharing" target="_blank" rel="noopener">enllaç</a> podeu consultar el full de públic amb la informació dels tres curts programats sota el títol de &#8220;La vida des d&#8217;una altra perspectiva&#8221;.</p>
<p><a href="https://agora.xtec.cat/ieslesmarines/wp-content/uploads/usu619/2022/02/Captura-de-pantalla-11.png"><img loading="lazy" decoding="async" class="alignnone size-full wp-image-2450" src="https://agora.xtec.cat/ieslesmarines/wp-content/uploads/usu619/2022/02/Captura-de-pantalla-11.png" alt="" width="699" height="983" srcset="https://agora.xtec.cat/ieslesmarines/wp-content/uploads/usu619/2022/02/Captura-de-pantalla-11.png 699w, https://agora.xtec.cat/ieslesmarines/wp-content/uploads/usu619/2022/02/Captura-de-pantalla-11-213x300.png 213w" sizes="auto, (max-width: 699px) 100vw, 699px" /></a></p>

<p>Divendres 4 de febrer, a les 12:00 h, l&#8217;alumnat de 4t d&#8217;ESO assistirà a la projecció de tres curtmetratges escollits pels seus companys que durant el primer trimestre han participat al projecte &#8220;OVNI&#8221;, un taller de cultura audiovisual dirigit per la Raquel Marques que s&#8217;enmarca dins la matèria de Cultura i Valors.  Aquests mateixos companys [&hellip;]</p>
