{"id":2388,"date":"2021-12-21T08:18:58","date_gmt":"2021-12-21T07:18:58","guid":{"rendered":"https:\/\/agora.xtec.cat\/ieslesmarines\/?page_id=2388"},"modified":"2021-12-21T08:43:52","modified_gmt":"2021-12-21T07:43:52","slug":"setmana-de-la-ciencia","status":"publish","type":"page","link":"https:\/\/agora.xtec.cat\/ieslesmarines\/setmana-de-la-ciencia\/","title":{"rendered":"Setmana de la Ci\u00e8ncia"},"content":{"rendered":"<p><a href=\"https:\/\/agora.xtec.cat\/ieslesmarines\/wp-content\/uploads\/usu619\/2021\/12\/IMG_6184-scaled.jpg\"><img loading=\"lazy\" decoding=\"async\" class=\"alignnone wp-image-2389\" src=\"https:\/\/agora.xtec.cat\/ieslesmarines\/wp-content\/uploads\/usu619\/2021\/12\/IMG_6184-1024x768.jpg\" alt=\"\" width=\"608\" height=\"456\" srcset=\"https:\/\/agora.xtec.cat\/ieslesmarines\/wp-content\/uploads\/usu619\/2021\/12\/IMG_6184-1024x768.jpg 1024w, https:\/\/agora.xtec.cat\/ieslesmarines\/wp-content\/uploads\/usu619\/2021\/12\/IMG_6184-300x225.jpg 300w, https:\/\/agora.xtec.cat\/ieslesmarines\/wp-content\/uploads\/usu619\/2021\/12\/IMG_6184-768x576.jpg 768w, https:\/\/agora.xtec.cat\/ieslesmarines\/wp-content\/uploads\/usu619\/2021\/12\/IMG_6184-1536x1152.jpg 1536w, https:\/\/agora.xtec.cat\/ieslesmarines\/wp-content\/uploads\/usu619\/2021\/12\/IMG_6184-2048x1536.jpg 2048w, https:\/\/agora.xtec.cat\/ieslesmarines\/wp-content\/uploads\/usu619\/2021\/12\/IMG_6184-200x150.jpg 200w\" sizes=\"auto, (max-width: 608px) 100vw, 608px\" \/><\/a><\/p>\n<p>Aquest any hem celebrat del 15 al 19 de novembre la setmana de la ci\u00e8ncia. Els alumnes de 1r d\u2019ESO hem investigat sobre diferents invents des de les mat\u00e8ries de catal\u00e0 i pl\u00e0stica. I aqu\u00ed teniu un parell de fotos de l&#8217;exposici\u00f3 que vam organitzar amb p\u00f3sters d&#8217;alguns dels invents que ens han canviat la vida.<\/p>\n<p><a href=\"https:\/\/agora.xtec.cat\/ieslesmarines\/wp-content\/uploads\/usu619\/2021\/12\/IMG_6186-scaled.jpg\"><img loading=\"lazy\" decoding=\"async\" class=\"alignnone wp-image-2390\" src=\"https:\/\/agora.xtec.cat\/ieslesmarines\/wp-content\/uploads\/usu619\/2021\/12\/IMG_6186-1024x768.jpg\" alt=\"\" width=\"615\" height=\"461\" srcset=\"https:\/\/agora.xtec.cat\/ieslesmarines\/wp-content\/uploads\/usu619\/2021\/12\/IMG_6186-1024x768.jpg 1024w, https:\/\/agora.xtec.cat\/ieslesmarines\/wp-content\/uploads\/usu619\/2021\/12\/IMG_6186-300x225.jpg 300w, https:\/\/agora.xtec.cat\/ieslesmarines\/wp-content\/uploads\/usu619\/2021\/12\/IMG_6186-768x576.jpg 768w, https:\/\/agora.xtec.cat\/ieslesmarines\/wp-content\/uploads\/usu619\/2021\/12\/IMG_6186-1536x1152.jpg 1536w, https:\/\/agora.xtec.cat\/ieslesmarines\/wp-content\/uploads\/usu619\/2021\/12\/IMG_6186-2048x1536.jpg 2048w, https:\/\/agora.xtec.cat\/ieslesmarines\/wp-content\/uploads\/usu619\/2021\/12\/IMG_6186-200x150.jpg 200w\" sizes=\"auto, (max-width: 615px) 100vw, 615px\" \/><\/a><\/p>\n<p>&nbsp;<\/p>\n<p><a href=\"https:\/\/agora.xtec.cat\/ieslesmarines\/wp-content\/uploads\/usu619\/2021\/12\/IMG_6183-scaled.jpg\"><img loading=\"lazy\" decoding=\"async\" class=\"alignnone wp-image-2391\" src=\"https:\/\/agora.xtec.cat\/ieslesmarines\/wp-content\/uploads\/usu619\/2021\/12\/IMG_6183-1024x768.jpg\" alt=\"\" width=\"614\" height=\"461\" srcset=\"https:\/\/agora.xtec.cat\/ieslesmarines\/wp-content\/uploads\/usu619\/2021\/12\/IMG_6183-1024x768.jpg 1024w, https:\/\/agora.xtec.cat\/ieslesmarines\/wp-content\/uploads\/usu619\/2021\/12\/IMG_6183-300x225.jpg 300w, https:\/\/agora.xtec.cat\/ieslesmarines\/wp-content\/uploads\/usu619\/2021\/12\/IMG_6183-768x576.jpg 768w, https:\/\/agora.xtec.cat\/ieslesmarines\/wp-content\/uploads\/usu619\/2021\/12\/IMG_6183-1536x1152.jpg 1536w, https:\/\/agora.xtec.cat\/ieslesmarines\/wp-content\/uploads\/usu619\/2021\/12\/IMG_6183-2048x1536.jpg 2048w, https:\/\/agora.xtec.cat\/ieslesmarines\/wp-content\/uploads\/usu619\/2021\/12\/IMG_6183-200x150.jpg 200w\" sizes=\"auto, (max-width: 614px) 100vw, 614px\" \/><\/a><\/p>\n<p>A continuaci\u00f3 podreu veure els \u00e0lbums d&#8217;altres activitats que es van fer al nostre centre amb motiu de la Setmana de la Ci\u00e8ncia:<\/p>\n<p><a href=\"https:\/\/photos.app.goo.gl\/cfNuF7DmsoZxXQV66\" target=\"_blank\" rel=\"noopener\">Esp\u00e8cies invasores (taller)<\/a><\/p>\n<p><a href=\"https:\/\/photos.app.goo.gl\/ZR4351Gt8vbJVsMD9\" target=\"_blank\" rel=\"noopener\">Mar de pl\u00e0stics (taller)<\/a><\/p>\n<p>&nbsp;<\/p>\n","protected":false},"excerpt":{"rendered":"<p>Aquest any hem celebrat del 15 al 19 de novembre la setmana de la ci\u00e8ncia. Els alumnes de 1r d\u2019ESO hem investigat sobre diferents invents des de les mat\u00e8ries de catal\u00e0 i pl\u00e0stica. I aqu\u00ed teniu un parell de fotos de l&#8217;exposici\u00f3 que vam organitzar amb p\u00f3sters d&#8217;alguns dels invents que ens han canviat la [&hellip;]<\/p>\n","protected":false},"author":1,"featured_media":0,"parent":0,"menu_order":0,"comment_status":"closed","ping_status":"closed","template":"","meta":{"_bbp_topic_count":0,"_bbp_reply_count":0,"_bbp_total_topic_count":0,"_bbp_total_reply_count":0,"_bbp_voice_count":0,"_bbp_anonymous_reply_count":0,"_bbp_topic_count_hidden":0,"_bbp_reply_count_hidden":0,"_bbp_forum_subforum_count":0,"site-sidebar-layout":"default","site-content-layout":"","ast-site-content-layout":"","site-content-style":"default","site-sidebar-style":"default","ast-global-header-display":"","ast-banner-title-visibility":"","ast-main-header-display":"","ast-hfb-above-header-display":"","ast-hfb-below-header-display":"","ast-hfb-mobile-header-display":"","site-post-title":"","ast-breadcrumbs-content":"","ast-featured-img":"","footer-sml-layout":"","theme-transparent-header-meta":"","adv-header-id-meta":"","stick-header-meta":"","header-above-stick-meta":"","header-main-stick-meta":"","header-below-stick-meta":"","astra-migrate-meta-layouts":"default","ast-page-background-enabled":"default","ast-page-background-meta":{"desktop":{"background-color":"var(--ast-global-color-4)","background-image":"","background-repeat":"repeat","background-position":"center center","background-size":"auto","background-attachment":"scroll","background-type":"","background-media":"","overlay-type":"","overlay-color":"","overlay-opacity":"","overlay-gradient":""},"tablet":{"background-color":"","background-image":"","background-repeat":"repeat","background-position":"center center","background-size":"auto","background-attachment":"scroll","background-type":"","background-media":"","overlay-type":"","overlay-color":"","overlay-opacity":"","overlay-gradient":""},"mobile":{"background-color":"","background-image":"","background-repeat":"repeat","background-position":"center center","background-size":"auto","background-attachment":"scroll","background-type":"","background-media":"","overlay-type":"","overlay-color":"","overlay-opacity":"","overlay-gradient":""}},"ast-content-background-meta":{"desktop":{"background-color":"var(--ast-global-color-5)","background-image":"","background-repeat":"repeat","background-position":"center center","background-size":"auto","background-attachment":"scroll","background-type":"","background-media":"","overlay-type":"","overlay-color":"","overlay-opacity":"","overlay-gradient":""},"tablet":{"background-color":"var(--ast-global-color-5)","background-image":"","background-repeat":"repeat","background-position":"center center","background-size":"auto","background-attachment":"scroll","background-type":"","background-media":"","overlay-type":"","overlay-color":"","overlay-opacity":"","overlay-gradient":""},"mobile":{"background-color":"var(--ast-global-color-5)","background-image":"","background-repeat":"repeat","background-position":"center center","background-size":"auto","background-attachment":"scroll","background-type":"","background-media":"","overlay-type":"","overlay-color":"","overlay-opacity":"","overlay-gradient":""}},"footnotes":""},"class_list":["post-2388","page","type-page","status-publish","hentry"],"post_mailing_queue_ids":[],"_links":{"self":[{"href":"https:\/\/agora.xtec.cat\/ieslesmarines\/wp-json\/wp\/v2\/pages\/2388","targetHints":{"allow":["GET"]}}],"collection":[{"href":"https:\/\/agora.xtec.cat\/ieslesmarines\/wp-json\/wp\/v2\/pages"}],"about":[{"href":"https:\/\/agora.xtec.cat\/ieslesmarines\/wp-json\/wp\/v2\/types\/page"}],"author":[{"embeddable":true,"href":"https:\/\/agora.xtec.cat\/ieslesmarines\/wp-json\/wp\/v2\/users\/1"}],"replies":[{"embeddable":true,"href":"https:\/\/agora.xtec.cat\/ieslesmarines\/wp-json\/wp\/v2\/comments?post=2388"}],"version-history":[{"count":2,"href":"https:\/\/agora.xtec.cat\/ieslesmarines\/wp-json\/wp\/v2\/pages\/2388\/revisions"}],"predecessor-version":[{"id":2398,"href":"https:\/\/agora.xtec.cat\/ieslesmarines\/wp-json\/wp\/v2\/pages\/2388\/revisions\/2398"}],"wp:attachment":[{"href":"https:\/\/agora.xtec.cat\/ieslesmarines\/wp-json\/wp\/v2\/media?parent=2388"}],"curies":[{"name":"wp","href":"https:\/\/api.w.org\/{rel}","templated":true}]}}

Setmana de la Ciència

<p><a href="https://agora.xtec.cat/ieslesmarines/wp-content/uploads/usu619/2021/12/IMG_6184-scaled.jpg"><img loading="lazy" decoding="async" class="alignnone wp-image-2389" src="https://agora.xtec.cat/ieslesmarines/wp-content/uploads/usu619/2021/12/IMG_6184-1024x768.jpg" alt="" width="608" height="456" srcset="https://agora.xtec.cat/ieslesmarines/wp-content/uploads/usu619/2021/12/IMG_6184-1024x768.jpg 1024w, https://agora.xtec.cat/ieslesmarines/wp-content/uploads/usu619/2021/12/IMG_6184-300x225.jpg 300w, https://agora.xtec.cat/ieslesmarines/wp-content/uploads/usu619/2021/12/IMG_6184-768x576.jpg 768w, https://agora.xtec.cat/ieslesmarines/wp-content/uploads/usu619/2021/12/IMG_6184-1536x1152.jpg 1536w, https://agora.xtec.cat/ieslesmarines/wp-content/uploads/usu619/2021/12/IMG_6184-2048x1536.jpg 2048w, https://agora.xtec.cat/ieslesmarines/wp-content/uploads/usu619/2021/12/IMG_6184-200x150.jpg 200w" sizes="auto, (max-width: 608px) 100vw, 608px" /></a></p>
<p>Aquest any hem celebrat del 15 al 19 de novembre la setmana de la ciència. Els alumnes de 1r d’ESO hem investigat sobre diferents invents des de les matèries de català i plàstica. I aquí teniu un parell de fotos de l&#8217;exposició que vam organitzar amb pósters d&#8217;alguns dels invents que ens han canviat la vida.</p>
<p><a href="https://agora.xtec.cat/ieslesmarines/wp-content/uploads/usu619/2021/12/IMG_6186-scaled.jpg"><img loading="lazy" decoding="async" class="alignnone wp-image-2390" src="https://agora.xtec.cat/ieslesmarines/wp-content/uploads/usu619/2021/12/IMG_6186-1024x768.jpg" alt="" width="615" height="461" srcset="https://agora.xtec.cat/ieslesmarines/wp-content/uploads/usu619/2021/12/IMG_6186-1024x768.jpg 1024w, https://agora.xtec.cat/ieslesmarines/wp-content/uploads/usu619/2021/12/IMG_6186-300x225.jpg 300w, https://agora.xtec.cat/ieslesmarines/wp-content/uploads/usu619/2021/12/IMG_6186-768x576.jpg 768w, https://agora.xtec.cat/ieslesmarines/wp-content/uploads/usu619/2021/12/IMG_6186-1536x1152.jpg 1536w, https://agora.xtec.cat/ieslesmarines/wp-content/uploads/usu619/2021/12/IMG_6186-2048x1536.jpg 2048w, https://agora.xtec.cat/ieslesmarines/wp-content/uploads/usu619/2021/12/IMG_6186-200x150.jpg 200w" sizes="auto, (max-width: 615px) 100vw, 615px" /></a></p>
<p>&nbsp;</p>
<p><a href="https://agora.xtec.cat/ieslesmarines/wp-content/uploads/usu619/2021/12/IMG_6183-scaled.jpg"><img loading="lazy" decoding="async" class="alignnone wp-image-2391" src="https://agora.xtec.cat/ieslesmarines/wp-content/uploads/usu619/2021/12/IMG_6183-1024x768.jpg" alt="" width="614" height="461" srcset="https://agora.xtec.cat/ieslesmarines/wp-content/uploads/usu619/2021/12/IMG_6183-1024x768.jpg 1024w, https://agora.xtec.cat/ieslesmarines/wp-content/uploads/usu619/2021/12/IMG_6183-300x225.jpg 300w, https://agora.xtec.cat/ieslesmarines/wp-content/uploads/usu619/2021/12/IMG_6183-768x576.jpg 768w, https://agora.xtec.cat/ieslesmarines/wp-content/uploads/usu619/2021/12/IMG_6183-1536x1152.jpg 1536w, https://agora.xtec.cat/ieslesmarines/wp-content/uploads/usu619/2021/12/IMG_6183-2048x1536.jpg 2048w, https://agora.xtec.cat/ieslesmarines/wp-content/uploads/usu619/2021/12/IMG_6183-200x150.jpg 200w" sizes="auto, (max-width: 614px) 100vw, 614px" /></a></p>
<p>A continuació podreu veure els àlbums d&#8217;altres activitats que es van fer al nostre centre amb motiu de la Setmana de la Ciència:</p>
<p><a href="https://photos.app.goo.gl/cfNuF7DmsoZxXQV66" target="_blank" rel="noopener">Espècies invasores (taller)</a></p>
<p><a href="https://photos.app.goo.gl/ZR4351Gt8vbJVsMD9" target="_blank" rel="noopener">Mar de plàstics (taller)</a></p>
<p>&nbsp;</p>

<p>Aquest any hem celebrat del 15 al 19 de novembre la setmana de la ciència. Els alumnes de 1r d’ESO hem investigat sobre diferents invents des de les matèries de català i plàstica. I aquí teniu un parell de fotos de l&#8217;exposició que vam organitzar amb pósters d&#8217;alguns dels invents que ens han canviat la [&hellip;]</p>
