{"id":2355,"date":"2021-12-04T08:45:53","date_gmt":"2021-12-04T07:45:53","guid":{"rendered":"https:\/\/agora.xtec.cat\/ieslesmarines\/?page_id=2355"},"modified":"2021-12-04T09:36:23","modified_gmt":"2021-12-04T08:36:23","slug":"no-da-igual","status":"publish","type":"page","link":"https:\/\/agora.xtec.cat\/ieslesmarines\/no-da-igual\/","title":{"rendered":"No da igual"},"content":{"rendered":"<p><a href=\"https:\/\/agora.xtec.cat\/ieslesmarines\/wp-content\/uploads\/usu619\/2021\/12\/no-da-igual-1-scaled.jpg\"><img loading=\"lazy\" decoding=\"async\" class=\"alignnone wp-image-2356\" src=\"https:\/\/agora.xtec.cat\/ieslesmarines\/wp-content\/uploads\/usu619\/2021\/12\/no-da-igual-1-1024x768.jpg\" alt=\"\" width=\"650\" height=\"487\" srcset=\"https:\/\/agora.xtec.cat\/ieslesmarines\/wp-content\/uploads\/usu619\/2021\/12\/no-da-igual-1-1024x768.jpg 1024w, https:\/\/agora.xtec.cat\/ieslesmarines\/wp-content\/uploads\/usu619\/2021\/12\/no-da-igual-1-300x225.jpg 300w, https:\/\/agora.xtec.cat\/ieslesmarines\/wp-content\/uploads\/usu619\/2021\/12\/no-da-igual-1-768x576.jpg 768w, https:\/\/agora.xtec.cat\/ieslesmarines\/wp-content\/uploads\/usu619\/2021\/12\/no-da-igual-1-1536x1152.jpg 1536w, https:\/\/agora.xtec.cat\/ieslesmarines\/wp-content\/uploads\/usu619\/2021\/12\/no-da-igual-1-2048x1536.jpg 2048w, https:\/\/agora.xtec.cat\/ieslesmarines\/wp-content\/uploads\/usu619\/2021\/12\/no-da-igual-1-200x150.jpg 200w\" sizes=\"auto, (max-width: 650px) 100vw, 650px\" \/>\u00e7<\/a><\/p>\n<p>El passat dijous 25 de novembre, coincidint amb el Dia internacional per a l&#8217;eliminaci\u00f3 de la viol\u00e8ncia contra les dones<b>, <\/b>l&#8217;alumnat de l\u2019optativa de Visual i pl\u00e0stica de 4t d\u2019ESO va comen\u00e7ar amb la Noelia Bail un curs que els ajudar\u00e0 a preparar-se per al <span class=\"il\">concurs<\/span> de curts NO \u00a0DA IGUAL, que es dur\u00e0 a terme la primera setmana de mar\u00e7. Aquest curs est\u00e0 organitzat per l\u2019ajuntament de Castelldefels i planteja una s\u00e8rie d&#8217;activitats i reflexions entorn la consci\u00e8ncia de g\u00e8nere, la identitat i la no viol\u00e8ncia.<\/p>\n<div dir=\"auto\">\n<div dir=\"auto\"><\/div>\n<\/div>\n","protected":false},"excerpt":{"rendered":"<p>\u00e7 El passat dijous 25 de novembre, coincidint amb el Dia internacional per a l&#8217;eliminaci\u00f3 de la viol\u00e8ncia contra les dones, l&#8217;alumnat de l\u2019optativa de Visual i pl\u00e0stica de 4t d\u2019ESO va comen\u00e7ar amb la Noelia Bail un curs que els ajudar\u00e0 a preparar-se per al concurs de curts NO \u00a0DA IGUAL, que es dur\u00e0 [&hellip;]<\/p>\n","protected":false},"author":1,"featured_media":0,"parent":0,"menu_order":0,"comment_status":"closed","ping_status":"closed","template":"","meta":{"_bbp_topic_count":0,"_bbp_reply_count":0,"_bbp_total_topic_count":0,"_bbp_total_reply_count":0,"_bbp_voice_count":0,"_bbp_anonymous_reply_count":0,"_bbp_topic_count_hidden":0,"_bbp_reply_count_hidden":0,"_bbp_forum_subforum_count":0,"site-sidebar-layout":"default","site-content-layout":"","ast-site-content-layout":"","site-content-style":"default","site-sidebar-style":"default","ast-global-header-display":"","ast-banner-title-visibility":"","ast-main-header-display":"","ast-hfb-above-header-display":"","ast-hfb-below-header-display":"","ast-hfb-mobile-header-display":"","site-post-title":"","ast-breadcrumbs-content":"","ast-featured-img":"","footer-sml-layout":"","theme-transparent-header-meta":"","adv-header-id-meta":"","stick-header-meta":"","header-above-stick-meta":"","header-main-stick-meta":"","header-below-stick-meta":"","astra-migrate-meta-layouts":"default","ast-page-background-enabled":"default","ast-page-background-meta":{"desktop":{"background-color":"var(--ast-global-color-4)","background-image":"","background-repeat":"repeat","background-position":"center center","background-size":"auto","background-attachment":"scroll","background-type":"","background-media":"","overlay-type":"","overlay-color":"","overlay-opacity":"","overlay-gradient":""},"tablet":{"background-color":"","background-image":"","background-repeat":"repeat","background-position":"center center","background-size":"auto","background-attachment":"scroll","background-type":"","background-media":"","overlay-type":"","overlay-color":"","overlay-opacity":"","overlay-gradient":""},"mobile":{"background-color":"","background-image":"","background-repeat":"repeat","background-position":"center center","background-size":"auto","background-attachment":"scroll","background-type":"","background-media":"","overlay-type":"","overlay-color":"","overlay-opacity":"","overlay-gradient":""}},"ast-content-background-meta":{"desktop":{"background-color":"var(--ast-global-color-5)","background-image":"","background-repeat":"repeat","background-position":"center center","background-size":"auto","background-attachment":"scroll","background-type":"","background-media":"","overlay-type":"","overlay-color":"","overlay-opacity":"","overlay-gradient":""},"tablet":{"background-color":"var(--ast-global-color-5)","background-image":"","background-repeat":"repeat","background-position":"center center","background-size":"auto","background-attachment":"scroll","background-type":"","background-media":"","overlay-type":"","overlay-color":"","overlay-opacity":"","overlay-gradient":""},"mobile":{"background-color":"var(--ast-global-color-5)","background-image":"","background-repeat":"repeat","background-position":"center center","background-size":"auto","background-attachment":"scroll","background-type":"","background-media":"","overlay-type":"","overlay-color":"","overlay-opacity":"","overlay-gradient":""}},"footnotes":""},"class_list":["post-2355","page","type-page","status-publish","hentry"],"post_mailing_queue_ids":[],"_links":{"self":[{"href":"https:\/\/agora.xtec.cat\/ieslesmarines\/wp-json\/wp\/v2\/pages\/2355","targetHints":{"allow":["GET"]}}],"collection":[{"href":"https:\/\/agora.xtec.cat\/ieslesmarines\/wp-json\/wp\/v2\/pages"}],"about":[{"href":"https:\/\/agora.xtec.cat\/ieslesmarines\/wp-json\/wp\/v2\/types\/page"}],"author":[{"embeddable":true,"href":"https:\/\/agora.xtec.cat\/ieslesmarines\/wp-json\/wp\/v2\/users\/1"}],"replies":[{"embeddable":true,"href":"https:\/\/agora.xtec.cat\/ieslesmarines\/wp-json\/wp\/v2\/comments?post=2355"}],"version-history":[{"count":3,"href":"https:\/\/agora.xtec.cat\/ieslesmarines\/wp-json\/wp\/v2\/pages\/2355\/revisions"}],"predecessor-version":[{"id":2369,"href":"https:\/\/agora.xtec.cat\/ieslesmarines\/wp-json\/wp\/v2\/pages\/2355\/revisions\/2369"}],"wp:attachment":[{"href":"https:\/\/agora.xtec.cat\/ieslesmarines\/wp-json\/wp\/v2\/media?parent=2355"}],"curies":[{"name":"wp","href":"https:\/\/api.w.org\/{rel}","templated":true}]}}

<p><a href="https://agora.xtec.cat/ieslesmarines/wp-content/uploads/usu619/2021/12/no-da-igual-1-scaled.jpg"><img loading="lazy" decoding="async" class="alignnone wp-image-2356" src="https://agora.xtec.cat/ieslesmarines/wp-content/uploads/usu619/2021/12/no-da-igual-1-1024x768.jpg" alt="" width="650" height="487" srcset="https://agora.xtec.cat/ieslesmarines/wp-content/uploads/usu619/2021/12/no-da-igual-1-1024x768.jpg 1024w, https://agora.xtec.cat/ieslesmarines/wp-content/uploads/usu619/2021/12/no-da-igual-1-300x225.jpg 300w, https://agora.xtec.cat/ieslesmarines/wp-content/uploads/usu619/2021/12/no-da-igual-1-768x576.jpg 768w, https://agora.xtec.cat/ieslesmarines/wp-content/uploads/usu619/2021/12/no-da-igual-1-1536x1152.jpg 1536w, https://agora.xtec.cat/ieslesmarines/wp-content/uploads/usu619/2021/12/no-da-igual-1-2048x1536.jpg 2048w, https://agora.xtec.cat/ieslesmarines/wp-content/uploads/usu619/2021/12/no-da-igual-1-200x150.jpg 200w" sizes="auto, (max-width: 650px) 100vw, 650px" />ç</a></p>
<p>El passat dijous 25 de novembre, coincidint amb el Dia internacional per a l&#8217;eliminació de la violència contra les dones<b>, </b>l&#8217;alumnat de l’optativa de Visual i plàstica de 4t d’ESO va començar amb la Noelia Bail un curs que els ajudarà a preparar-se per al <span class="il">concurs</span> de curts NO  DA IGUAL, que es durà a terme la primera setmana de març. Aquest curs està organitzat per l’ajuntament de Castelldefels i planteja una sèrie d&#8217;activitats i reflexions entorn la consciència de gènere, la identitat i la no violència.</p>
<div dir="auto">
<div dir="auto"></div>
</div>

<p>ç El passat dijous 25 de novembre, coincidint amb el Dia internacional per a l&#8217;eliminació de la violència contra les dones, l&#8217;alumnat de l’optativa de Visual i plàstica de 4t d’ESO va començar amb la Noelia Bail un curs que els ajudarà a preparar-se per al concurs de curts NO  DA IGUAL, que es durà [&hellip;]</p>
