{"id":2315,"date":"2021-10-18T20:05:03","date_gmt":"2021-10-18T18:05:03","guid":{"rendered":"https:\/\/agora.xtec.cat\/ieslesmarines\/?page_id=2315"},"modified":"2021-10-18T20:07:59","modified_gmt":"2021-10-18T18:07:59","slug":"concurs-metropolis-a-les-escoles","status":"publish","type":"page","link":"https:\/\/agora.xtec.cat\/ieslesmarines\/concurs-metropolis-a-les-escoles\/","title":{"rendered":"Concurs Metr\u00f2polis a les escoles"},"content":{"rendered":"<p>&nbsp;<\/p>\n<p><a href=\"https:\/\/agora.xtec.cat\/ieslesmarines\/wp-content\/uploads\/usu619\/2021\/10\/huda.jpg\"><img loading=\"lazy\" decoding=\"async\" class=\"wp-image-2316 alignnone\" src=\"https:\/\/agora.xtec.cat\/ieslesmarines\/wp-content\/uploads\/usu619\/2021\/10\/huda.jpg\" alt=\"\" width=\"495\" height=\"355\" srcset=\"https:\/\/agora.xtec.cat\/ieslesmarines\/wp-content\/uploads\/usu619\/2021\/10\/huda.jpg 676w, https:\/\/agora.xtec.cat\/ieslesmarines\/wp-content\/uploads\/usu619\/2021\/10\/huda-300x215.jpg 300w\" sizes=\"auto, (max-width: 495px) 100vw, 495px\" \/><\/a><\/p>\n<p>Des de l&#8217;assignatura de Visual i Pl\u00e0stica ens hem presentat al concurs de dibuix <b>Metr\u00f2polis a les escoles<\/b>.Els alumnes de 1r d&#8217;ESO hem dibuixat com ens agradaria veure la nostra ciutat en un futur, especialment despr\u00e9s de la pand\u00e8mia. <a href=\"https:\/\/photos.app.goo.gl\/xxcHHCTkaDfvuZyj6\" target=\"_blank\" rel=\"noopener\">Aqu\u00ed<\/a> trobar\u00e0s un petit \u00e0lbum fotogr\u00e0fic amb alguns dels seus dibuixos. Els dibuixos guanyadors tindran un premi de 300 euros (amb material escolar). Alguns dels dibuixos estan exposats a l&#8217;entrada del centre, per\u00f2 ens agradaria que entressiu a votar (escriu Barcelona) i vota els millors dibuixos al seg\u00fcent enlla\u00e7:<\/p>\n<div><a href=\"https:\/\/imaginemetropolis.org\/es\/gallery\" target=\"_blank\" rel=\"noopener\" data-saferedirecturl=\"https:\/\/www.google.com\/url?q=https:\/\/imaginemetropolis.org\/es\/gallery&amp;source=gmail&amp;ust=1634666082699000&amp;usg=AFQjCNHmnK7_i26e6eQzdvCPFbS8CBGrRw\">https:\/\/imaginemetropolis.org\/<wbr \/>es\/gallery<\/a><\/div>\n","protected":false},"excerpt":{"rendered":"<p>&nbsp; Des de l&#8217;assignatura de Visual i Pl\u00e0stica ens hem presentat al concurs de dibuix Metr\u00f2polis a les escoles.Els alumnes de 1r d&#8217;ESO hem dibuixat com ens agradaria veure la nostra ciutat en un futur, especialment despr\u00e9s de la pand\u00e8mia. Aqu\u00ed trobar\u00e0s un petit \u00e0lbum fotogr\u00e0fic amb alguns dels seus dibuixos. Els dibuixos guanyadors tindran [&hellip;]<\/p>\n","protected":false},"author":1,"featured_media":0,"parent":0,"menu_order":0,"comment_status":"closed","ping_status":"closed","template":"","meta":{"_bbp_topic_count":0,"_bbp_reply_count":0,"_bbp_total_topic_count":0,"_bbp_total_reply_count":0,"_bbp_voice_count":0,"_bbp_anonymous_reply_count":0,"_bbp_topic_count_hidden":0,"_bbp_reply_count_hidden":0,"_bbp_forum_subforum_count":0,"site-sidebar-layout":"default","site-content-layout":"","ast-site-content-layout":"","site-content-style":"default","site-sidebar-style":"default","ast-global-header-display":"","ast-banner-title-visibility":"","ast-main-header-display":"","ast-hfb-above-header-display":"","ast-hfb-below-header-display":"","ast-hfb-mobile-header-display":"","site-post-title":"","ast-breadcrumbs-content":"","ast-featured-img":"","footer-sml-layout":"","theme-transparent-header-meta":"","adv-header-id-meta":"","stick-header-meta":"","header-above-stick-meta":"","header-main-stick-meta":"","header-below-stick-meta":"","astra-migrate-meta-layouts":"default","ast-page-background-enabled":"default","ast-page-background-meta":{"desktop":{"background-color":"var(--ast-global-color-4)","background-image":"","background-repeat":"repeat","background-position":"center center","background-size":"auto","background-attachment":"scroll","background-type":"","background-media":"","overlay-type":"","overlay-color":"","overlay-opacity":"","overlay-gradient":""},"tablet":{"background-color":"","background-image":"","background-repeat":"repeat","background-position":"center center","background-size":"auto","background-attachment":"scroll","background-type":"","background-media":"","overlay-type":"","overlay-color":"","overlay-opacity":"","overlay-gradient":""},"mobile":{"background-color":"","background-image":"","background-repeat":"repeat","background-position":"center center","background-size":"auto","background-attachment":"scroll","background-type":"","background-media":"","overlay-type":"","overlay-color":"","overlay-opacity":"","overlay-gradient":""}},"ast-content-background-meta":{"desktop":{"background-color":"var(--ast-global-color-5)","background-image":"","background-repeat":"repeat","background-position":"center center","background-size":"auto","background-attachment":"scroll","background-type":"","background-media":"","overlay-type":"","overlay-color":"","overlay-opacity":"","overlay-gradient":""},"tablet":{"background-color":"var(--ast-global-color-5)","background-image":"","background-repeat":"repeat","background-position":"center center","background-size":"auto","background-attachment":"scroll","background-type":"","background-media":"","overlay-type":"","overlay-color":"","overlay-opacity":"","overlay-gradient":""},"mobile":{"background-color":"var(--ast-global-color-5)","background-image":"","background-repeat":"repeat","background-position":"center center","background-size":"auto","background-attachment":"scroll","background-type":"","background-media":"","overlay-type":"","overlay-color":"","overlay-opacity":"","overlay-gradient":""}},"footnotes":""},"class_list":["post-2315","page","type-page","status-publish","hentry"],"post_mailing_queue_ids":[],"_links":{"self":[{"href":"https:\/\/agora.xtec.cat\/ieslesmarines\/wp-json\/wp\/v2\/pages\/2315","targetHints":{"allow":["GET"]}}],"collection":[{"href":"https:\/\/agora.xtec.cat\/ieslesmarines\/wp-json\/wp\/v2\/pages"}],"about":[{"href":"https:\/\/agora.xtec.cat\/ieslesmarines\/wp-json\/wp\/v2\/types\/page"}],"author":[{"embeddable":true,"href":"https:\/\/agora.xtec.cat\/ieslesmarines\/wp-json\/wp\/v2\/users\/1"}],"replies":[{"embeddable":true,"href":"https:\/\/agora.xtec.cat\/ieslesmarines\/wp-json\/wp\/v2\/comments?post=2315"}],"version-history":[{"count":3,"href":"https:\/\/agora.xtec.cat\/ieslesmarines\/wp-json\/wp\/v2\/pages\/2315\/revisions"}],"predecessor-version":[{"id":2322,"href":"https:\/\/agora.xtec.cat\/ieslesmarines\/wp-json\/wp\/v2\/pages\/2315\/revisions\/2322"}],"wp:attachment":[{"href":"https:\/\/agora.xtec.cat\/ieslesmarines\/wp-json\/wp\/v2\/media?parent=2315"}],"curies":[{"name":"wp","href":"https:\/\/api.w.org\/{rel}","templated":true}]}}

Concurs Metròpolis a les escoles

<p>&nbsp;</p>
<p><a href="https://agora.xtec.cat/ieslesmarines/wp-content/uploads/usu619/2021/10/huda.jpg"><img loading="lazy" decoding="async" class="wp-image-2316 alignnone" src="https://agora.xtec.cat/ieslesmarines/wp-content/uploads/usu619/2021/10/huda.jpg" alt="" width="495" height="355" srcset="https://agora.xtec.cat/ieslesmarines/wp-content/uploads/usu619/2021/10/huda.jpg 676w, https://agora.xtec.cat/ieslesmarines/wp-content/uploads/usu619/2021/10/huda-300x215.jpg 300w" sizes="auto, (max-width: 495px) 100vw, 495px" /></a></p>
<p>Des de l&#8217;assignatura de Visual i Plàstica ens hem presentat al concurs de dibuix <b>Metròpolis a les escoles</b>.Els alumnes de 1r d&#8217;ESO hem dibuixat com ens agradaria veure la nostra ciutat en un futur, especialment després de la pandèmia. <a href="https://photos.app.goo.gl/xxcHHCTkaDfvuZyj6" target="_blank" rel="noopener">Aquí</a> trobaràs un petit àlbum fotogràfic amb alguns dels seus dibuixos. Els dibuixos guanyadors tindran un premi de 300 euros (amb material escolar). Alguns dels dibuixos estan exposats a l&#8217;entrada del centre, però ens agradaria que entressiu a votar (escriu Barcelona) i vota els millors dibuixos al següent enllaç:</p>
<div><a href="https://imaginemetropolis.org/es/gallery" target="_blank" rel="noopener" data-saferedirecturl="https://www.google.com/url?q=https://imaginemetropolis.org/es/gallery&amp;source=gmail&amp;ust=1634666082699000&amp;usg=AFQjCNHmnK7_i26e6eQzdvCPFbS8CBGrRw">https://imaginemetropolis.org/<wbr />es/gallery</a></div>

<p>&nbsp; Des de l&#8217;assignatura de Visual i Plàstica ens hem presentat al concurs de dibuix Metròpolis a les escoles.Els alumnes de 1r d&#8217;ESO hem dibuixat com ens agradaria veure la nostra ciutat en un futur, especialment després de la pandèmia. Aquí trobaràs un petit àlbum fotogràfic amb alguns dels seus dibuixos. Els dibuixos guanyadors tindran [&hellip;]</p>
