{"id":2142,"date":"2021-05-25T14:58:08","date_gmt":"2021-05-25T12:58:08","guid":{"rendered":"http:\/\/agora.xtec.cat\/ieslesmarines\/?page_id=2142"},"modified":"2021-05-25T14:58:08","modified_gmt":"2021-05-25T12:58:08","slug":"rapel-i-senderisme-al-parc-del-garraf","status":"publish","type":"page","link":"https:\/\/agora.xtec.cat\/ieslesmarines\/rapel-i-senderisme-al-parc-del-garraf\/","title":{"rendered":"R\u00e0pel i senderisme al parc del Garraf"},"content":{"rendered":"<p><a href=\"https:\/\/agora.xtec.cat\/ieslesmarines\/wp-content\/uploads\/usu619\/2021\/05\/r\u00e0pel-2.jpg\"><img loading=\"lazy\" decoding=\"async\" class=\"alignnone  wp-image-2143\" src=\"https:\/\/agora.xtec.cat\/ieslesmarines\/wp-content\/uploads\/usu619\/2021\/05\/r\u00e0pel-2-1024x768.jpg\" alt=\"\" width=\"553\" height=\"415\" srcset=\"https:\/\/agora.xtec.cat\/ieslesmarines\/wp-content\/uploads\/usu619\/2021\/05\/r\u00e0pel-2-1024x768.jpg 1024w, https:\/\/agora.xtec.cat\/ieslesmarines\/wp-content\/uploads\/usu619\/2021\/05\/r\u00e0pel-2-300x225.jpg 300w, https:\/\/agora.xtec.cat\/ieslesmarines\/wp-content\/uploads\/usu619\/2021\/05\/r\u00e0pel-2-768x576.jpg 768w, https:\/\/agora.xtec.cat\/ieslesmarines\/wp-content\/uploads\/usu619\/2021\/05\/r\u00e0pel-2-200x150.jpg 200w, https:\/\/agora.xtec.cat\/ieslesmarines\/wp-content\/uploads\/usu619\/2021\/05\/r\u00e0pel-2.jpg 1043w\" sizes=\"auto, (max-width: 553px) 100vw, 553px\" \/><\/a><\/p>\n<p>A aquest <a href=\"https:\/\/photos.app.goo.gl\/CK9UF7dkb9jmAigx5\" target=\"_blank\" rel=\"noopener noreferrer\">\u00e0lbum<\/a> trobareu les fotografies de la jornada de r\u00e0pel i senderisme al parc del Garraf de la qual va poder gaudir l&#8217;alumnat de 1r de batxillerat en una sortida organitzada pel departament d&#8217;educaci\u00f3 f\u00edsica i que va contar amb el suport dels t\u00e8cnics del Gimn\u00e0s Okaeri. No deixeu de veure aquest espectacular <a href=\"https:\/\/gopro.com\/v\/PonRJwOJ0aJo6\" target=\"_blank\" rel=\"noopener noreferrer\">v\u00eddeo<\/a> amb imatges enregistrades amb drone.<\/p>\n","protected":false},"excerpt":{"rendered":"<p>A aquest \u00e0lbum trobareu les fotografies de la jornada de r\u00e0pel i senderisme al parc del Garraf de la qual va poder gaudir l&#8217;alumnat de 1r de batxillerat en una sortida organitzada pel departament d&#8217;educaci\u00f3 f\u00edsica i que va contar amb el suport dels t\u00e8cnics del Gimn\u00e0s Okaeri. No deixeu de veure aquest espectacular v\u00eddeo [&hellip;]<\/p>\n","protected":false},"author":1,"featured_media":0,"parent":0,"menu_order":0,"comment_status":"closed","ping_status":"closed","template":"","meta":{"_bbp_topic_count":0,"_bbp_reply_count":0,"_bbp_total_topic_count":0,"_bbp_total_reply_count":0,"_bbp_voice_count":0,"_bbp_anonymous_reply_count":0,"_bbp_topic_count_hidden":0,"_bbp_reply_count_hidden":0,"_bbp_forum_subforum_count":0,"site-sidebar-layout":"default","site-content-layout":"","ast-site-content-layout":"","site-content-style":"default","site-sidebar-style":"default","ast-global-header-display":"","ast-banner-title-visibility":"","ast-main-header-display":"","ast-hfb-above-header-display":"","ast-hfb-below-header-display":"","ast-hfb-mobile-header-display":"","site-post-title":"","ast-breadcrumbs-content":"","ast-featured-img":"","footer-sml-layout":"","theme-transparent-header-meta":"","adv-header-id-meta":"","stick-header-meta":"","header-above-stick-meta":"","header-main-stick-meta":"","header-below-stick-meta":"","astra-migrate-meta-layouts":"default","ast-page-background-enabled":"default","ast-page-background-meta":{"desktop":{"background-color":"var(--ast-global-color-4)","background-image":"","background-repeat":"repeat","background-position":"center center","background-size":"auto","background-attachment":"scroll","background-type":"","background-media":"","overlay-type":"","overlay-color":"","overlay-opacity":"","overlay-gradient":""},"tablet":{"background-color":"","background-image":"","background-repeat":"repeat","background-position":"center center","background-size":"auto","background-attachment":"scroll","background-type":"","background-media":"","overlay-type":"","overlay-color":"","overlay-opacity":"","overlay-gradient":""},"mobile":{"background-color":"","background-image":"","background-repeat":"repeat","background-position":"center center","background-size":"auto","background-attachment":"scroll","background-type":"","background-media":"","overlay-type":"","overlay-color":"","overlay-opacity":"","overlay-gradient":""}},"ast-content-background-meta":{"desktop":{"background-color":"var(--ast-global-color-5)","background-image":"","background-repeat":"repeat","background-position":"center center","background-size":"auto","background-attachment":"scroll","background-type":"","background-media":"","overlay-type":"","overlay-color":"","overlay-opacity":"","overlay-gradient":""},"tablet":{"background-color":"var(--ast-global-color-5)","background-image":"","background-repeat":"repeat","background-position":"center center","background-size":"auto","background-attachment":"scroll","background-type":"","background-media":"","overlay-type":"","overlay-color":"","overlay-opacity":"","overlay-gradient":""},"mobile":{"background-color":"var(--ast-global-color-5)","background-image":"","background-repeat":"repeat","background-position":"center center","background-size":"auto","background-attachment":"scroll","background-type":"","background-media":"","overlay-type":"","overlay-color":"","overlay-opacity":"","overlay-gradient":""}},"footnotes":""},"class_list":["post-2142","page","type-page","status-publish","hentry"],"post_mailing_queue_ids":[],"_links":{"self":[{"href":"https:\/\/agora.xtec.cat\/ieslesmarines\/wp-json\/wp\/v2\/pages\/2142","targetHints":{"allow":["GET"]}}],"collection":[{"href":"https:\/\/agora.xtec.cat\/ieslesmarines\/wp-json\/wp\/v2\/pages"}],"about":[{"href":"https:\/\/agora.xtec.cat\/ieslesmarines\/wp-json\/wp\/v2\/types\/page"}],"author":[{"embeddable":true,"href":"https:\/\/agora.xtec.cat\/ieslesmarines\/wp-json\/wp\/v2\/users\/1"}],"replies":[{"embeddable":true,"href":"https:\/\/agora.xtec.cat\/ieslesmarines\/wp-json\/wp\/v2\/comments?post=2142"}],"version-history":[{"count":1,"href":"https:\/\/agora.xtec.cat\/ieslesmarines\/wp-json\/wp\/v2\/pages\/2142\/revisions"}],"predecessor-version":[{"id":2144,"href":"https:\/\/agora.xtec.cat\/ieslesmarines\/wp-json\/wp\/v2\/pages\/2142\/revisions\/2144"}],"wp:attachment":[{"href":"https:\/\/agora.xtec.cat\/ieslesmarines\/wp-json\/wp\/v2\/media?parent=2142"}],"curies":[{"name":"wp","href":"https:\/\/api.w.org\/{rel}","templated":true}]}}

Ràpel i senderisme al parc del Garraf

<p><a href="https://agora.xtec.cat/ieslesmarines/wp-content/uploads/usu619/2021/05/ràpel-2.jpg"><img loading="lazy" decoding="async" class="alignnone  wp-image-2143" src="https://agora.xtec.cat/ieslesmarines/wp-content/uploads/usu619/2021/05/ràpel-2-1024x768.jpg" alt="" width="553" height="415" srcset="https://agora.xtec.cat/ieslesmarines/wp-content/uploads/usu619/2021/05/ràpel-2-1024x768.jpg 1024w, https://agora.xtec.cat/ieslesmarines/wp-content/uploads/usu619/2021/05/ràpel-2-300x225.jpg 300w, https://agora.xtec.cat/ieslesmarines/wp-content/uploads/usu619/2021/05/ràpel-2-768x576.jpg 768w, https://agora.xtec.cat/ieslesmarines/wp-content/uploads/usu619/2021/05/ràpel-2-200x150.jpg 200w, https://agora.xtec.cat/ieslesmarines/wp-content/uploads/usu619/2021/05/ràpel-2.jpg 1043w" sizes="auto, (max-width: 553px) 100vw, 553px" /></a></p>
<p>A aquest <a href="https://photos.app.goo.gl/CK9UF7dkb9jmAigx5" target="_blank" rel="noopener noreferrer">àlbum</a> trobareu les fotografies de la jornada de ràpel i senderisme al parc del Garraf de la qual va poder gaudir l&#8217;alumnat de 1r de batxillerat en una sortida organitzada pel departament d&#8217;educació física i que va contar amb el suport dels tècnics del Gimnàs Okaeri. No deixeu de veure aquest espectacular <a href="https://gopro.com/v/PonRJwOJ0aJo6" target="_blank" rel="noopener noreferrer">vídeo</a> amb imatges enregistrades amb drone.</p>

<p>A aquest àlbum trobareu les fotografies de la jornada de ràpel i senderisme al parc del Garraf de la qual va poder gaudir l&#8217;alumnat de 1r de batxillerat en una sortida organitzada pel departament d&#8217;educació física i que va contar amb el suport dels tècnics del Gimnàs Okaeri. No deixeu de veure aquest espectacular vídeo [&hellip;]</p>
