{"id":2118,"date":"2021-05-06T18:16:41","date_gmt":"2021-05-06T16:16:41","guid":{"rendered":"http:\/\/agora.xtec.cat\/ieslesmarines\/?page_id=2118"},"modified":"2021-05-06T18:20:30","modified_gmt":"2021-05-06T16:20:30","slug":"gala-de-premis-curts-nodaigual-2021","status":"publish","type":"page","link":"https:\/\/agora.xtec.cat\/ieslesmarines\/gala-de-premis-curts-nodaigual-2021\/","title":{"rendered":"Gala de premis Curts NOdaIGUAL 2021"},"content":{"rendered":"<p dir=\"auto\">El passat 3 de maig els alumnes de l&#8217;optativa de VIP de 4 d&#8217;ESO han assistit online a la gala de premis del concurs de Curts No da Igual. Aquest concurs est\u00e0 organitzat per la Regidoria d&#8217;Igualtat de l&#8217;Ajuntament de Castelldefels i han participat alumnes de tots els instituts de la ciutat.<\/p>\n<p dir=\"auto\">A m\u00e9s aquest any l&#8217;institut ha executat les estatuetes i els diplomes amb els alumnes del tast de 2 d&#8217;ESO \u201cProcediments i t\u00e8cniques pict\u00f2riques\u201d.<\/p>\n<p dir=\"auto\">Els alumnes de les Marines han rebut molts premis i nominacions! Enhorabona!!!!<\/p>\n<p dir=\"auto\">Entre ells l\u2019Institut obt\u00e9 el premi a la participaci\u00f3 pel Making off dels premis.<\/p>\n<p dir=\"auto\">Aquest s\u00f3n els alumnes guanyadors de l&#8217;Institut les Marines:<\/p>\n<p dir=\"auto\">Nominacions:<\/p>\n<p dir=\"auto\">&#8211; A la millor interpretaci\u00f3 (Maria Solano i Abril Garc\u00eda) amb el curt &#8220;\u00c1(R)MATE&#8221;.<\/p>\n<p dir=\"auto\">&#8211; 2 premis al millor documental s\u00f3n:<\/p>\n<p dir=\"auto\">Mar Usero i J\u00falia Mora amb el curt &#8220;Est\u00e1 bien, sobreviviremos&#8221;<\/p>\n<p dir=\"auto\">Jhon Alexander Lozano amb \u201cEl recuerdo\u201d<\/p>\n<p dir=\"auto\">Premis<\/p>\n<p dir=\"auto\">-El segon premi per al curtmetratge \u00a0\u201cVull que siguis un home\u201d de Laia Cruellas<\/p>\n<p dir=\"auto\">-El tercer premi l\u2019ha rebut Mireia Rodr\u00edguez amb \u201c\u00bfQu\u00e9 hubiera pasado?&#8221;<\/p>\n<div dir=\"auto\">\n<p><a href=\"https:\/\/photos.app.goo.gl\/CtMxtsMGqdxqWgC99\" target=\"_blank\" rel=\"noopener noreferrer\">Aqu\u00ed<\/a> podeu l&#8217;\u00e0lbum amb una selecci\u00f3 de fotos de la gala. Tamb\u00e9 \u00e9s possible veure tota la gala i els curts guanyadors al seg\u00fcent <a href=\"https:\/\/youtube.com\/playlist?list=PLOJec83V94G2OIuQ7n6U4XTJTEJqTpkFg\" target=\"_blank\" rel=\"noopener noreferrer\">enlla\u00e7.<\/a><\/p>\n<p>&nbsp;<\/p>\n<\/div>\n","protected":false},"excerpt":{"rendered":"<p>El passat 3 de maig els alumnes de l&#8217;optativa de VIP de 4 d&#8217;ESO han assistit online a la gala de premis del concurs de Curts No da Igual. Aquest concurs est\u00e0 organitzat per la Regidoria d&#8217;Igualtat de l&#8217;Ajuntament de Castelldefels i han participat alumnes de tots els instituts de la ciutat. A m\u00e9s aquest [&hellip;]<\/p>\n","protected":false},"author":1,"featured_media":0,"parent":0,"menu_order":0,"comment_status":"closed","ping_status":"closed","template":"","meta":{"_bbp_topic_count":0,"_bbp_reply_count":0,"_bbp_total_topic_count":0,"_bbp_total_reply_count":0,"_bbp_voice_count":0,"_bbp_anonymous_reply_count":0,"_bbp_topic_count_hidden":0,"_bbp_reply_count_hidden":0,"_bbp_forum_subforum_count":0,"site-sidebar-layout":"default","site-content-layout":"","ast-site-content-layout":"","site-content-style":"default","site-sidebar-style":"default","ast-global-header-display":"","ast-banner-title-visibility":"","ast-main-header-display":"","ast-hfb-above-header-display":"","ast-hfb-below-header-display":"","ast-hfb-mobile-header-display":"","site-post-title":"","ast-breadcrumbs-content":"","ast-featured-img":"","footer-sml-layout":"","theme-transparent-header-meta":"","adv-header-id-meta":"","stick-header-meta":"","header-above-stick-meta":"","header-main-stick-meta":"","header-below-stick-meta":"","astra-migrate-meta-layouts":"default","ast-page-background-enabled":"default","ast-page-background-meta":{"desktop":{"background-color":"var(--ast-global-color-4)","background-image":"","background-repeat":"repeat","background-position":"center center","background-size":"auto","background-attachment":"scroll","background-type":"","background-media":"","overlay-type":"","overlay-color":"","overlay-opacity":"","overlay-gradient":""},"tablet":{"background-color":"","background-image":"","background-repeat":"repeat","background-position":"center center","background-size":"auto","background-attachment":"scroll","background-type":"","background-media":"","overlay-type":"","overlay-color":"","overlay-opacity":"","overlay-gradient":""},"mobile":{"background-color":"","background-image":"","background-repeat":"repeat","background-position":"center center","background-size":"auto","background-attachment":"scroll","background-type":"","background-media":"","overlay-type":"","overlay-color":"","overlay-opacity":"","overlay-gradient":""}},"ast-content-background-meta":{"desktop":{"background-color":"var(--ast-global-color-5)","background-image":"","background-repeat":"repeat","background-position":"center center","background-size":"auto","background-attachment":"scroll","background-type":"","background-media":"","overlay-type":"","overlay-color":"","overlay-opacity":"","overlay-gradient":""},"tablet":{"background-color":"var(--ast-global-color-5)","background-image":"","background-repeat":"repeat","background-position":"center center","background-size":"auto","background-attachment":"scroll","background-type":"","background-media":"","overlay-type":"","overlay-color":"","overlay-opacity":"","overlay-gradient":""},"mobile":{"background-color":"var(--ast-global-color-5)","background-image":"","background-repeat":"repeat","background-position":"center center","background-size":"auto","background-attachment":"scroll","background-type":"","background-media":"","overlay-type":"","overlay-color":"","overlay-opacity":"","overlay-gradient":""}},"footnotes":""},"class_list":["post-2118","page","type-page","status-publish","hentry"],"post_mailing_queue_ids":[],"_links":{"self":[{"href":"https:\/\/agora.xtec.cat\/ieslesmarines\/wp-json\/wp\/v2\/pages\/2118","targetHints":{"allow":["GET"]}}],"collection":[{"href":"https:\/\/agora.xtec.cat\/ieslesmarines\/wp-json\/wp\/v2\/pages"}],"about":[{"href":"https:\/\/agora.xtec.cat\/ieslesmarines\/wp-json\/wp\/v2\/types\/page"}],"author":[{"embeddable":true,"href":"https:\/\/agora.xtec.cat\/ieslesmarines\/wp-json\/wp\/v2\/users\/1"}],"replies":[{"embeddable":true,"href":"https:\/\/agora.xtec.cat\/ieslesmarines\/wp-json\/wp\/v2\/comments?post=2118"}],"version-history":[{"count":3,"href":"https:\/\/agora.xtec.cat\/ieslesmarines\/wp-json\/wp\/v2\/pages\/2118\/revisions"}],"predecessor-version":[{"id":2122,"href":"https:\/\/agora.xtec.cat\/ieslesmarines\/wp-json\/wp\/v2\/pages\/2118\/revisions\/2122"}],"wp:attachment":[{"href":"https:\/\/agora.xtec.cat\/ieslesmarines\/wp-json\/wp\/v2\/media?parent=2118"}],"curies":[{"name":"wp","href":"https:\/\/api.w.org\/{rel}","templated":true}]}}

<p dir="auto">El passat 3 de maig els alumnes de l&#8217;optativa de VIP de 4 d&#8217;ESO han assistit online a la gala de premis del concurs de Curts No da Igual. Aquest concurs està organitzat per la Regidoria d&#8217;Igualtat de l&#8217;Ajuntament de Castelldefels i han participat alumnes de tots els instituts de la ciutat.</p>
<p dir="auto">A més aquest any l&#8217;institut ha executat les estatuetes i els diplomes amb els alumnes del tast de 2 d&#8217;ESO “Procediments i tècniques pictòriques”.</p>
<p dir="auto">Els alumnes de les Marines han rebut molts premis i nominacions! Enhorabona!!!!</p>
<p dir="auto">Entre ells l’Institut obté el premi a la participació pel Making off dels premis.</p>
<p dir="auto">Aquest són els alumnes guanyadors de l&#8217;Institut les Marines:</p>
<p dir="auto">Nominacions:</p>
<p dir="auto">&#8211; A la millor interpretació (Maria Solano i Abril García) amb el curt &#8220;Á(R)MATE&#8221;.</p>
<p dir="auto">&#8211; 2 premis al millor documental són:</p>
<p dir="auto">Mar Usero i Júlia Mora amb el curt &#8220;Está bien, sobreviviremos&#8221;</p>
<p dir="auto">Jhon Alexander Lozano amb “El recuerdo”</p>
<p dir="auto">Premis</p>
<p dir="auto">-El segon premi per al curtmetratge  “Vull que siguis un home” de Laia Cruellas</p>
<p dir="auto">-El tercer premi l’ha rebut Mireia Rodríguez amb “¿Qué hubiera pasado?&#8221;</p>
<div dir="auto">
<p><a href="https://photos.app.goo.gl/CtMxtsMGqdxqWgC99" target="_blank" rel="noopener noreferrer">Aquí</a> podeu l&#8217;àlbum amb una selecció de fotos de la gala. També és possible veure tota la gala i els curts guanyadors al següent <a href="https://youtube.com/playlist?list=PLOJec83V94G2OIuQ7n6U4XTJTEJqTpkFg" target="_blank" rel="noopener noreferrer">enllaç.</a></p>
<p>&nbsp;</p>
</div>

<p>El passat 3 de maig els alumnes de l&#8217;optativa de VIP de 4 d&#8217;ESO han assistit online a la gala de premis del concurs de Curts No da Igual. Aquest concurs està organitzat per la Regidoria d&#8217;Igualtat de l&#8217;Ajuntament de Castelldefels i han participat alumnes de tots els instituts de la ciutat. A més aquest [&hellip;]</p>
