{"id":2032,"date":"2021-03-26T13:37:39","date_gmt":"2021-03-26T12:37:39","guid":{"rendered":"http:\/\/agora.xtec.cat\/ieslesmarines\/?page_id=2032"},"modified":"2021-03-26T13:40:01","modified_gmt":"2021-03-26T12:40:01","slug":"taller-de-teatre-sobre-el-lazarillo-de-tormes","status":"publish","type":"page","link":"https:\/\/agora.xtec.cat\/ieslesmarines\/taller-de-teatre-sobre-el-lazarillo-de-tormes\/","title":{"rendered":"Taller de teatre sobre &#8220;El lazarillo de Tormes&#8221;"},"content":{"rendered":"<p><a href=\"https:\/\/agora.xtec.cat\/ieslesmarines\/wp-content\/uploads\/usu619\/2021\/03\/portadalazarillo.jpg\"><img loading=\"lazy\" decoding=\"async\" class=\"alignnone wp-image-2031\" src=\"https:\/\/agora.xtec.cat\/ieslesmarines\/wp-content\/uploads\/usu619\/2021\/03\/portadalazarillo-1024x767.jpg\" alt=\"\" width=\"560\" height=\"419\" srcset=\"https:\/\/agora.xtec.cat\/ieslesmarines\/wp-content\/uploads\/usu619\/2021\/03\/portadalazarillo-1024x767.jpg 1024w, https:\/\/agora.xtec.cat\/ieslesmarines\/wp-content\/uploads\/usu619\/2021\/03\/portadalazarillo-300x225.jpg 300w, https:\/\/agora.xtec.cat\/ieslesmarines\/wp-content\/uploads\/usu619\/2021\/03\/portadalazarillo-768x576.jpg 768w, https:\/\/agora.xtec.cat\/ieslesmarines\/wp-content\/uploads\/usu619\/2021\/03\/portadalazarillo-200x150.jpg 200w, https:\/\/agora.xtec.cat\/ieslesmarines\/wp-content\/uploads\/usu619\/2021\/03\/portadalazarillo.jpg 1169w\" sizes=\"auto, (max-width: 560px) 100vw, 560px\" \/><\/a><\/p>\n<p>Els alumnes de 3r d&#8217;ESO han participat en un taller de teatre sobre les aventures de &#8220;El lazarillo de Tormes&#8221;, un dels personatges m\u00e9s emblem\u00e0tics de la literatura picaresca espanyola. En una primera part es van recrear els episodis m\u00e9s representatius de l&#8217;obra. Despr\u00e9s els nois i noies de 3r van crear i protagonitzar una escena cr\u00edtica amb la nostra realitat actual.\u00a0 Us deixem amb algunes <a href=\"https:\/\/photos.app.goo.gl\/fjL6fEDEBQkvD59r6\" target=\"_blank\" rel=\"noopener noreferrer\">fotos<\/a> que il\u00b7lustren diferents moments d&#8217;aquesta activitat organitzada pel departament de castell\u00e0.<\/p>\n<p>&nbsp;<\/p>\n","protected":false},"excerpt":{"rendered":"<p>Els alumnes de 3r d&#8217;ESO han participat en un taller de teatre sobre les aventures de &#8220;El lazarillo de Tormes&#8221;, un dels personatges m\u00e9s emblem\u00e0tics de la literatura picaresca espanyola. En una primera part es van recrear els episodis m\u00e9s representatius de l&#8217;obra. Despr\u00e9s els nois i noies de 3r van crear i protagonitzar una [&hellip;]<\/p>\n","protected":false},"author":1,"featured_media":0,"parent":0,"menu_order":0,"comment_status":"closed","ping_status":"closed","template":"","meta":{"_bbp_topic_count":0,"_bbp_reply_count":0,"_bbp_total_topic_count":0,"_bbp_total_reply_count":0,"_bbp_voice_count":0,"_bbp_anonymous_reply_count":0,"_bbp_topic_count_hidden":0,"_bbp_reply_count_hidden":0,"_bbp_forum_subforum_count":0,"site-sidebar-layout":"default","site-content-layout":"","ast-site-content-layout":"","site-content-style":"default","site-sidebar-style":"default","ast-global-header-display":"","ast-banner-title-visibility":"","ast-main-header-display":"","ast-hfb-above-header-display":"","ast-hfb-below-header-display":"","ast-hfb-mobile-header-display":"","site-post-title":"","ast-breadcrumbs-content":"","ast-featured-img":"","footer-sml-layout":"","theme-transparent-header-meta":"","adv-header-id-meta":"","stick-header-meta":"","header-above-stick-meta":"","header-main-stick-meta":"","header-below-stick-meta":"","astra-migrate-meta-layouts":"default","ast-page-background-enabled":"default","ast-page-background-meta":{"desktop":{"background-color":"var(--ast-global-color-4)","background-image":"","background-repeat":"repeat","background-position":"center center","background-size":"auto","background-attachment":"scroll","background-type":"","background-media":"","overlay-type":"","overlay-color":"","overlay-opacity":"","overlay-gradient":""},"tablet":{"background-color":"","background-image":"","background-repeat":"repeat","background-position":"center center","background-size":"auto","background-attachment":"scroll","background-type":"","background-media":"","overlay-type":"","overlay-color":"","overlay-opacity":"","overlay-gradient":""},"mobile":{"background-color":"","background-image":"","background-repeat":"repeat","background-position":"center center","background-size":"auto","background-attachment":"scroll","background-type":"","background-media":"","overlay-type":"","overlay-color":"","overlay-opacity":"","overlay-gradient":""}},"ast-content-background-meta":{"desktop":{"background-color":"var(--ast-global-color-5)","background-image":"","background-repeat":"repeat","background-position":"center center","background-size":"auto","background-attachment":"scroll","background-type":"","background-media":"","overlay-type":"","overlay-color":"","overlay-opacity":"","overlay-gradient":""},"tablet":{"background-color":"var(--ast-global-color-5)","background-image":"","background-repeat":"repeat","background-position":"center center","background-size":"auto","background-attachment":"scroll","background-type":"","background-media":"","overlay-type":"","overlay-color":"","overlay-opacity":"","overlay-gradient":""},"mobile":{"background-color":"var(--ast-global-color-5)","background-image":"","background-repeat":"repeat","background-position":"center center","background-size":"auto","background-attachment":"scroll","background-type":"","background-media":"","overlay-type":"","overlay-color":"","overlay-opacity":"","overlay-gradient":""}},"footnotes":""},"class_list":["post-2032","page","type-page","status-publish","hentry"],"post_mailing_queue_ids":[],"_links":{"self":[{"href":"https:\/\/agora.xtec.cat\/ieslesmarines\/wp-json\/wp\/v2\/pages\/2032","targetHints":{"allow":["GET"]}}],"collection":[{"href":"https:\/\/agora.xtec.cat\/ieslesmarines\/wp-json\/wp\/v2\/pages"}],"about":[{"href":"https:\/\/agora.xtec.cat\/ieslesmarines\/wp-json\/wp\/v2\/types\/page"}],"author":[{"embeddable":true,"href":"https:\/\/agora.xtec.cat\/ieslesmarines\/wp-json\/wp\/v2\/users\/1"}],"replies":[{"embeddable":true,"href":"https:\/\/agora.xtec.cat\/ieslesmarines\/wp-json\/wp\/v2\/comments?post=2032"}],"version-history":[{"count":2,"href":"https:\/\/agora.xtec.cat\/ieslesmarines\/wp-json\/wp\/v2\/pages\/2032\/revisions"}],"predecessor-version":[{"id":2035,"href":"https:\/\/agora.xtec.cat\/ieslesmarines\/wp-json\/wp\/v2\/pages\/2032\/revisions\/2035"}],"wp:attachment":[{"href":"https:\/\/agora.xtec.cat\/ieslesmarines\/wp-json\/wp\/v2\/media?parent=2032"}],"curies":[{"name":"wp","href":"https:\/\/api.w.org\/{rel}","templated":true}]}}

<p><a href="https://agora.xtec.cat/ieslesmarines/wp-content/uploads/usu619/2021/03/portadalazarillo.jpg"><img loading="lazy" decoding="async" class="alignnone wp-image-2031" src="https://agora.xtec.cat/ieslesmarines/wp-content/uploads/usu619/2021/03/portadalazarillo-1024x767.jpg" alt="" width="560" height="419" srcset="https://agora.xtec.cat/ieslesmarines/wp-content/uploads/usu619/2021/03/portadalazarillo-1024x767.jpg 1024w, https://agora.xtec.cat/ieslesmarines/wp-content/uploads/usu619/2021/03/portadalazarillo-300x225.jpg 300w, https://agora.xtec.cat/ieslesmarines/wp-content/uploads/usu619/2021/03/portadalazarillo-768x576.jpg 768w, https://agora.xtec.cat/ieslesmarines/wp-content/uploads/usu619/2021/03/portadalazarillo-200x150.jpg 200w, https://agora.xtec.cat/ieslesmarines/wp-content/uploads/usu619/2021/03/portadalazarillo.jpg 1169w" sizes="auto, (max-width: 560px) 100vw, 560px" /></a></p>
<p>Els alumnes de 3r d&#8217;ESO han participat en un taller de teatre sobre les aventures de &#8220;El lazarillo de Tormes&#8221;, un dels personatges més emblemàtics de la literatura picaresca espanyola. En una primera part es van recrear els episodis més representatius de l&#8217;obra. Després els nois i noies de 3r van crear i protagonitzar una escena crítica amb la nostra realitat actual.  Us deixem amb algunes <a href="https://photos.app.goo.gl/fjL6fEDEBQkvD59r6" target="_blank" rel="noopener noreferrer">fotos</a> que il·lustren diferents moments d&#8217;aquesta activitat organitzada pel departament de castellà.</p>
<p>&nbsp;</p>

<p>Els alumnes de 3r d&#8217;ESO han participat en un taller de teatre sobre les aventures de &#8220;El lazarillo de Tormes&#8221;, un dels personatges més emblemàtics de la literatura picaresca espanyola. En una primera part es van recrear els episodis més representatius de l&#8217;obra. Després els nois i noies de 3r van crear i protagonitzar una [&hellip;]</p>
