{"id":1868,"date":"2021-01-29T08:39:58","date_gmt":"2021-01-29T07:39:58","guid":{"rendered":"http:\/\/agora.xtec.cat\/ieslesmarines\/?page_id=1868"},"modified":"2021-02-07T21:29:03","modified_gmt":"2021-02-07T20:29:03","slug":"per-les-victimes-de-lholocaust","status":"publish","type":"page","link":"https:\/\/agora.xtec.cat\/ieslesmarines\/per-les-victimes-de-lholocaust\/","title":{"rendered":"Per les v\u00edctimes de l&#8217;Holocaust"},"content":{"rendered":"<p><a href=\"https:\/\/agora.xtec.cat\/ieslesmarines\/wp-content\/uploads\/usu619\/2021\/01\/27_degener_Record_v-ictimes.jpg\"><img loading=\"lazy\" decoding=\"async\" class=\"alignnone wp-image-1869\" src=\"https:\/\/agora.xtec.cat\/ieslesmarines\/wp-content\/uploads\/usu619\/2021\/01\/27_degener_Record_v-ictimes.jpg\" alt=\"\" width=\"601\" height=\"326\" srcset=\"https:\/\/agora.xtec.cat\/ieslesmarines\/wp-content\/uploads\/usu619\/2021\/01\/27_degener_Record_v-ictimes.jpg 797w, https:\/\/agora.xtec.cat\/ieslesmarines\/wp-content\/uploads\/usu619\/2021\/01\/27_degener_Record_v-ictimes-300x163.jpg 300w, https:\/\/agora.xtec.cat\/ieslesmarines\/wp-content\/uploads\/usu619\/2021\/01\/27_degener_Record_v-ictimes-768x416.jpg 768w\" sizes=\"auto, (max-width: 601px) 100vw, 601px\" \/><\/a><\/p>\n<p>L&#8217;ONU va designar el dia 27 de gener per commemorar a les v\u00edctimes de l&#8217;Holocaust, data que coincideix amb l&#8217;alliberament del camp d&#8217;extermini d&#8217;Auschwitz. Un grup d&#8217;alumnes de 4t d&#8217;ESO va redactar un manifest per recordar les v\u00edctimes. La lectura la van llegir a la resta de companys, davant d&#8217;una pancarta i unes espelmes que encenien per posterioment guardar un minut de silenci.<\/p>\n<p>&nbsp;<\/p>\n<p>L&#8217;objectiu ha estat recordar un episodi de la hist\u00f2ria traum\u00e0tic que no s&#8217;ha d&#8217;oblidar, on la defensa dels drets humans ha de potenciar la toler\u00e0ncia, la no viol\u00e8ncia i el respecte de totes les races i cultures.<\/p>\n<p>&nbsp;<\/p>\n<p>A aquest <a href=\"https:\/\/youtu.be\/swzEzqejkVE\" target=\"_blank\" rel=\"noopener noreferrer\">enlla\u00e7<\/a> podreu veure el v\u00eddeo amb la lectura que els nois i noies de 4t van fer del seu escrit en mem\u00f2ria de les v\u00edctimes de l&#8217;Holocaust. A aquest altre <a href=\"https:\/\/drive.google.com\/file\/d\/1DRJj6xQBncg9gmJqBxaIgEdT7XPNidsM\/view?usp=sharing\" target=\"_blank\" rel=\"noopener noreferrer\">enlla\u00e7<\/a> trobareu el manifest.<\/p>\n","protected":false},"excerpt":{"rendered":"<p>L&#8217;ONU va designar el dia 27 de gener per commemorar a les v\u00edctimes de l&#8217;Holocaust, data que coincideix amb l&#8217;alliberament del camp d&#8217;extermini d&#8217;Auschwitz. Un grup d&#8217;alumnes de 4t d&#8217;ESO va redactar un manifest per recordar les v\u00edctimes. La lectura la van llegir a la resta de companys, davant d&#8217;una pancarta i unes espelmes que [&hellip;]<\/p>\n","protected":false},"author":1,"featured_media":0,"parent":0,"menu_order":0,"comment_status":"closed","ping_status":"closed","template":"","meta":{"_bbp_topic_count":0,"_bbp_reply_count":0,"_bbp_total_topic_count":0,"_bbp_total_reply_count":0,"_bbp_voice_count":0,"_bbp_anonymous_reply_count":0,"_bbp_topic_count_hidden":0,"_bbp_reply_count_hidden":0,"_bbp_forum_subforum_count":0,"site-sidebar-layout":"default","site-content-layout":"","ast-site-content-layout":"","site-content-style":"default","site-sidebar-style":"default","ast-global-header-display":"","ast-banner-title-visibility":"","ast-main-header-display":"","ast-hfb-above-header-display":"","ast-hfb-below-header-display":"","ast-hfb-mobile-header-display":"","site-post-title":"","ast-breadcrumbs-content":"","ast-featured-img":"","footer-sml-layout":"","theme-transparent-header-meta":"","adv-header-id-meta":"","stick-header-meta":"","header-above-stick-meta":"","header-main-stick-meta":"","header-below-stick-meta":"","astra-migrate-meta-layouts":"default","ast-page-background-enabled":"default","ast-page-background-meta":{"desktop":{"background-color":"var(--ast-global-color-4)","background-image":"","background-repeat":"repeat","background-position":"center center","background-size":"auto","background-attachment":"scroll","background-type":"","background-media":"","overlay-type":"","overlay-color":"","overlay-opacity":"","overlay-gradient":""},"tablet":{"background-color":"","background-image":"","background-repeat":"repeat","background-position":"center center","background-size":"auto","background-attachment":"scroll","background-type":"","background-media":"","overlay-type":"","overlay-color":"","overlay-opacity":"","overlay-gradient":""},"mobile":{"background-color":"","background-image":"","background-repeat":"repeat","background-position":"center center","background-size":"auto","background-attachment":"scroll","background-type":"","background-media":"","overlay-type":"","overlay-color":"","overlay-opacity":"","overlay-gradient":""}},"ast-content-background-meta":{"desktop":{"background-color":"var(--ast-global-color-5)","background-image":"","background-repeat":"repeat","background-position":"center center","background-size":"auto","background-attachment":"scroll","background-type":"","background-media":"","overlay-type":"","overlay-color":"","overlay-opacity":"","overlay-gradient":""},"tablet":{"background-color":"var(--ast-global-color-5)","background-image":"","background-repeat":"repeat","background-position":"center center","background-size":"auto","background-attachment":"scroll","background-type":"","background-media":"","overlay-type":"","overlay-color":"","overlay-opacity":"","overlay-gradient":""},"mobile":{"background-color":"var(--ast-global-color-5)","background-image":"","background-repeat":"repeat","background-position":"center center","background-size":"auto","background-attachment":"scroll","background-type":"","background-media":"","overlay-type":"","overlay-color":"","overlay-opacity":"","overlay-gradient":""}},"footnotes":""},"class_list":["post-1868","page","type-page","status-publish","hentry"],"post_mailing_queue_ids":[],"_links":{"self":[{"href":"https:\/\/agora.xtec.cat\/ieslesmarines\/wp-json\/wp\/v2\/pages\/1868","targetHints":{"allow":["GET"]}}],"collection":[{"href":"https:\/\/agora.xtec.cat\/ieslesmarines\/wp-json\/wp\/v2\/pages"}],"about":[{"href":"https:\/\/agora.xtec.cat\/ieslesmarines\/wp-json\/wp\/v2\/types\/page"}],"author":[{"embeddable":true,"href":"https:\/\/agora.xtec.cat\/ieslesmarines\/wp-json\/wp\/v2\/users\/1"}],"replies":[{"embeddable":true,"href":"https:\/\/agora.xtec.cat\/ieslesmarines\/wp-json\/wp\/v2\/comments?post=1868"}],"version-history":[{"count":3,"href":"https:\/\/agora.xtec.cat\/ieslesmarines\/wp-json\/wp\/v2\/pages\/1868\/revisions"}],"predecessor-version":[{"id":1884,"href":"https:\/\/agora.xtec.cat\/ieslesmarines\/wp-json\/wp\/v2\/pages\/1868\/revisions\/1884"}],"wp:attachment":[{"href":"https:\/\/agora.xtec.cat\/ieslesmarines\/wp-json\/wp\/v2\/media?parent=1868"}],"curies":[{"name":"wp","href":"https:\/\/api.w.org\/{rel}","templated":true}]}}

Per les víctimes de l&#8217;Holocaust

<p><a href="https://agora.xtec.cat/ieslesmarines/wp-content/uploads/usu619/2021/01/27_degener_Record_v-ictimes.jpg"><img loading="lazy" decoding="async" class="alignnone wp-image-1869" src="https://agora.xtec.cat/ieslesmarines/wp-content/uploads/usu619/2021/01/27_degener_Record_v-ictimes.jpg" alt="" width="601" height="326" srcset="https://agora.xtec.cat/ieslesmarines/wp-content/uploads/usu619/2021/01/27_degener_Record_v-ictimes.jpg 797w, https://agora.xtec.cat/ieslesmarines/wp-content/uploads/usu619/2021/01/27_degener_Record_v-ictimes-300x163.jpg 300w, https://agora.xtec.cat/ieslesmarines/wp-content/uploads/usu619/2021/01/27_degener_Record_v-ictimes-768x416.jpg 768w" sizes="auto, (max-width: 601px) 100vw, 601px" /></a></p>
<p>L&#8217;ONU va designar el dia 27 de gener per commemorar a les víctimes de l&#8217;Holocaust, data que coincideix amb l&#8217;alliberament del camp d&#8217;extermini d&#8217;Auschwitz. Un grup d&#8217;alumnes de 4t d&#8217;ESO va redactar un manifest per recordar les víctimes. La lectura la van llegir a la resta de companys, davant d&#8217;una pancarta i unes espelmes que encenien per posterioment guardar un minut de silenci.</p>
<p>&nbsp;</p>
<p>L&#8217;objectiu ha estat recordar un episodi de la història traumàtic que no s&#8217;ha d&#8217;oblidar, on la defensa dels drets humans ha de potenciar la tolerància, la no violència i el respecte de totes les races i cultures.</p>
<p>&nbsp;</p>
<p>A aquest <a href="https://youtu.be/swzEzqejkVE" target="_blank" rel="noopener noreferrer">enllaç</a> podreu veure el vídeo amb la lectura que els nois i noies de 4t van fer del seu escrit en memòria de les víctimes de l&#8217;Holocaust. A aquest altre <a href="https://drive.google.com/file/d/1DRJj6xQBncg9gmJqBxaIgEdT7XPNidsM/view?usp=sharing" target="_blank" rel="noopener noreferrer">enllaç</a> trobareu el manifest.</p>

<p>L&#8217;ONU va designar el dia 27 de gener per commemorar a les víctimes de l&#8217;Holocaust, data que coincideix amb l&#8217;alliberament del camp d&#8217;extermini d&#8217;Auschwitz. Un grup d&#8217;alumnes de 4t d&#8217;ESO va redactar un manifest per recordar les víctimes. La lectura la van llegir a la resta de companys, davant d&#8217;una pancarta i unes espelmes que [&hellip;]</p>
