{"id":1813,"date":"2021-01-19T06:56:30","date_gmt":"2021-01-19T05:56:30","guid":{"rendered":"http:\/\/agora.xtec.cat\/ieslesmarines\/?page_id=1813"},"modified":"2021-01-19T07:19:32","modified_gmt":"2021-01-19T06:19:32","slug":"excursio-a-lermita-de-bruguers","status":"publish","type":"page","link":"https:\/\/agora.xtec.cat\/ieslesmarines\/excursio-a-lermita-de-bruguers\/","title":{"rendered":"Excursi\u00f3 a l&#8217;ermita de Bruguers"},"content":{"rendered":"<p><a href=\"https:\/\/agora.xtec.cat\/ieslesmarines\/wp-content\/uploads\/usu619\/2021\/01\/bruguers.jpg\"><img loading=\"lazy\" decoding=\"async\" class=\"alignnone size-large wp-image-1814\" src=\"https:\/\/agora.xtec.cat\/ieslesmarines\/wp-content\/uploads\/usu619\/2021\/01\/bruguers-1024x636.jpg\" alt=\"\" width=\"1024\" height=\"636\" srcset=\"https:\/\/agora.xtec.cat\/ieslesmarines\/wp-content\/uploads\/usu619\/2021\/01\/bruguers-1024x636.jpg 1024w, https:\/\/agora.xtec.cat\/ieslesmarines\/wp-content\/uploads\/usu619\/2021\/01\/bruguers-300x186.jpg 300w, https:\/\/agora.xtec.cat\/ieslesmarines\/wp-content\/uploads\/usu619\/2021\/01\/bruguers-768x477.jpg 768w, https:\/\/agora.xtec.cat\/ieslesmarines\/wp-content\/uploads\/usu619\/2021\/01\/bruguers.jpg 1549w\" sizes=\"auto, (max-width: 1024px) 100vw, 1024px\" \/><\/a><\/p>\n<p>El passat dilluns 21 de desembre, l&#8217;alumnat de 1r de Batx va poder gaudir d&#8217;un mat\u00ed de senderisme amb una excursi\u00f3 que els va portar fins a l&#8217;ermita de Bruguers. A aquest <a href=\"https:\/\/photos.app.goo.gl\/jqBvp5uMEdch3mF17\" target=\"_blank\" rel=\"noopener noreferrer\">enlla\u00e7<\/a> podr\u00e0s veure un \u00e0lbum amb les fotografies d&#8217;aquesta sortida organitzada pel departament d&#8217;Educaci\u00f3 F\u00edsica.<\/p>\n","protected":false},"excerpt":{"rendered":"<p>El passat dilluns 21 de desembre, l&#8217;alumnat de 1r de Batx va poder gaudir d&#8217;un mat\u00ed de senderisme amb una excursi\u00f3 que els va portar fins a l&#8217;ermita de Bruguers. A aquest enlla\u00e7 podr\u00e0s veure un \u00e0lbum amb les fotografies d&#8217;aquesta sortida organitzada pel departament d&#8217;Educaci\u00f3 F\u00edsica.<\/p>\n","protected":false},"author":1,"featured_media":0,"parent":0,"menu_order":0,"comment_status":"closed","ping_status":"closed","template":"","meta":{"_bbp_topic_count":0,"_bbp_reply_count":0,"_bbp_total_topic_count":0,"_bbp_total_reply_count":0,"_bbp_voice_count":0,"_bbp_anonymous_reply_count":0,"_bbp_topic_count_hidden":0,"_bbp_reply_count_hidden":0,"_bbp_forum_subforum_count":0,"site-sidebar-layout":"default","site-content-layout":"","ast-site-content-layout":"","site-content-style":"default","site-sidebar-style":"default","ast-global-header-display":"","ast-banner-title-visibility":"","ast-main-header-display":"","ast-hfb-above-header-display":"","ast-hfb-below-header-display":"","ast-hfb-mobile-header-display":"","site-post-title":"","ast-breadcrumbs-content":"","ast-featured-img":"","footer-sml-layout":"","theme-transparent-header-meta":"","adv-header-id-meta":"","stick-header-meta":"","header-above-stick-meta":"","header-main-stick-meta":"","header-below-stick-meta":"","astra-migrate-meta-layouts":"default","ast-page-background-enabled":"default","ast-page-background-meta":{"desktop":{"background-color":"var(--ast-global-color-4)","background-image":"","background-repeat":"repeat","background-position":"center center","background-size":"auto","background-attachment":"scroll","background-type":"","background-media":"","overlay-type":"","overlay-color":"","overlay-opacity":"","overlay-gradient":""},"tablet":{"background-color":"","background-image":"","background-repeat":"repeat","background-position":"center center","background-size":"auto","background-attachment":"scroll","background-type":"","background-media":"","overlay-type":"","overlay-color":"","overlay-opacity":"","overlay-gradient":""},"mobile":{"background-color":"","background-image":"","background-repeat":"repeat","background-position":"center center","background-size":"auto","background-attachment":"scroll","background-type":"","background-media":"","overlay-type":"","overlay-color":"","overlay-opacity":"","overlay-gradient":""}},"ast-content-background-meta":{"desktop":{"background-color":"var(--ast-global-color-5)","background-image":"","background-repeat":"repeat","background-position":"center center","background-size":"auto","background-attachment":"scroll","background-type":"","background-media":"","overlay-type":"","overlay-color":"","overlay-opacity":"","overlay-gradient":""},"tablet":{"background-color":"var(--ast-global-color-5)","background-image":"","background-repeat":"repeat","background-position":"center center","background-size":"auto","background-attachment":"scroll","background-type":"","background-media":"","overlay-type":"","overlay-color":"","overlay-opacity":"","overlay-gradient":""},"mobile":{"background-color":"var(--ast-global-color-5)","background-image":"","background-repeat":"repeat","background-position":"center center","background-size":"auto","background-attachment":"scroll","background-type":"","background-media":"","overlay-type":"","overlay-color":"","overlay-opacity":"","overlay-gradient":""}},"footnotes":""},"class_list":["post-1813","page","type-page","status-publish","hentry"],"post_mailing_queue_ids":[],"_links":{"self":[{"href":"https:\/\/agora.xtec.cat\/ieslesmarines\/wp-json\/wp\/v2\/pages\/1813","targetHints":{"allow":["GET"]}}],"collection":[{"href":"https:\/\/agora.xtec.cat\/ieslesmarines\/wp-json\/wp\/v2\/pages"}],"about":[{"href":"https:\/\/agora.xtec.cat\/ieslesmarines\/wp-json\/wp\/v2\/types\/page"}],"author":[{"embeddable":true,"href":"https:\/\/agora.xtec.cat\/ieslesmarines\/wp-json\/wp\/v2\/users\/1"}],"replies":[{"embeddable":true,"href":"https:\/\/agora.xtec.cat\/ieslesmarines\/wp-json\/wp\/v2\/comments?post=1813"}],"version-history":[{"count":3,"href":"https:\/\/agora.xtec.cat\/ieslesmarines\/wp-json\/wp\/v2\/pages\/1813\/revisions"}],"predecessor-version":[{"id":1829,"href":"https:\/\/agora.xtec.cat\/ieslesmarines\/wp-json\/wp\/v2\/pages\/1813\/revisions\/1829"}],"wp:attachment":[{"href":"https:\/\/agora.xtec.cat\/ieslesmarines\/wp-json\/wp\/v2\/media?parent=1813"}],"curies":[{"name":"wp","href":"https:\/\/api.w.org\/{rel}","templated":true}]}}

Excursió a l&#8217;ermita de Bruguers

<p><a href="https://agora.xtec.cat/ieslesmarines/wp-content/uploads/usu619/2021/01/bruguers.jpg"><img loading="lazy" decoding="async" class="alignnone size-large wp-image-1814" src="https://agora.xtec.cat/ieslesmarines/wp-content/uploads/usu619/2021/01/bruguers-1024x636.jpg" alt="" width="1024" height="636" srcset="https://agora.xtec.cat/ieslesmarines/wp-content/uploads/usu619/2021/01/bruguers-1024x636.jpg 1024w, https://agora.xtec.cat/ieslesmarines/wp-content/uploads/usu619/2021/01/bruguers-300x186.jpg 300w, https://agora.xtec.cat/ieslesmarines/wp-content/uploads/usu619/2021/01/bruguers-768x477.jpg 768w, https://agora.xtec.cat/ieslesmarines/wp-content/uploads/usu619/2021/01/bruguers.jpg 1549w" sizes="auto, (max-width: 1024px) 100vw, 1024px" /></a></p>
<p>El passat dilluns 21 de desembre, l&#8217;alumnat de 1r de Batx va poder gaudir d&#8217;un matí de senderisme amb una excursió que els va portar fins a l&#8217;ermita de Bruguers. A aquest <a href="https://photos.app.goo.gl/jqBvp5uMEdch3mF17" target="_blank" rel="noopener noreferrer">enllaç</a> podràs veure un àlbum amb les fotografies d&#8217;aquesta sortida organitzada pel departament d&#8217;Educació Física.</p>

<p>El passat dilluns 21 de desembre, l&#8217;alumnat de 1r de Batx va poder gaudir d&#8217;un matí de senderisme amb una excursió que els va portar fins a l&#8217;ermita de Bruguers. A aquest enllaç podràs veure un àlbum amb les fotografies d&#8217;aquesta sortida organitzada pel departament d&#8217;Educació Física.</p>
