{"id":8983,"date":"2021-02-11T17:54:49","date_gmt":"2021-02-11T16:54:49","guid":{"rendered":"http:\/\/agora.xtec.cat\/ieslescorts\/?page_id=8983"},"modified":"2025-07-04T21:50:58","modified_gmt":"2025-07-04T19:50:58","slug":"intercanvis-linguistics","status":"publish","type":"page","link":"https:\/\/agora.xtec.cat\/ieslescorts\/projectes\/plurilinguisme\/intercanvis-linguistics\/","title":{"rendered":"INTERCANVIS LING\u00dcISTICS"},"content":{"rendered":"<p style=\"text-align: justify;\">Els intercanvis s\u00f3n una gran experi\u00e8ncia per aproximar-nos a altres realitats culturals i per practicar la llengua estrangera a trav\u00e9s de la immersi\u00f3 ling\u00fc\u00edstica. Aix\u00ed, el nostre alumnat acull un company del centre amb qu\u00e8 es realitza l&#8217;intercanvi a casa seva a Barcelona, i al seu torn conviu a casa d&#8217;aquest durant la nostra estada. Durant el viatge tamb\u00e9 es fan activitats culturals, l\u00fadiques i de llengua. Participen d&#8217;aquest intercanvi alumnes de 2n i 3r d&#8217;ESO en el marc de les mat\u00e8ries de llengua estrangera.<\/p>\n<p><a href=\"https:\/\/agora.xtec.cat\/ieslescorts\/wp-content\/uploads\/usu1246\/2021\/02\/intercanvi.jpg\"><img loading=\"lazy\" decoding=\"async\" class=\"aligncenter size-large wp-image-8984\" src=\"https:\/\/agora.xtec.cat\/ieslescorts\/wp-content\/uploads\/usu1246\/2021\/02\/intercanvi-1024x768.jpg\" alt=\"\" width=\"1024\" height=\"768\" srcset=\"https:\/\/agora.xtec.cat\/ieslescorts\/wp-content\/uploads\/usu1246\/2021\/02\/intercanvi-1024x768.jpg 1024w, https:\/\/agora.xtec.cat\/ieslescorts\/wp-content\/uploads\/usu1246\/2021\/02\/intercanvi-300x225.jpg 300w, https:\/\/agora.xtec.cat\/ieslescorts\/wp-content\/uploads\/usu1246\/2021\/02\/intercanvi-768x576.jpg 768w, https:\/\/agora.xtec.cat\/ieslescorts\/wp-content\/uploads\/usu1246\/2021\/02\/intercanvi-200x150.jpg 200w, https:\/\/agora.xtec.cat\/ieslescorts\/wp-content\/uploads\/usu1246\/2021\/02\/intercanvi.jpg 1383w\" sizes=\"auto, (max-width: 1024px) 100vw, 1024px\" \/><\/a><\/p>\n","protected":false},"excerpt":{"rendered":"<p>Els intercanvis s\u00f3n una gran experi\u00e8ncia per aproximar-nos a altres realitats culturals i per practicar la llengua estrangera a trav\u00e9s de la immersi\u00f3 ling\u00fc\u00edstica. Aix\u00ed, el nostre alumnat acull un company del centre amb qu\u00e8 es realitza l&#8217;intercanvi a casa seva a Barcelona, i al&hellip;  <a href=\"https:\/\/agora.xtec.cat\/ieslescorts\/projectes\/plurilinguisme\/intercanvis-linguistics\/\" title=\"Read INTERCANVIS LING\u00dcISTICS\">Llegeix m\u00e9s\u00bb<\/a><\/p>\n","protected":false},"author":206,"featured_media":0,"parent":8243,"menu_order":4,"comment_status":"closed","ping_status":"closed","template":"page-templates\/side-menu.php","meta":{"_bbp_topic_count":0,"_bbp_reply_count":0,"_bbp_total_topic_count":0,"_bbp_total_reply_count":0,"_bbp_voice_count":0,"_bbp_anonymous_reply_count":0,"_bbp_topic_count_hidden":0,"_bbp_reply_count_hidden":0,"_bbp_forum_subforum_count":0,"footnotes":""},"class_list":["post-8983","page","type-page","status-publish","hentry"],"post_mailing_queue_ids":[],"_links":{"self":[{"href":"https:\/\/agora.xtec.cat\/ieslescorts\/wp-json\/wp\/v2\/pages\/8983","targetHints":{"allow":["GET"]}}],"collection":[{"href":"https:\/\/agora.xtec.cat\/ieslescorts\/wp-json\/wp\/v2\/pages"}],"about":[{"href":"https:\/\/agora.xtec.cat\/ieslescorts\/wp-json\/wp\/v2\/types\/page"}],"author":[{"embeddable":true,"href":"https:\/\/agora.xtec.cat\/ieslescorts\/wp-json\/wp\/v2\/users\/206"}],"replies":[{"embeddable":true,"href":"https:\/\/agora.xtec.cat\/ieslescorts\/wp-json\/wp\/v2\/comments?post=8983"}],"version-history":[{"count":2,"href":"https:\/\/agora.xtec.cat\/ieslescorts\/wp-json\/wp\/v2\/pages\/8983\/revisions"}],"predecessor-version":[{"id":12233,"href":"https:\/\/agora.xtec.cat\/ieslescorts\/wp-json\/wp\/v2\/pages\/8983\/revisions\/12233"}],"up":[{"embeddable":true,"href":"https:\/\/agora.xtec.cat\/ieslescorts\/wp-json\/wp\/v2\/pages\/8243"}],"wp:attachment":[{"href":"https:\/\/agora.xtec.cat\/ieslescorts\/wp-json\/wp\/v2\/media?parent=8983"}],"curies":[{"name":"wp","href":"https:\/\/api.w.org\/{rel}","templated":true}]}}