{"id":8423,"date":"2021-02-06T01:44:48","date_gmt":"2021-02-06T00:44:48","guid":{"rendered":"http:\/\/agora.xtec.cat\/ieslescorts\/?page_id=8423"},"modified":"2021-02-10T23:24:46","modified_gmt":"2021-02-10T22:24:46","slug":"escoles-sostenibles","status":"publish","type":"page","link":"https:\/\/agora.xtec.cat\/ieslescorts\/projectes\/projectes-de-ciencies-de-la-naturalesa\/escoles-sostenibles\/","title":{"rendered":"ESCOLES +SOSTENIBLES"},"content":{"rendered":"<p style=\"text-align: justify;\"><strong>PROGRAMA ESCOLES M\u00c9S SOSTENIBLES<\/strong><\/p>\n<p style=\"text-align: justify;\">El \u00a0Programa \u00a0Escoles + Sostenibles \u00a0va \u00a0n\u00e9ixer \u00a0l&#8217;any \u00a02001\u00a0 amb l&#8217;objectiu de contribuir a la sostenibilitat del nostre entorn i del planeta, amb el reconeixement del paper de les escoles com a\u00a0 agents de canvi a la ciutat. L&#8217;Ajuntament de Barcelona promou l\u2019adhesi\u00f3\u00a0\u00a0dels centres educatius a formar part de la xarxa. Actualment hi participen 361 centres i el nostre centre\u00a0est\u00e0 adherit des del curs 2017-2018.<\/p>\n<p style=\"text-align: justify;\">Formar part de la xarxa ens permet rebre assessorament de personal t\u00e8cnic de l&#8217;Ajuntament per a transmetre al nostre alumnat el respecte cap a la natura i l\u2019\u00fas d\u2019habitats respectuosos amb l&#8217;entorn. Per aix\u00f2, la xarxa organitza nombroses microxarxes on cada centre pot participar. Nosaltres, des de fa temps participem en la microxarxa d\u2019<a href=\"https:\/\/www.barcelona.cat\/barcelonasostenible\/ca\/escoles-sostenibles\/tags\/es\/page\/embolcalls-sostenibles-esmorzars-saludables\">embolcalls m\u00e9s sostenibles<\/a> i recentment ens hem adherit a la microxarxa <a href=\"https:\/\/www.barcelona.cat\/barcelonasostenible\/ca\/escoles-sostenibles\/tags\/sssplau\/page\/sssplau\">Sssplau<\/a>. El professorat del centre participem en les activitats de formaci\u00f3 i rebem assessorament personalitzat de t\u00e8cnics i t\u00e8cniques de l&#8217;Ajuntament.<\/p>\n<p><a href=\"https:\/\/agora.xtec.cat\/ieslescorts\/wp-content\/uploads\/usu1246\/2021\/02\/escola-sost1-1.jpg\"><img loading=\"lazy\" decoding=\"async\" class=\"aligncenter size-full wp-image-8936\" src=\"https:\/\/agora.xtec.cat\/ieslescorts\/wp-content\/uploads\/usu1246\/2021\/02\/escola-sost1-1.jpg\" alt=\"\" width=\"860\" height=\"579\" srcset=\"https:\/\/agora.xtec.cat\/ieslescorts\/wp-content\/uploads\/usu1246\/2021\/02\/escola-sost1-1.jpg 860w, https:\/\/agora.xtec.cat\/ieslescorts\/wp-content\/uploads\/usu1246\/2021\/02\/escola-sost1-1-300x202.jpg 300w, https:\/\/agora.xtec.cat\/ieslescorts\/wp-content\/uploads\/usu1246\/2021\/02\/escola-sost1-1-768x517.jpg 768w\" sizes=\"auto, (max-width: 860px) 100vw, 860px\" \/><\/a><\/p>\n<p style=\"text-align: justify;\"><strong>Microxarxa d\u2019embolcalls m\u00e9s sostenibles<\/strong><\/p>\n<p style=\"text-align: justify;\">Consisteix en el repartiment d\u2019embolcalls de m\u00e9s d\u2019un \u00fas a l&#8217;alumnat de 1r d\u2019ESO, amb l&#8217;objectiu final de reduir el consum de paper d&#8217;alumini i pl\u00e0stic. Per a dinamitzar i motivar l\u2019activitat, treballem amb un redu\u00eft grup d\u2019alumnes de 4t d\u2019ESO durant les activitats del seu Projecte de Recerca i Aprenentatge i Servei Comunitari. L\u2019alumnat de 4t tamb\u00e9 dissenya un pla d&#8217;acci\u00f3 per transmetre a l\u2019alumnat de 1r, la import\u00e0ncia de seguir h\u00e0bits sostenibles en la seva vida di\u00e0ria. L&#8217;alumnat de 4t fa la diagnosi a l&#8217;alumnat de 1r (\u00e9s a dir, conten quants embolcalls d&#8217;un sol \u00fas porten a classe) i reparteixen els embolcalls sostenibles. La participaci\u00f3 d\u2019alumnat m\u00e9s gran fa que els m\u00e9s petits es sentin m\u00e9s motivats.<\/p>\n<p><a href=\"https:\/\/agora.xtec.cat\/ieslescorts\/wp-content\/uploads\/usu1246\/2021\/02\/escola-sost2.jpg\"><img loading=\"lazy\" decoding=\"async\" class=\"wp-image-8937 alignnone\" src=\"https:\/\/agora.xtec.cat\/ieslescorts\/wp-content\/uploads\/usu1246\/2021\/02\/escola-sost2.jpg\" alt=\"\" width=\"514\" height=\"382\" srcset=\"https:\/\/agora.xtec.cat\/ieslescorts\/wp-content\/uploads\/usu1246\/2021\/02\/escola-sost2.jpg 684w, https:\/\/agora.xtec.cat\/ieslescorts\/wp-content\/uploads\/usu1246\/2021\/02\/escola-sost2-300x223.jpg 300w, https:\/\/agora.xtec.cat\/ieslescorts\/wp-content\/uploads\/usu1246\/2021\/02\/escola-sost2-200x150.jpg 200w\" sizes=\"auto, (max-width: 514px) 100vw, 514px\" \/><img loading=\"lazy\" decoding=\"async\" class=\"wp-image-8939 alignnone\" src=\"https:\/\/agora.xtec.cat\/ieslescorts\/wp-content\/uploads\/usu1246\/2021\/02\/escola-sost3.jpg\" alt=\"\" width=\"504\" height=\"382\" srcset=\"https:\/\/agora.xtec.cat\/ieslescorts\/wp-content\/uploads\/usu1246\/2021\/02\/escola-sost3.jpg 393w, https:\/\/agora.xtec.cat\/ieslescorts\/wp-content\/uploads\/usu1246\/2021\/02\/escola-sost3-300x227.jpg 300w\" sizes=\"auto, (max-width: 504px) 100vw, 504px\" \/><\/a><\/p>\n<p style=\"text-align: justify;\"><strong>Microxarxa Sssplau<\/strong><\/p>\n<p style=\"text-align: justify;\">\u00c9s una proposta educativa sobre el so i el soroll a l\u2019institut, que inicialment s\u2019ha treballat amb alumnat de 4t d\u2019ESO dins del Projecte de Recerca i Aprenentatge i Servei Comunitari. S\u2019ha fet una recerca d\u2019informaci\u00f3 sobre el so, el soroll, la seva mesura, la contaminaci\u00f3 ac\u00fastica&#8230; A continuaci\u00f3, s\u2019han realitzat mesures de so en diferents espais de l\u2019institut, amb son\u00f2metres deixats en pr\u00e9stec pel SDEA (Servei de Documentaci\u00f3 d\u2019Educaci\u00f3 Ambiental), per tal de treure\u2019n conclusions i fer propostes de millora. Finalment l\u2019alumnat participant elaborar\u00e0 un pla d\u2019acci\u00f3 per sensibilitzar la comunitat educativa de l\u2019institut per tal de reduir la possible contaminaci\u00f3 ac\u00fastica.<\/p>\n<p><strong><a href=\"https:\/\/agora.xtec.cat\/ieslescorts\/wp-content\/uploads\/usu1246\/2021\/02\/mesures_so_2_grup_2.jpg\"><img loading=\"lazy\" decoding=\"async\" class=\"wp-image-8533 alignnone\" src=\"https:\/\/agora.xtec.cat\/ieslescorts\/wp-content\/uploads\/usu1246\/2021\/02\/mesures_so_2_grup_2-768x1024.jpg\" alt=\"\" width=\"344\" height=\"459\" srcset=\"https:\/\/agora.xtec.cat\/ieslescorts\/wp-content\/uploads\/usu1246\/2021\/02\/mesures_so_2_grup_2-768x1024.jpg 768w, https:\/\/agora.xtec.cat\/ieslescorts\/wp-content\/uploads\/usu1246\/2021\/02\/mesures_so_2_grup_2-225x300.jpg 225w\" sizes=\"auto, (max-width: 344px) 100vw, 344px\" \/><\/a><a href=\"https:\/\/agora.xtec.cat\/ieslescorts\/wp-content\/uploads\/usu1246\/2021\/02\/image1.jpeg\"><img loading=\"lazy\" decoding=\"async\" class=\"wp-image-8537 alignnone\" src=\"https:\/\/agora.xtec.cat\/ieslescorts\/wp-content\/uploads\/usu1246\/2021\/02\/image1-768x1024.jpeg\" alt=\"\" width=\"343\" height=\"456\" srcset=\"https:\/\/agora.xtec.cat\/ieslescorts\/wp-content\/uploads\/usu1246\/2021\/02\/image1-768x1024.jpeg 768w, https:\/\/agora.xtec.cat\/ieslescorts\/wp-content\/uploads\/usu1246\/2021\/02\/image1-225x300.jpeg 225w, https:\/\/agora.xtec.cat\/ieslescorts\/wp-content\/uploads\/usu1246\/2021\/02\/image1.jpeg 795w\" sizes=\"auto, (max-width: 343px) 100vw, 343px\" \/><\/a><\/strong><img loading=\"lazy\" decoding=\"async\" class=\"wp-image-8534 alignnone\" src=\"https:\/\/agora.xtec.cat\/ieslescorts\/wp-content\/uploads\/usu1246\/2021\/02\/mesures_so_grup_2-768x1024.jpg\" alt=\"\" width=\"343\" height=\"457\" srcset=\"https:\/\/agora.xtec.cat\/ieslescorts\/wp-content\/uploads\/usu1246\/2021\/02\/mesures_so_grup_2-768x1024.jpg 768w, https:\/\/agora.xtec.cat\/ieslescorts\/wp-content\/uploads\/usu1246\/2021\/02\/mesures_so_grup_2-225x300.jpg 225w\" sizes=\"auto, (max-width: 343px) 100vw, 343px\" \/><\/p>\n","protected":false},"excerpt":{"rendered":"<p>PROGRAMA ESCOLES M\u00c9S SOSTENIBLES<br \/>\nEl \u00a0Programa \u00a0Escoles + Sostenibles \u00a0va \u00a0n\u00e9ixer \u00a0l&#8217;any \u00a02001\u00a0 amb l&#8217;objectiu de contribuir a la sostenibilitat del nostre entorn i del planeta, amb el reconeixement del paper de les escoles com a\u00a0 agents de canvi a la ciutat. L&#8217;Ajuntament de Barcelona promou&hellip;  <a href=\"https:\/\/agora.xtec.cat\/ieslescorts\/projectes\/projectes-de-ciencies-de-la-naturalesa\/escoles-sostenibles\/\" title=\"Read ESCOLES +SOSTENIBLES\">Llegeix m\u00e9s\u00bb<\/a><\/p>\n","protected":false},"author":206,"featured_media":0,"parent":8350,"menu_order":2,"comment_status":"closed","ping_status":"closed","template":"page-templates\/side-menu.php","meta":{"_bbp_topic_count":0,"_bbp_reply_count":0,"_bbp_total_topic_count":0,"_bbp_total_reply_count":0,"_bbp_voice_count":0,"_bbp_anonymous_reply_count":0,"_bbp_topic_count_hidden":0,"_bbp_reply_count_hidden":0,"_bbp_forum_subforum_count":0,"footnotes":""},"class_list":["post-8423","page","type-page","status-publish","hentry"],"post_mailing_queue_ids":[],"_links":{"self":[{"href":"https:\/\/agora.xtec.cat\/ieslescorts\/wp-json\/wp\/v2\/pages\/8423","targetHints":{"allow":["GET"]}}],"collection":[{"href":"https:\/\/agora.xtec.cat\/ieslescorts\/wp-json\/wp\/v2\/pages"}],"about":[{"href":"https:\/\/agora.xtec.cat\/ieslescorts\/wp-json\/wp\/v2\/types\/page"}],"author":[{"embeddable":true,"href":"https:\/\/agora.xtec.cat\/ieslescorts\/wp-json\/wp\/v2\/users\/206"}],"replies":[{"embeddable":true,"href":"https:\/\/agora.xtec.cat\/ieslescorts\/wp-json\/wp\/v2\/comments?post=8423"}],"version-history":[{"count":4,"href":"https:\/\/agora.xtec.cat\/ieslescorts\/wp-json\/wp\/v2\/pages\/8423\/revisions"}],"predecessor-version":[{"id":8947,"href":"https:\/\/agora.xtec.cat\/ieslescorts\/wp-json\/wp\/v2\/pages\/8423\/revisions\/8947"}],"up":[{"embeddable":true,"href":"https:\/\/agora.xtec.cat\/ieslescorts\/wp-json\/wp\/v2\/pages\/8350"}],"wp:attachment":[{"href":"https:\/\/agora.xtec.cat\/ieslescorts\/wp-json\/wp\/v2\/media?parent=8423"}],"curies":[{"name":"wp","href":"https:\/\/api.w.org\/{rel}","templated":true}]}}

<p style="text-align: justify;"><strong>PROGRAMA ESCOLES MÉS SOSTENIBLES</strong></p>
<p style="text-align: justify;">El  Programa  Escoles + Sostenibles  va  néixer  l&#8217;any  2001  amb l&#8217;objectiu de contribuir a la sostenibilitat del nostre entorn i del planeta, amb el reconeixement del paper de les escoles com a  agents de canvi a la ciutat. L&#8217;Ajuntament de Barcelona promou l’adhesió  dels centres educatius a formar part de la xarxa. Actualment hi participen 361 centres i el nostre centre està adherit des del curs 2017-2018.</p>
<p style="text-align: justify;">Formar part de la xarxa ens permet rebre assessorament de personal tècnic de l&#8217;Ajuntament per a transmetre al nostre alumnat el respecte cap a la natura i l’ús d’habitats respectuosos amb l&#8217;entorn. Per això, la xarxa organitza nombroses microxarxes on cada centre pot participar. Nosaltres, des de fa temps participem en la microxarxa d’<a href="https://www.barcelona.cat/barcelonasostenible/ca/escoles-sostenibles/tags/es/page/embolcalls-sostenibles-esmorzars-saludables">embolcalls més sostenibles</a> i recentment ens hem adherit a la microxarxa <a href="https://www.barcelona.cat/barcelonasostenible/ca/escoles-sostenibles/tags/sssplau/page/sssplau">Sssplau</a>. El professorat del centre participem en les activitats de formació i rebem assessorament personalitzat de tècnics i tècniques de l&#8217;Ajuntament.</p>
<p><a href="https://agora.xtec.cat/ieslescorts/wp-content/uploads/usu1246/2021/02/escola-sost1-1.jpg"><img loading="lazy" decoding="async" class="aligncenter size-full wp-image-8936" src="https://agora.xtec.cat/ieslescorts/wp-content/uploads/usu1246/2021/02/escola-sost1-1.jpg" alt="" width="860" height="579" srcset="https://agora.xtec.cat/ieslescorts/wp-content/uploads/usu1246/2021/02/escola-sost1-1.jpg 860w, https://agora.xtec.cat/ieslescorts/wp-content/uploads/usu1246/2021/02/escola-sost1-1-300x202.jpg 300w, https://agora.xtec.cat/ieslescorts/wp-content/uploads/usu1246/2021/02/escola-sost1-1-768x517.jpg 768w" sizes="auto, (max-width: 860px) 100vw, 860px" /></a></p>
<p style="text-align: justify;"><strong>Microxarxa d’embolcalls més sostenibles</strong></p>
<p style="text-align: justify;">Consisteix en el repartiment d’embolcalls de més d’un ús a l&#8217;alumnat de 1r d’ESO, amb l&#8217;objectiu final de reduir el consum de paper d&#8217;alumini i plàstic. Per a dinamitzar i motivar l’activitat, treballem amb un reduït grup d’alumnes de 4t d’ESO durant les activitats del seu Projecte de Recerca i Aprenentatge i Servei Comunitari. L’alumnat de 4t també dissenya un pla d&#8217;acció per transmetre a l’alumnat de 1r, la importància de seguir hàbits sostenibles en la seva vida diària. L&#8217;alumnat de 4t fa la diagnosi a l&#8217;alumnat de 1r (és a dir, conten quants embolcalls d&#8217;un sol ús porten a classe) i reparteixen els embolcalls sostenibles. La participació d’alumnat més gran fa que els més petits es sentin més motivats.</p>
<p><a href="https://agora.xtec.cat/ieslescorts/wp-content/uploads/usu1246/2021/02/escola-sost2.jpg"><img loading="lazy" decoding="async" class="wp-image-8937 alignnone" src="https://agora.xtec.cat/ieslescorts/wp-content/uploads/usu1246/2021/02/escola-sost2.jpg" alt="" width="514" height="382" srcset="https://agora.xtec.cat/ieslescorts/wp-content/uploads/usu1246/2021/02/escola-sost2.jpg 684w, https://agora.xtec.cat/ieslescorts/wp-content/uploads/usu1246/2021/02/escola-sost2-300x223.jpg 300w, https://agora.xtec.cat/ieslescorts/wp-content/uploads/usu1246/2021/02/escola-sost2-200x150.jpg 200w" sizes="auto, (max-width: 514px) 100vw, 514px" /><img loading="lazy" decoding="async" class="wp-image-8939 alignnone" src="https://agora.xtec.cat/ieslescorts/wp-content/uploads/usu1246/2021/02/escola-sost3.jpg" alt="" width="504" height="382" srcset="https://agora.xtec.cat/ieslescorts/wp-content/uploads/usu1246/2021/02/escola-sost3.jpg 393w, https://agora.xtec.cat/ieslescorts/wp-content/uploads/usu1246/2021/02/escola-sost3-300x227.jpg 300w" sizes="auto, (max-width: 504px) 100vw, 504px" /></a></p>
<p style="text-align: justify;"><strong>Microxarxa Sssplau</strong></p>
<p style="text-align: justify;">És una proposta educativa sobre el so i el soroll a l’institut, que inicialment s’ha treballat amb alumnat de 4t d’ESO dins del Projecte de Recerca i Aprenentatge i Servei Comunitari. S’ha fet una recerca d’informació sobre el so, el soroll, la seva mesura, la contaminació acústica&#8230; A continuació, s’han realitzat mesures de so en diferents espais de l’institut, amb sonòmetres deixats en préstec pel SDEA (Servei de Documentació d’Educació Ambiental), per tal de treure’n conclusions i fer propostes de millora. Finalment l’alumnat participant elaborarà un pla d’acció per sensibilitzar la comunitat educativa de l’institut per tal de reduir la possible contaminació acústica.</p>
<p><strong><a href="https://agora.xtec.cat/ieslescorts/wp-content/uploads/usu1246/2021/02/mesures_so_2_grup_2.jpg"><img loading="lazy" decoding="async" class="wp-image-8533 alignnone" src="https://agora.xtec.cat/ieslescorts/wp-content/uploads/usu1246/2021/02/mesures_so_2_grup_2-768x1024.jpg" alt="" width="344" height="459" srcset="https://agora.xtec.cat/ieslescorts/wp-content/uploads/usu1246/2021/02/mesures_so_2_grup_2-768x1024.jpg 768w, https://agora.xtec.cat/ieslescorts/wp-content/uploads/usu1246/2021/02/mesures_so_2_grup_2-225x300.jpg 225w" sizes="auto, (max-width: 344px) 100vw, 344px" /></a><a href="https://agora.xtec.cat/ieslescorts/wp-content/uploads/usu1246/2021/02/image1.jpeg"><img loading="lazy" decoding="async" class="wp-image-8537 alignnone" src="https://agora.xtec.cat/ieslescorts/wp-content/uploads/usu1246/2021/02/image1-768x1024.jpeg" alt="" width="343" height="456" srcset="https://agora.xtec.cat/ieslescorts/wp-content/uploads/usu1246/2021/02/image1-768x1024.jpeg 768w, https://agora.xtec.cat/ieslescorts/wp-content/uploads/usu1246/2021/02/image1-225x300.jpeg 225w, https://agora.xtec.cat/ieslescorts/wp-content/uploads/usu1246/2021/02/image1.jpeg 795w" sizes="auto, (max-width: 343px) 100vw, 343px" /></a></strong><img loading="lazy" decoding="async" class="wp-image-8534 alignnone" src="https://agora.xtec.cat/ieslescorts/wp-content/uploads/usu1246/2021/02/mesures_so_grup_2-768x1024.jpg" alt="" width="343" height="457" srcset="https://agora.xtec.cat/ieslescorts/wp-content/uploads/usu1246/2021/02/mesures_so_grup_2-768x1024.jpg 768w, https://agora.xtec.cat/ieslescorts/wp-content/uploads/usu1246/2021/02/mesures_so_grup_2-225x300.jpg 225w" sizes="auto, (max-width: 343px) 100vw, 343px" /></p>

<p>PROGRAMA ESCOLES MÉS SOSTENIBLES<br />
El  Programa  Escoles + Sostenibles  va  néixer  l&#8217;any  2001  amb l&#8217;objectiu de contribuir a la sostenibilitat del nostre entorn i del planeta, amb el reconeixement del paper de les escoles com a  agents de canvi a la ciutat. L&#8217;Ajuntament de Barcelona promou&hellip;  <a href="https://agora.xtec.cat/ieslescorts/projectes/projectes-de-ciencies-de-la-naturalesa/escoles-sostenibles/" title="Read ESCOLES +SOSTENIBLES">Llegeix més»</a></p>
