{"id":8361,"date":"2021-02-04T10:54:11","date_gmt":"2021-02-04T09:54:11","guid":{"rendered":"http:\/\/agora.xtec.cat\/ieslescorts\/?page_id=8361"},"modified":"2025-07-07T09:31:29","modified_gmt":"2025-07-07T07:31:29","slug":"projectes-matematics","status":"publish","type":"page","link":"https:\/\/agora.xtec.cat\/ieslescorts\/projectes\/projectes-matematics\/","title":{"rendered":"PROJECTES MATEM\u00c0TICS"},"content":{"rendered":"<div>El Departament de matem\u00e0tiques\u00a0prepara a l&#8217;alumnat per tal de potenciar el seu raonament matem\u00e0tic a trav\u00e9s de la resoluci\u00f3 de problemes, i fomentar la capacitat de comunicaci\u00f3 i<\/div>\n<div><\/div>\n<div>argumentaci\u00f3 matem\u00e0tica a partir de la resoluci\u00f3 en equip.<\/div>\n<div><\/div>\n<div>Una de les vies a trav\u00e9s de les quals es potencien les compet\u00e8ncies anteriors \u00e9s a partir de la participaci\u00f3 en diferents programes i concursos organitzats per la\u00a0<a href=\"https:\/\/scm.iec.cat\/\" target=\"_blank\" rel=\"noopener\" data-saferedirecturl=\"https:\/\/www.google.com\/url?q=https:\/\/scm.iec.cat\/&amp;source=gmail&amp;ust=1751959809355000&amp;usg=AOvVaw1MeB-VyBE0VWVNRbuEuVIu\">SCM<\/a>\u00a0i per\u00a0<a href=\"https:\/\/feemcat.org\/category\/activitats-alumnes\/\" target=\"_blank\" rel=\"noopener\" data-saferedirecturl=\"https:\/\/www.google.com\/url?q=https:\/\/feemcat.org\/category\/activitats-alumnes\/&amp;source=gmail&amp;ust=1751959809355000&amp;usg=AOvVaw2rNw2mm36UBvdAw7JATWoc\">FEEMCAT<\/a>.<\/div>\n<div><\/div>\n<div>Aquests s\u00f3n:<\/div>\n<div><\/div>\n<div>&#8211; Fem matem\u00e0tiques<\/div>\n<div><\/div>\n<div>&#8211; Problemes a l&#8217;esprint<\/div>\n<div><\/div>\n<div>&#8211; Copa Cangur<\/div>\n<div><\/div>\n<div>&#8211; Proves Cangur<\/div>\n<div><\/div>\n<div>&#8211; Estalmat<\/div>\n<div><\/div>\n<div>&#8211; Anem x\u00a0+ Matem\u00e0tiques<\/div>\n<div><\/div>\n<div>&#8211; Fotografia matem\u00e0tica<\/div>\n","protected":false},"excerpt":{"rendered":"<p>El Departament de matem\u00e0tiques\u00a0prepara a l&#8217;alumnat per tal de potenciar el seu raonament matem\u00e0tic a trav\u00e9s de la resoluci\u00f3 de problemes, i fomentar la capacitat de comunicaci\u00f3 i<\/p>\n<p>argumentaci\u00f3 matem\u00e0tica a partir de la resoluci\u00f3 en equip.<\/p>\n<p>Una de les vies a trav\u00e9s de les quals es&hellip;  <a href=\"https:\/\/agora.xtec.cat\/ieslescorts\/projectes\/projectes-matematics\/\" title=\"Read PROJECTES MATEM\u00c0TICS\">Llegeix m\u00e9s\u00bb<\/a><\/p>\n","protected":false},"author":206,"featured_media":0,"parent":317,"menu_order":10,"comment_status":"closed","ping_status":"closed","template":"page-templates\/side-menu.php","meta":{"_bbp_topic_count":0,"_bbp_reply_count":0,"_bbp_total_topic_count":0,"_bbp_total_reply_count":0,"_bbp_voice_count":0,"_bbp_anonymous_reply_count":0,"_bbp_topic_count_hidden":0,"_bbp_reply_count_hidden":0,"_bbp_forum_subforum_count":0,"footnotes":""},"class_list":["post-8361","page","type-page","status-publish","hentry"],"post_mailing_queue_ids":[],"_links":{"self":[{"href":"https:\/\/agora.xtec.cat\/ieslescorts\/wp-json\/wp\/v2\/pages\/8361","targetHints":{"allow":["GET"]}}],"collection":[{"href":"https:\/\/agora.xtec.cat\/ieslescorts\/wp-json\/wp\/v2\/pages"}],"about":[{"href":"https:\/\/agora.xtec.cat\/ieslescorts\/wp-json\/wp\/v2\/types\/page"}],"author":[{"embeddable":true,"href":"https:\/\/agora.xtec.cat\/ieslescorts\/wp-json\/wp\/v2\/users\/206"}],"replies":[{"embeddable":true,"href":"https:\/\/agora.xtec.cat\/ieslescorts\/wp-json\/wp\/v2\/comments?post=8361"}],"version-history":[{"count":5,"href":"https:\/\/agora.xtec.cat\/ieslescorts\/wp-json\/wp\/v2\/pages\/8361\/revisions"}],"predecessor-version":[{"id":12244,"href":"https:\/\/agora.xtec.cat\/ieslescorts\/wp-json\/wp\/v2\/pages\/8361\/revisions\/12244"}],"up":[{"embeddable":true,"href":"https:\/\/agora.xtec.cat\/ieslescorts\/wp-json\/wp\/v2\/pages\/317"}],"wp:attachment":[{"href":"https:\/\/agora.xtec.cat\/ieslescorts\/wp-json\/wp\/v2\/media?parent=8361"}],"curies":[{"name":"wp","href":"https:\/\/api.w.org\/{rel}","templated":true}]}}