{"id":81,"date":"2014-09-18T10:38:05","date_gmt":"2014-09-18T10:38:05","guid":{"rendered":"http:\/\/agora.xtec.cat\/ieslescorts\/\/?page_id=81"},"modified":"2023-05-23T20:11:14","modified_gmt":"2023-05-23T18:11:14","slug":"secretaria","status":"publish","type":"page","link":"https:\/\/agora.xtec.cat\/ieslescorts\/secretaria\/","title":{"rendered":"Secretaria"},"content":{"rendered":"<p data-canvas-width=\"165.16691354401877\">La secretaria del centre est\u00e0 oberta de manera presencial en el seg\u00fcents horaris:<\/p>\n<p data-canvas-width=\"165.16691354401877\">Durant el curs escolar:\u00a0 <span style=\"color: #ff0000;\"><strong>De dilluns<\/strong> <strong>a divendres matins 08:30-14<\/strong><\/span><span style=\"color: #ff0000;\"><strong>:30h<\/strong><\/span><\/p>\n<p data-canvas-width=\"165.16691354401877\">Horari del 21\/6 al 30\/6: <span style=\"color: #ff0000;\"><strong>De dilluns<\/strong> <strong>a divendres matins 08:00-12:0<\/strong><\/span><span style=\"color: #ff0000;\"><strong>0h<\/strong><\/span><\/p>\n<p data-canvas-width=\"165.16691354401877\">\n<p data-canvas-width=\"165.16691354401877\">Tot i aix\u00ed, <strong>per qualsevol gesti\u00f3<\/strong> agrairem que pr\u00e8viament realitzeu <strong>consulta telef\u00f2nica<\/strong> i\/o <strong>mitjan\u00e7ant correu<\/strong>.<\/p>\n<p style=\"text-align: center;\" data-canvas-width=\"165.16691354401877\">Tel\u00e8fon: <strong>93 330 74 57<\/strong><\/p>\n<h6 style=\"text-align: center;\" data-canvas-width=\"165.16691354401877\">Correu:\u00a0 <a href=\"mailto:ieslescorts@xtec.cat\">ieslescorts@xtec.cat<\/a><\/h6>\n<p data-canvas-width=\"165.16691354401877\">__________________________________________________________________________________________________<\/p>\n<p data-canvas-width=\"165.16691354401877\">A la secretaria del centre realitzem i gestionem la seg\u00fcent documentaci\u00f3:<\/p>\n<ul>\n<li data-canvas-width=\"208.2479164398003\"><strong>Certificats<\/strong>\n<ul>\n<li data-canvas-width=\"208.2479164398003\">notes<\/li>\n<li data-canvas-width=\"208.2479164398003\">matr\u00edcula<\/li>\n<li data-canvas-width=\"208.2479164398003\">escolaritzaci\u00f3<\/li>\n<li data-canvas-width=\"208.2479164398003\">expedient acad\u00e8mic<\/li>\n<\/ul>\n<\/li>\n<li data-canvas-width=\"208.2479164398003\"><strong>Preinscripci\u00f3 i matr\u00edcula<\/strong>\n<ul>\n<li data-canvas-width=\"208.2479164398003\">ESO<\/li>\n<li data-canvas-width=\"208.2479164398003\">Batxillerat<\/li>\n<\/ul>\n<\/li>\n<li data-canvas-width=\"208.2479164398003\"><strong>Beques i ajuts<\/strong>\n<ul>\n<li data-canvas-width=\"208.2479164398003\">Menjador\n<ul>\n<li data-canvas-width=\"208.2479164398003\"><a href=\"https:\/\/www.edubcn.cat\/ca\/alumnat_i_familia\/ajuts_beques_i_subvencions\/ajuts_de_menjador_escolar\">informaci\u00f3<\/a><\/li>\n<\/ul>\n<\/li>\n<li data-canvas-width=\"208.2479164398003\">NESE\n<ul>\n<li data-canvas-width=\"208.2479164398003\"><a href=\"https:\/\/www.edubcn.cat\/ca\/alumnat_i_familia\/ajuts_beques_i_subvencions\/altres_convocatories\">informaci\u00f3<\/a><\/li>\n<\/ul>\n<\/li>\n<li data-canvas-width=\"208.2479164398003\">Batxillerat\n<ul>\n<li data-canvas-width=\"208.2479164398003\"><a href=\"https:\/\/www.edubcn.cat\/ca\/alumnat_i_familia\/ajuts_beques_i_subvencions\/altres_convocatories\">informaci\u00f3<\/a><\/li>\n<\/ul>\n<\/li>\n<\/ul>\n<\/li>\n<li data-canvas-width=\"208.2479164398003\">Lliurament de <strong>T\u00edtols<\/strong>:\n<ul>\n<li data-canvas-width=\"208.2479164398003\">ESO, BUP i Batxillerat<\/li>\n<li data-canvas-width=\"208.2479164398003\">Documentaci\u00f3 a aportar: Reguard de Sol\u00b7licitud i DNI<\/li>\n<\/ul>\n<\/li>\n<li>Reconeixement dels <strong>nivells B2 i C1<\/strong> de catal\u00e0 per escolaritat reglada no universit\u00e0ria\n<ul>\n<li>On obtenir-lo?\n<ul>\n<li>A qualsevol institut o instiut-escola p\u00fablic de Catalunya.<\/li>\n<\/ul>\n<\/li>\n<li>Documentaci\u00f3 a lliurar (es demana enviar-la tamb\u00e9 pr\u00e8viament escanejada per correu electr\u00f2nic):\n<ul>\n<li>Llibre d&#8217;escolaritat o certificat del centre o centres on s&#8217;ha fet l&#8217;itinerari escolar corresponent a l&#8217;etapa educativa (EGB, BUP, FP, prim\u00e0ria, ESO o batxillerat).<\/li>\n<li>T\u00edtol, resguard del t\u00edtol o certificat que acrediti que la titulaci\u00f3 superior s&#8217;ha obtingut sense cap mat\u00e8ria suspesa o, en el cas de l&#8217;ESO, que s&#8217;ha superat la mat\u00e8ria de llengua catalana en acabar el cicle superior.<\/li>\n<li><strong><a href=\"https:\/\/documents.espai.educacio.gencat.cat\/FormularisModels\/CentresGestioAdministrativa\/A816.pdf\">Formulari complimentat<\/a><\/strong><\/li>\n<\/ul>\n<\/li>\n<li><a href=\"https:\/\/web.gencat.cat\/ca\/tramits\/tramits-temes\/22046-reconeixement-b2-c1-catala?category=742b7874-a82c-11e3-a972-000c29052e2c\">M\u00e9s informaci\u00f3<\/a><\/li>\n<\/ul>\n<\/li>\n<\/ul>\n<p><span style=\"font-family: inherit; font-size: 1em;\">Si el document el recull una persona diferent al destinatari cal portar: <\/span><\/p>\n<ul>\n<li><span style=\"font-family: inherit; font-size: 1em;\">Autoritzaci\u00f3 signada<\/span><\/li>\n<li><span style=\"font-family: inherit; font-size: 1em;\">Fotoc\u00f2pia de DNI del t<\/span><span style=\"font-family: inherit; font-size: 1em;\">itular <\/span><\/li>\n<li><span style=\"font-family: inherit; font-size: 1em;\">Fotoc\u00f2pia DNI autoritzat<\/span><\/li>\n<\/ul>\n<p><strong>INST\u00c0NCIES: <\/strong><span style=\"font-family: inherit; font-size: 1em;\">Per formalitzar una inst\u00e0ncia podeu descarregar el document seg\u00fcent:<\/span><\/p>\n<h3><\/h3>\n<h3><a style=\"font-family: inherit; font-size: 1em;\" href=\"https:\/\/agora.xtec.cat\/ieslescorts\/enllacos\/documents\/\"><strong>DOCUMENTS SECRETARIA<\/strong><\/a><\/h3>\n","protected":false},"excerpt":{"rendered":"<p>La secretaria del centre est\u00e0 oberta de manera presencial en el seg\u00fcents horaris:<br \/>\nDurant el curs escolar:\u00a0 De dilluns a divendres matins 08:30-14:30h<br \/>\nHorari del 21\/6 al 30\/6: De dilluns a divendres matins 08:00-12:00h<\/p>\n<p>Tot i aix\u00ed, per qualsevol gesti\u00f3 agrairem que pr\u00e8viament realitzeu consulta telef\u00f2nica i\/o mitjan\u00e7ant&hellip;  <a href=\"https:\/\/agora.xtec.cat\/ieslescorts\/secretaria\/\" title=\"Read Secretaria\">Llegeix m\u00e9s\u00bb<\/a><\/p>\n","protected":false},"author":1,"featured_media":0,"parent":0,"menu_order":4,"comment_status":"closed","ping_status":"closed","template":"page-templates\/side-menu.php","meta":{"_bbp_topic_count":0,"_bbp_reply_count":0,"_bbp_total_topic_count":0,"_bbp_total_reply_count":0,"_bbp_voice_count":0,"_bbp_anonymous_reply_count":0,"_bbp_topic_count_hidden":0,"_bbp_reply_count_hidden":0,"_bbp_forum_subforum_count":0,"footnotes":""},"class_list":["post-81","page","type-page","status-publish","hentry"],"post_mailing_queue_ids":[],"_links":{"self":[{"href":"https:\/\/agora.xtec.cat\/ieslescorts\/wp-json\/wp\/v2\/pages\/81","targetHints":{"allow":["GET"]}}],"collection":[{"href":"https:\/\/agora.xtec.cat\/ieslescorts\/wp-json\/wp\/v2\/pages"}],"about":[{"href":"https:\/\/agora.xtec.cat\/ieslescorts\/wp-json\/wp\/v2\/types\/page"}],"author":[{"embeddable":true,"href":"https:\/\/agora.xtec.cat\/ieslescorts\/wp-json\/wp\/v2\/users\/1"}],"replies":[{"embeddable":true,"href":"https:\/\/agora.xtec.cat\/ieslescorts\/wp-json\/wp\/v2\/comments?post=81"}],"version-history":[{"count":5,"href":"https:\/\/agora.xtec.cat\/ieslescorts\/wp-json\/wp\/v2\/pages\/81\/revisions"}],"predecessor-version":[{"id":12240,"href":"https:\/\/agora.xtec.cat\/ieslescorts\/wp-json\/wp\/v2\/pages\/81\/revisions\/12240"}],"wp:attachment":[{"href":"https:\/\/agora.xtec.cat\/ieslescorts\/wp-json\/wp\/v2\/media?parent=81"}],"curies":[{"name":"wp","href":"https:\/\/api.w.org\/{rel}","templated":true}]}}