{"id":7984,"date":"2020-11-25T13:31:52","date_gmt":"2020-11-25T12:31:52","guid":{"rendered":"http:\/\/agora.xtec.cat\/ieslescorts\/?page_id=7984"},"modified":"2025-07-04T21:47:28","modified_gmt":"2025-07-04T19:47:28","slug":"documents-de-centre","status":"publish","type":"page","link":"https:\/\/agora.xtec.cat\/ieslescorts\/linstitut\/documents-de-centre\/","title":{"rendered":"Documents de centre"},"content":{"rendered":"<ul class=\"side-nav\">\n<li><span style=\"text-decoration: underline;\"><strong>DOCUMENTS DE CENTRE<\/strong><\/span><\/li>\n<li class=\"page_item page-item-7992\"><strong>PEC<\/strong><\/li>\n<li class=\"page_item page-item-6778\"><strong><a href=\"https:\/\/drive.google.com\/file\/d\/1XVJ7RfBUt-h57JxvIwPBhwyFXN-DPTde\/view?usp=drive_link\">NOFC<\/a><\/strong><\/li>\n<li class=\"page_item page-item-8225\"><strong>PLA D\u2019ORGANITZACI\u00d3 DE CENTRE<\/strong><\/li>\n<li><\/li>\n<li class=\"page_item page-item-7987\"><span style=\"text-decoration: underline;\"><strong>DOCUMENTS PER A L&#8217;ALUMNAT<\/strong><\/span><\/li>\n<li><a href=\"https:\/\/drive.google.com\/file\/d\/1Yi7Pnwq2yrkVEHds7rRS93rpPfSbFouf\/view?usp=sharing\">&#8211; DECLARACI\u00d3 RESPONSABLE DE SORTIDA DEL CENTRE EN CAS D\u2019INDISPOSICI\u00d3, O PER A QUALSEVOL ALTRE Q\u00dcESTI\u00d3 QUE HO REQUEREIXI (ALUMNAT DE BATXILLERAT MAJOR DE 18 ANYS).<\/a><\/li>\n<li><a href=\"https:\/\/drive.google.com\/file\/d\/1uco8banK-YsuUbPjcQ7jcAXupN2u2xb5\/view?usp=sharing\">&#8211; AUTORITZACI\u00d3 SORTIDA DEL CENTRE SENSE ACOMPANYANT PER A QUALSEVOL Q\u00dcESTI\u00d3 QUE HO REQUEREIXI (ALUMNAT DE 3r, 4t d\u2019ESO i BATXILLERAT (MENOR D\u2019EDAT)<\/a><\/li>\n<li><a href=\"https:\/\/drive.google.com\/file\/d\/1ei4ou1vNCRNqXFbKTM-TF_IZuJPR4MTE\/view?usp=sharing\">&#8211; AUTORITZACI\u00d3 SORTIDA DEL CENTRE SENSE ACOMPANYANT EN CAS D\u2019INDISPOSICI\u00d3 (ALUMNAT DE 3r, 4t d\u2019ESO i BATXILLERAT (MENOR D\u2019EDAT)<\/a><\/li>\n<li><a href=\"http:\/\/www.xtec.cat\/ieslescorts\/pdfs\/AUTORITZACIO%20VAGA%20ALUMNAT.pdf\">&#8211; Justificant de vaga<\/a><\/li>\n<li><a href=\"https:\/\/drive.google.com\/file\/d\/1o3tJhr4-QMlyE0pSmgZeIu956SEFrbZE\/view\">&#8211; Model d&#8217;Inst\u00e0ncia<\/a><\/li>\n<\/ul>\n","protected":false},"excerpt":{"rendered":"<ul class=\"side-nav\">\n<li>DOCUMENTS DE CENTRE<\/li>\n<li class=\"page_item page-item-7992\">PEC<\/li>\n<li class=\"page_item page-item-6778\"><a href=\"https:\/\/drive.google.com\/file\/d\/1XVJ7RfBUt-h57JxvIwPBhwyFXN-DPTde\/view?usp=drive_link\">NOFC<\/a><\/li>\n<li class=\"page_item page-item-8225\">PLA D\u2019ORGANITZACI\u00d3 DE CENTRE<\/li>\n<li><\/li>\n<li class=\"page_item page-item-7987\">DOCUMENTS PER A L&#8217;ALUMNAT<\/li>\n<li><a href=\"https:\/\/drive.google.com\/file\/d\/1Yi7Pnwq2yrkVEHds7rRS93rpPfSbFouf\/view?usp=sharing\">&#8211; DECLARACI\u00d3 RESPONSABLE DE SORTIDA DEL CENTRE EN CAS D\u2019INDISPOSICI\u00d3, O PER A QUALSEVOL ALTRE Q\u00dcESTI\u00d3 QUE HO REQUEREIXI (ALUMNAT DE BATXILLERAT MAJOR DE 18 ANYS).<\/a><\/li>\n<li><a&hellip;  <a href=\"https:\/\/agora.xtec.cat\/ieslescorts\/linstitut\/documents-de-centre\/\" title=\"Read Documents de centre\">Llegeix m\u00e9s\u00bb<\/a><br \/>\n","protected":false},"author":206,"featured_media":0,"parent":19,"menu_order":3,"comment_status":"closed","ping_status":"closed","template":"page-templates\/side-menu.php","meta":{"_bbp_topic_count":0,"_bbp_reply_count":0,"_bbp_total_topic_count":0,"_bbp_total_reply_count":0,"_bbp_voice_count":0,"_bbp_anonymous_reply_count":0,"_bbp_topic_count_hidden":0,"_bbp_reply_count_hidden":0,"_bbp_forum_subforum_count":0,"footnotes":""},"class_list":["post-7984","page","type-page","status-publish","hentry"],"post_mailing_queue_ids":[],"_links":{"self":[{"href":"https:\/\/agora.xtec.cat\/ieslescorts\/wp-json\/wp\/v2\/pages\/7984","targetHints":{"allow":["GET"]}}],"collection":[{"href":"https:\/\/agora.xtec.cat\/ieslescorts\/wp-json\/wp\/v2\/pages"}],"about":[{"href":"https:\/\/agora.xtec.cat\/ieslescorts\/wp-json\/wp\/v2\/types\/page"}],"author":[{"embeddable":true,"href":"https:\/\/agora.xtec.cat\/ieslescorts\/wp-json\/wp\/v2\/users\/206"}],"replies":[{"embeddable":true,"href":"https:\/\/agora.xtec.cat\/ieslescorts\/wp-json\/wp\/v2\/comments?post=7984"}],"version-history":[{"count":7,"href":"https:\/\/agora.xtec.cat\/ieslescorts\/wp-json\/wp\/v2\/pages\/7984\/revisions"}],"predecessor-version":[{"id":12231,"href":"https:\/\/agora.xtec.cat\/ieslescorts\/wp-json\/wp\/v2\/pages\/7984\/revisions\/12231"}],"up":[{"embeddable":true,"href":"https:\/\/agora.xtec.cat\/ieslescorts\/wp-json\/wp\/v2\/pages\/19"}],"wp:attachment":[{"href":"https:\/\/agora.xtec.cat\/ieslescorts\/wp-json\/wp\/v2\/media?parent=7984"}],"curies":[{"name":"wp","href":"https:\/\/api.w.org\/{rel}","templated":true}]}}