{"id":317,"date":"2015-06-22T13:13:44","date_gmt":"2015-06-22T12:13:44","guid":{"rendered":"http:\/\/agora.xtec.cat\/ieslescorts\/?page_id=317"},"modified":"2021-02-06T02:12:12","modified_gmt":"2021-02-06T01:12:12","slug":"projectes","status":"publish","type":"page","link":"https:\/\/agora.xtec.cat\/ieslescorts\/projectes\/","title":{"rendered":"Projectes"},"content":{"rendered":"<p style=\"text-align: justify;\"><a href=\"http:\/\/agora.xtec.cat\/ieslescorts\/wp-content\/uploads\/usu1246\/2018\/02\/logotip_institut_lescorts.png\"><img loading=\"lazy\" decoding=\"async\" class=\" wp-image-4900 alignleft\" src=\"http:\/\/agora.xtec.cat\/ieslescorts\/wp-content\/uploads\/usu1246\/2018\/02\/logotip_institut_lescorts-300x271.png\" alt=\"\" width=\"59\" height=\"53\" \/><br \/>\n<\/a>El nou context que s&#8217;ha produ\u00eft en els darrers anys en l&#8217;\u00e0mbit tecnol\u00f2gic genera un alt grau d&#8217;assoliment de les compet\u00e8ncies pluriling\u00fce i digital, entre d&#8217;altres.<\/p>\n<p style=\"text-align: justify;\">Amb una visi\u00f3 hol\u00edstica, el nostre institut ofereix dins del curr\u00edculum optatiu de l&#8217; ESO, treball per projectes de forma que les compet\u00e8ncies es treballen d&#8217;una forma transversal i es possibilita l&#8217;aprenentatge constructivista.<\/p>\n<p style=\"text-align: justify;\">Per altra banda, per treballar la compet\u00e8ncia pluriling\u00fce, el nostre institut treballa amb la metodologia AICLE, on s&#8217;imparteixen continguts no ling\u00fc\u00edstics en llengua anglesa.<\/p>\n<p style=\"text-align: justify;\">El centre, essent conscient de la import\u00e0ncia del treball per projectes i de la metodologia AICLE, fa una clara aposta per garantir la continu\u00eftat del treball durant tota l&#8217;etapa de l&#8217; ESO.<\/p>\n<p>&nbsp;<\/p>\n","protected":false},"excerpt":{"rendered":"<p><a href=\"http:\/\/agora.xtec.cat\/ieslescorts\/wp-content\/uploads\/usu1246\/2018\/02\/logotip_institut_lescorts.png\"><br \/>\n<\/a>El nou context que s&#8217;ha produ\u00eft en els darrers anys en l&#8217;\u00e0mbit tecnol\u00f2gic genera un alt grau d&#8217;assoliment de les compet\u00e8ncies pluriling\u00fce i digital, entre d&#8217;altres.<br \/>\nAmb una visi\u00f3 hol\u00edstica, el nostre institut ofereix dins del curr\u00edculum optatiu de l&#8217; ESO, treball per projectes de&hellip;  <a href=\"https:\/\/agora.xtec.cat\/ieslescorts\/projectes\/\" title=\"Read Projectes\">Llegeix m\u00e9s\u00bb<\/a><\/p>\n","protected":false},"author":1,"featured_media":0,"parent":0,"menu_order":1,"comment_status":"closed","ping_status":"closed","template":"page-templates\/side-menu.php","meta":{"_bbp_topic_count":0,"_bbp_reply_count":0,"_bbp_total_topic_count":0,"_bbp_total_reply_count":0,"_bbp_voice_count":0,"_bbp_anonymous_reply_count":0,"_bbp_topic_count_hidden":0,"_bbp_reply_count_hidden":0,"_bbp_forum_subforum_count":0,"footnotes":""},"class_list":["post-317","page","type-page","status-publish","hentry"],"post_mailing_queue_ids":[],"_links":{"self":[{"href":"https:\/\/agora.xtec.cat\/ieslescorts\/wp-json\/wp\/v2\/pages\/317","targetHints":{"allow":["GET"]}}],"collection":[{"href":"https:\/\/agora.xtec.cat\/ieslescorts\/wp-json\/wp\/v2\/pages"}],"about":[{"href":"https:\/\/agora.xtec.cat\/ieslescorts\/wp-json\/wp\/v2\/types\/page"}],"author":[{"embeddable":true,"href":"https:\/\/agora.xtec.cat\/ieslescorts\/wp-json\/wp\/v2\/users\/1"}],"replies":[{"embeddable":true,"href":"https:\/\/agora.xtec.cat\/ieslescorts\/wp-json\/wp\/v2\/comments?post=317"}],"version-history":[{"count":6,"href":"https:\/\/agora.xtec.cat\/ieslescorts\/wp-json\/wp\/v2\/pages\/317\/revisions"}],"predecessor-version":[{"id":8443,"href":"https:\/\/agora.xtec.cat\/ieslescorts\/wp-json\/wp\/v2\/pages\/317\/revisions\/8443"}],"wp:attachment":[{"href":"https:\/\/agora.xtec.cat\/ieslescorts\/wp-json\/wp\/v2\/media?parent=317"}],"curies":[{"name":"wp","href":"https:\/\/api.w.org\/{rel}","templated":true}]}}