{"id":12367,"date":"2026-02-26T16:18:09","date_gmt":"2026-02-26T15:18:09","guid":{"rendered":"https:\/\/agora.xtec.cat\/ieslescorts\/?page_id=12367"},"modified":"2026-02-27T07:46:30","modified_gmt":"2026-02-27T06:46:30","slug":"informacio-portes-obertes-eso-2026","status":"publish","type":"page","link":"https:\/\/agora.xtec.cat\/ieslescorts\/informacio-portes-obertes-eso-2026\/","title":{"rendered":"INFORMACI\u00d3 PORTES OBERTES ESO 2026"},"content":{"rendered":"<p data-start=\"0\" data-end=\"72\">El dimecres 25 de febrer vam celebrar la jornada de portes obertes d\u2019ESO DE 2026 de l&#8217;Institut les Corts.<\/p>\n<p data-start=\"74\" data-end=\"245\" data-is-last-node=\"\" data-is-only-node=\"\">A continuaci\u00f3, trobareu la informaci\u00f3 que es va facilitar a les fam\u00edlies durant les portes obertes, per tal que la pugueu consultar sempre que ho necessiteu.<\/p>\n<p data-start=\"74\" data-end=\"245\" data-is-last-node=\"\" data-is-only-node=\"\"><a href=\"https:\/\/drive.google.com\/file\/d\/1Krnk_Yx9xc2uNWzLwQh1fDIGs_MTvitP\/view?usp=sharing\">Presentaci\u00f3 de les Portes Obertes<\/a><\/p>\n<p data-start=\"74\" data-end=\"245\" data-is-last-node=\"\" data-is-only-node=\"\"><a href=\"https:\/\/drive.google.com\/file\/d\/1OU40AVin2JIB7D6LabvZ7qL61KbjpMOy\/view?usp=sharing\">Informaci\u00f3 per a les fam\u00edlies<\/a><\/p>\n","protected":false},"excerpt":{"rendered":"<p>El dimecres 25 de febrer vam celebrar la jornada de portes obertes d\u2019ESO DE 2026 de l&#8217;Institut les Corts.<br \/>\nA continuaci\u00f3, trobareu la informaci\u00f3 que es va facilitar a les fam\u00edlies durant les portes obertes, per tal que la pugueu consultar sempre que ho necessiteu.<br \/>\n<a href=\"https:\/\/drive.google.com\/file\/d\/1Krnk_Yx9xc2uNWzLwQh1fDIGs_MTvitP\/view?usp=sharing\">Presentaci\u00f3&hellip;  <a href=\"https:\/\/agora.xtec.cat\/ieslescorts\/informacio-portes-obertes-eso-2026\/\" title=\"Read INFORMACI\u00d3 PORTES OBERTES ESO 2026\">Llegeix m\u00e9s\u00bb<\/a><\/p>\n","protected":false},"author":206,"featured_media":0,"parent":0,"menu_order":0,"comment_status":"closed","ping_status":"closed","template":"","meta":{"_bbp_topic_count":0,"_bbp_reply_count":0,"_bbp_total_topic_count":0,"_bbp_total_reply_count":0,"_bbp_voice_count":0,"_bbp_anonymous_reply_count":0,"_bbp_topic_count_hidden":0,"_bbp_reply_count_hidden":0,"_bbp_forum_subforum_count":0,"footnotes":""},"class_list":["post-12367","page","type-page","status-publish","hentry"],"post_mailing_queue_ids":[],"_links":{"self":[{"href":"https:\/\/agora.xtec.cat\/ieslescorts\/wp-json\/wp\/v2\/pages\/12367","targetHints":{"allow":["GET"]}}],"collection":[{"href":"https:\/\/agora.xtec.cat\/ieslescorts\/wp-json\/wp\/v2\/pages"}],"about":[{"href":"https:\/\/agora.xtec.cat\/ieslescorts\/wp-json\/wp\/v2\/types\/page"}],"author":[{"embeddable":true,"href":"https:\/\/agora.xtec.cat\/ieslescorts\/wp-json\/wp\/v2\/users\/206"}],"replies":[{"embeddable":true,"href":"https:\/\/agora.xtec.cat\/ieslescorts\/wp-json\/wp\/v2\/comments?post=12367"}],"version-history":[{"count":5,"href":"https:\/\/agora.xtec.cat\/ieslescorts\/wp-json\/wp\/v2\/pages\/12367\/revisions"}],"predecessor-version":[{"id":12374,"href":"https:\/\/agora.xtec.cat\/ieslescorts\/wp-json\/wp\/v2\/pages\/12367\/revisions\/12374"}],"wp:attachment":[{"href":"https:\/\/agora.xtec.cat\/ieslescorts\/wp-json\/wp\/v2\/media?parent=12367"}],"curies":[{"name":"wp","href":"https:\/\/api.w.org\/{rel}","templated":true}]}}