{"id":11470,"date":"2024-05-03T10:13:38","date_gmt":"2024-05-03T08:13:38","guid":{"rendered":"https:\/\/agora.xtec.cat\/ieslescorts\/?page_id=11470"},"modified":"2025-08-19T14:23:19","modified_gmt":"2025-08-19T12:23:19","slug":"com-ens-organitzem","status":"publish","type":"page","link":"https:\/\/agora.xtec.cat\/ieslescorts\/afa-institut-les-corts\/com-ens-organitzem\/","title":{"rendered":"Com ens organitzem?"},"content":{"rendered":"<p><a href=\"https:\/\/agora.xtec.cat\/ieslescorts\/wp-content\/uploads\/usu1246\/2024\/09\/logo.png\"><img loading=\"lazy\" decoding=\"async\" class=\"alignnone wp-image-11695\" src=\"https:\/\/agora.xtec.cat\/ieslescorts\/wp-content\/uploads\/usu1246\/2024\/09\/logo-1024x647.png\" alt=\"\" width=\"103\" height=\"65\" srcset=\"https:\/\/agora.xtec.cat\/ieslescorts\/wp-content\/uploads\/usu1246\/2024\/09\/logo-1024x647.png 1024w, https:\/\/agora.xtec.cat\/ieslescorts\/wp-content\/uploads\/usu1246\/2024\/09\/logo-300x190.png 300w, https:\/\/agora.xtec.cat\/ieslescorts\/wp-content\/uploads\/usu1246\/2024\/09\/logo-768x486.png 768w, https:\/\/agora.xtec.cat\/ieslescorts\/wp-content\/uploads\/usu1246\/2024\/09\/logo.png 1281w\" sizes=\"auto, (max-width: 103px) 100vw, 103px\" \/><\/a><\/p>\n<p style=\"text-align: justify;\"><strong>COM ENS ORGANITZEM?<\/strong><\/p>\n<p style=\"text-align: justify;\">L\u2019AFA la formem totes les fam\u00edlies associades, tot i aix\u00ed, hi ha una junta que pren les decisions i fa propostes. Per aix\u00f2 ens reunim peri\u00f2dicament les diverses comissions i fem reunions tamb\u00e9 amb la direcci\u00f3 del centre. Una vegada l\u2019any es convoca l\u2019Assemblea General oberta a tots els associats.<\/p>\n<p style=\"text-align: justify;\">Tamb\u00e9 estem presents en el Consell Escolar.<\/p>\n<table style=\"border-collapse: collapse; width: 79.0205%;\">\n<tbody>\n<tr>\n<td style=\"width: 16.0256%; text-align: center;\"><a href=\"#junta\">La junta<\/a><\/td>\n<td style=\"width: 21.9697%; text-align: center;\"><a href=\"#assemblea\">L\u2019Assemblea General<\/a><\/td>\n<td style=\"width: 19.5222%; text-align: center;\"><a href=\"#comissions\">Les comissions<\/a><\/td>\n<td style=\"width: 21.5035%; text-align: center;\"><a href=\"#consell\">El Consell escolar<\/a><\/td>\n<\/tr>\n<\/tbody>\n<\/table>\n<h2 style=\"text-align: justify;\"><strong><u><a id=\"junta\"><\/a>LA JUNTA<\/u><\/strong><\/h2>\n<p style=\"text-align: justify;\">Ens reunim peri\u00f2dicament per organitzar les activitats i exposar problemes,\u00a0dubtes i tasques realitzades de cada comissi\u00f3. Tamb\u00e9 tenim reunions amb l\u2019equip directiu de l\u2019escola, formem part del Consell escolar i organitzem l\u2019assemblea general amb els associats.<\/p>\n<p><a href=\"https:\/\/agora.xtec.cat\/ieslescorts\/wp-content\/uploads\/usu1246\/2025\/08\/La-junta-2024-25.png\"><img loading=\"lazy\" decoding=\"async\" class=\"alignnone wp-image-12250\" src=\"https:\/\/agora.xtec.cat\/ieslescorts\/wp-content\/uploads\/usu1246\/2025\/08\/La-junta-2024-25-1024x726.png\" alt=\"\" width=\"402\" height=\"285\" srcset=\"https:\/\/agora.xtec.cat\/ieslescorts\/wp-content\/uploads\/usu1246\/2025\/08\/La-junta-2024-25-1024x726.png 1024w, https:\/\/agora.xtec.cat\/ieslescorts\/wp-content\/uploads\/usu1246\/2025\/08\/La-junta-2024-25-300x213.png 300w, https:\/\/agora.xtec.cat\/ieslescorts\/wp-content\/uploads\/usu1246\/2025\/08\/La-junta-2024-25-768x545.png 768w, https:\/\/agora.xtec.cat\/ieslescorts\/wp-content\/uploads\/usu1246\/2025\/08\/La-junta-2024-25-1536x1090.png 1536w, https:\/\/agora.xtec.cat\/ieslescorts\/wp-content\/uploads\/usu1246\/2025\/08\/La-junta-2024-25.png 1748w\" sizes=\"auto, (max-width: 402px) 100vw, 402px\" \/><\/a><\/p>\n<h2 style=\"text-align: justify;\"><strong><u><a id=\"assemblea\"><\/a>L\u2019ASSEMBLEA<\/u><\/strong><\/h2>\n<p style=\"text-align: justify;\">Un cop l\u2019any organitzem l\u2019assemblea general amb els associats per debatre els temes que calgui, resoldre dubtes, acollir suggeriments i aprovar el balan\u00e7 econ\u00f2mic de l\u2019any acabat i el pressupost de l\u2019any en curs. Tamb\u00e9 s\u2019escullen els c\u00e0rrecs electes de la Junta.<\/p>\n<p><a href=\"https:\/\/agora.xtec.cat\/ieslescorts\/wp-content\/uploads\/usu1246\/2024\/05\/Assemblea-removebg-preview-1.png\"><img loading=\"lazy\" decoding=\"async\" class=\"wp-image-11552 alignleft\" src=\"https:\/\/agora.xtec.cat\/ieslescorts\/wp-content\/uploads\/usu1246\/2024\/05\/Assemblea-removebg-preview-1.png\" alt=\"\" width=\"219\" height=\"219\" srcset=\"https:\/\/agora.xtec.cat\/ieslescorts\/wp-content\/uploads\/usu1246\/2024\/05\/Assemblea-removebg-preview-1.png 500w, https:\/\/agora.xtec.cat\/ieslescorts\/wp-content\/uploads\/usu1246\/2024\/05\/Assemblea-removebg-preview-1-300x300.png 300w, https:\/\/agora.xtec.cat\/ieslescorts\/wp-content\/uploads\/usu1246\/2024\/05\/Assemblea-removebg-preview-1-150x150.png 150w\" sizes=\"auto, (max-width: 219px) 100vw, 219px\" \/><\/a><\/p>\n<p>&nbsp;<\/p>\n<p><a href=\"https:\/\/agora.xtec.cat\/ieslescorts\/wp-content\/uploads\/usu1246\/2024\/05\/Assemblea-removebg-preview-1.png\">Tots els associats tenim veu i vot!<\/a><\/p>\n<p>&nbsp;<\/p>\n<p>&nbsp;<\/p>\n<p>&nbsp;<\/p>\n<h2 style=\"text-align: justify;\"><strong><u><a id=\"comissions\"><\/a>LES COMISSIONS<\/u><\/strong><\/h2>\n<p style=\"text-align: justify;\">Funcionem per comissions. La nostra intenci\u00f3 \u00e9s anar-les ampliant, per aix\u00f2, necessitem pares i mares que vulguin participar i col\u00b7laborar amb nosaltres.\u00a0Si t\u2019animes\u00a0<a href=\"https:\/\/agora.xtec.cat\/ieslescorts\/afa-institut-les-corts\/afa-contactans\/\">contacta\u2019ns<\/a>!<\/p>\n<p><a href=\"https:\/\/agora.xtec.cat\/ieslescorts\/wp-content\/uploads\/usu1246\/2025\/08\/comissions-2024-25.png\"><img loading=\"lazy\" decoding=\"async\" class=\"alignnone  wp-image-12253\" src=\"https:\/\/agora.xtec.cat\/ieslescorts\/wp-content\/uploads\/usu1246\/2025\/08\/comissions-2024-25-1024x726.png\" alt=\"\" width=\"404\" height=\"286\" srcset=\"https:\/\/agora.xtec.cat\/ieslescorts\/wp-content\/uploads\/usu1246\/2025\/08\/comissions-2024-25-1024x726.png 1024w, https:\/\/agora.xtec.cat\/ieslescorts\/wp-content\/uploads\/usu1246\/2025\/08\/comissions-2024-25-300x213.png 300w, https:\/\/agora.xtec.cat\/ieslescorts\/wp-content\/uploads\/usu1246\/2025\/08\/comissions-2024-25-768x545.png 768w, https:\/\/agora.xtec.cat\/ieslescorts\/wp-content\/uploads\/usu1246\/2025\/08\/comissions-2024-25-1536x1090.png 1536w, https:\/\/agora.xtec.cat\/ieslescorts\/wp-content\/uploads\/usu1246\/2025\/08\/comissions-2024-25.png 1748w\" sizes=\"auto, (max-width: 404px) 100vw, 404px\" \/><\/a><\/p>\n<p style=\"text-align: justify;\">Si vols saber qu\u00e8 fem a cada comissi\u00f3 ves a l\u2019apartat \u201c<a href=\"https:\/\/agora.xtec.cat\/ieslescorts\/afa-institut-les-corts\/afa-que-fem\/\">Qu\u00e8 fem?<\/a>\u201d<\/p>\n<h2 style=\"text-align: justify;\"><strong><u><a id=\"consell\"><\/a>EL CONSELL ESCOLAR<\/u><\/strong><\/h2>\n<p style=\"text-align: justify;\">Formem part del Consell Escolar de l\u2019Institut. La nostra representant \u00e9s la presidenta.<\/p>\n<p style=\"text-align: justify;\">Si vols informaci\u00f3 sobre qu\u00e8 \u00e9s el\u00a0<a href=\"https:\/\/educacio.gencat.cat\/ca\/arees-actuacio\/centres-serveis-educatius\/centres\/consells-escolars-centres\/\" target=\"_blank\" rel=\"noopener\">consell escolar<\/a>\u00a0pots consultar la p\u00e0gina web del Departament d\u2019educaci\u00f3.<\/p>\n<p style=\"text-align: justify;\">Tamb\u00e9 participem al <a href=\"https:\/\/ajuntament.barcelona.cat\/consellescolarmunicipal\/ca\/\" target=\"_blank\" rel=\"noopener\">consell escolar del districte.<\/a><\/p>\n","protected":false},"excerpt":{"rendered":"<p><a href=\"https:\/\/agora.xtec.cat\/ieslescorts\/wp-content\/uploads\/usu1246\/2024\/09\/logo.png\"><\/a><br \/>\nCOM ENS ORGANITZEM?<br \/>\nL\u2019AFA la formem totes les fam\u00edlies associades, tot i aix\u00ed, hi ha una junta que pren les decisions i fa propostes. Per aix\u00f2 ens reunim peri\u00f2dicament les diverses comissions i fem reunions tamb\u00e9 amb la direcci\u00f3 del centre. Una vegada l\u2019any es&hellip;  <a href=\"https:\/\/agora.xtec.cat\/ieslescorts\/afa-institut-les-corts\/com-ens-organitzem\/\" title=\"Read Com ens organitzem?\">Llegeix m\u00e9s\u00bb<\/a><\/p>\n","protected":false},"author":206,"featured_media":0,"parent":11276,"menu_order":2,"comment_status":"closed","ping_status":"closed","template":"page-templates\/side-menu.php","meta":{"_bbp_topic_count":0,"_bbp_reply_count":0,"_bbp_total_topic_count":0,"_bbp_total_reply_count":0,"_bbp_voice_count":0,"_bbp_anonymous_reply_count":0,"_bbp_topic_count_hidden":0,"_bbp_reply_count_hidden":0,"_bbp_forum_subforum_count":0,"footnotes":""},"class_list":["post-11470","page","type-page","status-publish","hentry"],"post_mailing_queue_ids":[],"_links":{"self":[{"href":"https:\/\/agora.xtec.cat\/ieslescorts\/wp-json\/wp\/v2\/pages\/11470","targetHints":{"allow":["GET"]}}],"collection":[{"href":"https:\/\/agora.xtec.cat\/ieslescorts\/wp-json\/wp\/v2\/pages"}],"about":[{"href":"https:\/\/agora.xtec.cat\/ieslescorts\/wp-json\/wp\/v2\/types\/page"}],"author":[{"embeddable":true,"href":"https:\/\/agora.xtec.cat\/ieslescorts\/wp-json\/wp\/v2\/users\/206"}],"replies":[{"embeddable":true,"href":"https:\/\/agora.xtec.cat\/ieslescorts\/wp-json\/wp\/v2\/comments?post=11470"}],"version-history":[{"count":7,"href":"https:\/\/agora.xtec.cat\/ieslescorts\/wp-json\/wp\/v2\/pages\/11470\/revisions"}],"predecessor-version":[{"id":12254,"href":"https:\/\/agora.xtec.cat\/ieslescorts\/wp-json\/wp\/v2\/pages\/11470\/revisions\/12254"}],"up":[{"embeddable":true,"href":"https:\/\/agora.xtec.cat\/ieslescorts\/wp-json\/wp\/v2\/pages\/11276"}],"wp:attachment":[{"href":"https:\/\/agora.xtec.cat\/ieslescorts\/wp-json\/wp\/v2\/media?parent=11470"}],"curies":[{"name":"wp","href":"https:\/\/api.w.org\/{rel}","templated":true}]}}