{"id":21,"date":"2014-09-17T16:14:14","date_gmt":"2014-09-17T16:14:14","guid":{"rendered":"http:\/\/agora.xtec.cat\/ieslescala\/?page_id=21"},"modified":"2025-10-03T09:54:09","modified_gmt":"2025-10-03T07:54:09","slug":"on-som","status":"publish","type":"page","link":"https:\/\/agora.xtec.cat\/ieslescala\/linstitut\/on-som\/","title":{"rendered":"Contactes"},"content":{"rendered":"<p><strong>Adre\u00e7a<\/strong><\/p>\n<p>Institut\u00a0El Pedr\u00f3<br \/>\nVilabertran, 2-4<br \/>\n17130 L&#8217;Escala<\/p>\n<p><strong>Tel\u00e8fons<\/strong><\/p>\n<p>972772128<\/p>\n<p><strong>Correus electr\u00f2nics de contacte<\/strong><\/p>\n<p><strong style=\"font-size: medium; font-family: inherit; line-height: 1.6;\">Centre<\/strong><\/p>\n<ul>\n<li><span style=\"font-size: medium;\">B\u00fastia General: <a href=\"mailto:ieslescala@xtec.cat\">b7005251@xtec.cat<\/a><\/span><\/li>\n<li><span style=\"font-size: medium;\">Direcci\u00f3:\u00a0<a href=\"mailto:direccio@elpedro.cat\">direccio@elpedro.cat<\/a><\/span><\/li>\n<li>Secretaria: <span style=\"color: #008080;\">secretaria@elpedro.cat<\/span><\/li>\n<\/ul>\n<h3>TUTORIES<\/h3>\n<ul>\n<li>1r ESO A:\u00a0 Fuster, Pau\u00a0 \u00a0 \u00a0<a class=\"rABsFf RffVmb AL18ce\" style=\"background-color: rgba(0, 0, 0, 0); font-size: 1rem; font-weight: inherit;\" href=\"mailto:pfuster@elpedro.cat\" target=\"_blank\" rel=\"noopener\" aria-describedby=\"tt-hc-email\" data-tooltip-y-position=\"2\" data-tooltip-show-delay-ms=\"1000\" data-tooltip-anchor-boundary-type=\"2\">pfuster@elpedro.cat<\/a><\/li>\n<li>1r ESO B: Dom\u00ednguez, \u00d2scar \u00a0<a class=\"rABsFf RffVmb AL18ce\" style=\"background-color: rgba(0, 0, 0, 0); font-size: 1rem; font-weight: inherit;\" href=\"mailto:odominguez@elpedro.cat\" target=\"_blank\" rel=\"noopener\" aria-describedby=\"tt-hc-email\" data-tooltip-y-position=\"2\" data-tooltip-show-delay-ms=\"1000\" data-tooltip-anchor-boundary-type=\"2\">odominguez@elpedro.cat<\/a><\/li>\n<li>1r ESO C:\u00a0 Collel, Marc \u00a0<a class=\"rABsFf RffVmb AL18ce\" style=\"background-color: rgba(0, 0, 0, 0); font-size: 1rem; font-weight: inherit;\" href=\"mailto:mcolell@elpedro.cat\" target=\"_blank\" rel=\"noopener\" aria-describedby=\"tt-hc-email\" data-tooltip-y-position=\"2\" data-tooltip-show-delay-ms=\"1000\" data-tooltip-anchor-boundary-type=\"2\">mcolell@elpedro.cat<\/a><\/li>\n<li>1r ESO D:\u00a0 Pons, Albert \u00a0<a class=\"rABsFf RffVmb AL18ce\" style=\"background-color: rgba(0, 0, 0, 0); font-size: 1rem; font-weight: inherit;\" href=\"mailto:apons@elpedro.cat\" target=\"_blank\" rel=\"noopener\" aria-describedby=\"tt-hc-email\" data-tooltip-y-position=\"2\" data-tooltip-show-delay-ms=\"1000\" data-tooltip-anchor-boundary-type=\"2\">apons@elpedro.cat<\/a><\/li>\n<li>2n ESO A:\u00a0 Acu\u00f1a, Pau <a class=\"rABsFf RffVmb AL18ce\" style=\"background-color: rgba(0, 0, 0, 0); font-size: 1rem; font-weight: inherit;\" href=\"mailto:pacuna@elpedro.cat\" target=\"_blank\" rel=\"noopener\" aria-describedby=\"tt-hc-email\" data-tooltip-y-position=\"2\" data-tooltip-show-delay-ms=\"1000\" data-tooltip-anchor-boundary-type=\"2\">pacuna@elpedro.cat<\/a><\/li>\n<li>2n ESO B: S\u00e1nchez, Gustau\u00a0 <a class=\"rABsFf RffVmb AL18ce\" style=\"background-color: rgba(0, 0, 0, 0); font-size: 1rem; font-weight: inherit;\" href=\"mailto:gsanchez@elpedro.cat\" target=\"_blank\" rel=\"noopener\" aria-describedby=\"tt-hc-email\" data-tooltip-y-position=\"2\" data-tooltip-show-delay-ms=\"1000\" data-tooltip-anchor-boundary-type=\"2\">gsanchez@elpedro.cat<\/a><\/li>\n<li>2n ESO C:\u00a0 Isern, Neus<a href=\"mailto:ineus@elpedro.cat\"> nisern@elpedro.cat<\/a><\/li>\n<li>2n ESO D:\u00a0 Cuenca, David <a href=\"mailto:dcuenca@elpedro.cat\">dcuenca@elpedro.cat<\/a><\/li>\n<li>2n ESO E:\u00a0 Casas, Gerard <a href=\"mailto:gcasas1@elepdro.cat\">gcasas1@elepdro.cat<\/a><\/li>\n<li>3r ESO A: Garcia, Mireia <a href=\"mailto:mgarcia5@elepdro.cat\">mgarcia4@elepdro.cat<\/a><\/li>\n<li>3r ESO B:\u00a0 Suquet, Llu\u00eds <a href=\"mailto:lsuquet@elepdro.cat\">lsuquet@elepdro.cat<\/a><\/li>\n<li>3r ESO C: Sarsanedas, Isabel<a href=\"mailto:isarsanedas@elpedro.cat\"> isarsanedas@elpedro.cat<\/a><\/li>\n<li>3r ESO D:\u00a0 Mestre, Diego <a href=\"mailto:jmestre@elpedro.cat\">jmestre@elpedro.cat<\/a><\/li>\n<li>3r ESO E: Rojas, Anna <a href=\"mailto:arojas@elpedro.cat\">arojas@elpedro.cat<\/a><\/li>\n<li>4t ESO A: Miquel, Sergi <a href=\"mailto:mmiquel@elpedro.cat\">smiquel@elpedro.cat<\/a><\/li>\n<li>4t ESO B: Torres, Grego <a href=\"mailto:gtorres@elpedro.cat\">gtorres@elpedro.cat<\/a><\/li>\n<li>4t ESO C: Cald\u00e9s, N\u00faria <a href=\"mailto:ncaldes@elpedro.cat\">ncaldes@elpedro.cat<\/a><\/li>\n<li>4t ESO D: Mun\u00ed, Maria <a href=\"mailto:mmuni@elpedro.cat\">mmuni@elpedro.cat<\/a><\/li>\n<li>4t ESO E: Verg\u00e9s, Elena <a href=\"mailto:everges@elpedro.cat\">everges@elpedro.cat<\/a><\/li>\n<li>B1A: Bonada, Judit<a href=\"mailto:jbonada@elpedro.cat\"> jbonada@elpedro.cat<\/a><\/li>\n<li>B1B: Mart\u00ednez, Vanesa<a href=\"mailto:vmartinez@elpedro.cat\"> vmartinez@elpedro.cat<\/a><\/li>\n<li>B1C: Vilarnau, Gemma <a href=\"mailto:gvilarnau@elpedro.cat\">gvilarnau@elpedro.cat<\/a><\/li>\n<li>B2A: Soler, Carles<a href=\"mailto:csoler@elpedro.cat\"> csoler@elpedro.cat<\/a><\/li>\n<li>B2B:\u00a0 Viv\u00e9, N\u00faria<a href=\"mailto:nvive@elpedro.cat\"> nvive@elpedro.cat<\/a><\/li>\n<li>1r CFGM: <a href=\"mailto:maazouzi@elepdro.cat\">maazouzi@elepdro.cat<\/a><\/li>\n<\/ul>\n<p><span style=\"font-size: medium;\"><b>COORDINACIONS<\/b><\/span><\/p>\n<ul>\n<li><span style=\"font-size: medium;\">Coordinaci\u00f3 1r ESO:\u00a0 Ripoll, Maria\u00a0 \u00a0 \u00a0 \u00a0<a href=\"mailto:mripoll1@elpedro.cat\">mripoll1@elpedro.cat<\/a><\/span><\/li>\n<li>Coordinaci\u00f3\u00a0<span style=\"font-size: medium;\">2n ESO: Nadal, Carles\u00a0 \u00a0 <a href=\"mailto:cnadal@elpedro.cat\">cnadal@elpedro.cat<\/a><\/span><\/li>\n<li><span style=\"font-size: medium;\">Coordinaci\u00f3 3r ESO:\u00a0 M\u00f2nica Sirisi\u00a0 <a href=\"mailto:msirisi@elpedro.ca\">msirisi@elpedro.ca<\/a><\/span><\/li>\n<li><span style=\"font-size: medium;\">Coordinaci\u00f3 4t ESO:\u00a0 Mir, Francesca\u00a0 \u00a0 <a href=\"mailto:fmir@elpedro.cat\">fmir@elpedro.cat<\/a><\/span><\/li>\n<li><span style=\"font-size: medium;\">Coordinaci\u00f3 Batxillerat: Caner, Marcel <a href=\"mailto:mcaner@elpedro.cat\">mcaner@elpedro.cat<\/a><\/span><\/li>\n<\/ul>\n<p><strong>Escoles adscrites a l&#8217;institut:<br \/>\n<\/strong>Escola Emp\u00faries, Escola l&#8217;Esculapi, Escola Oliveres Mil\u00b7len\u00e0ries (Ventall\u00f3), Escola Puig Segalar (Viladamat), Escola Els Terraprims (Camallera)<\/p>\n","protected":false},"excerpt":{"rendered":"<p>Adre\u00e7a Institut\u00a0El Pedr\u00f3 Vilabertran, 2-4 17130 L&#8217;Escala Tel\u00e8fons 972772128 Correus electr\u00f2nics de contacte Centre B\u00fastia General: b7005251@xtec.cat Direcci\u00f3:\u00a0direccio@elpedro.cat Secretaria: secretaria@elpedro.cat [&hellip;]<\/p>\n","protected":false},"author":1,"featured_media":0,"parent":19,"menu_order":10,"comment_status":"closed","ping_status":"closed","template":"","meta":{"_bbp_topic_count":0,"_bbp_reply_count":0,"_bbp_total_topic_count":0,"_bbp_total_reply_count":0,"_bbp_voice_count":0,"_bbp_anonymous_reply_count":0,"_bbp_topic_count_hidden":0,"_bbp_reply_count_hidden":0,"_bbp_forum_subforum_count":0,"site-sidebar-layout":"default","site-content-layout":"","ast-site-content-layout":"default","site-content-style":"default","site-sidebar-style":"default","ast-global-header-display":"","ast-banner-title-visibility":"","ast-main-header-display":"","ast-hfb-above-header-display":"","ast-hfb-below-header-display":"","ast-hfb-mobile-header-display":"","site-post-title":"","ast-breadcrumbs-content":"","ast-featured-img":"","footer-sml-layout":"","theme-transparent-header-meta":"","adv-header-id-meta":"","stick-header-meta":"","header-above-stick-meta":"","header-main-stick-meta":"","header-below-stick-meta":"","astra-migrate-meta-layouts":"set","ast-page-background-enabled":"default","ast-page-background-meta":{"desktop":{"background-color":"var(--ast-global-color-4)","background-image":"","background-repeat":"repeat","background-position":"center center","background-size":"auto","background-attachment":"scroll","background-type":"","background-media":"","overlay-type":"","overlay-color":"","overlay-opacity":"","overlay-gradient":""},"tablet":{"background-color":"","background-image":"","background-repeat":"repeat","background-position":"center center","background-size":"auto","background-attachment":"scroll","background-type":"","background-media":"","overlay-type":"","overlay-color":"","overlay-opacity":"","overlay-gradient":""},"mobile":{"background-color":"","background-image":"","background-repeat":"repeat","background-position":"center center","background-size":"auto","background-attachment":"scroll","background-type":"","background-media":"","overlay-type":"","overlay-color":"","overlay-opacity":"","overlay-gradient":""}},"ast-content-background-meta":{"desktop":{"background-color":"var(--ast-global-color-5)","background-image":"","background-repeat":"repeat","background-position":"center center","background-size":"auto","background-attachment":"scroll","background-type":"","background-media":"","overlay-type":"","overlay-color":"","overlay-opacity":"","overlay-gradient":""},"tablet":{"background-color":"var(--ast-global-color-5)","background-image":"","background-repeat":"repeat","background-position":"center center","background-size":"auto","background-attachment":"scroll","background-type":"","background-media":"","overlay-type":"","overlay-color":"","overlay-opacity":"","overlay-gradient":""},"mobile":{"background-color":"var(--ast-global-color-5)","background-image":"","background-repeat":"repeat","background-position":"center center","background-size":"auto","background-attachment":"scroll","background-type":"","background-media":"","overlay-type":"","overlay-color":"","overlay-opacity":"","overlay-gradient":""}},"footnotes":""},"class_list":["post-21","page","type-page","status-publish","hentry"],"post_mailing_queue_ids":[],"_links":{"self":[{"href":"https:\/\/agora.xtec.cat\/ieslescala\/wp-json\/wp\/v2\/pages\/21","targetHints":{"allow":["GET"]}}],"collection":[{"href":"https:\/\/agora.xtec.cat\/ieslescala\/wp-json\/wp\/v2\/pages"}],"about":[{"href":"https:\/\/agora.xtec.cat\/ieslescala\/wp-json\/wp\/v2\/types\/page"}],"author":[{"embeddable":true,"href":"https:\/\/agora.xtec.cat\/ieslescala\/wp-json\/wp\/v2\/users\/1"}],"replies":[{"embeddable":true,"href":"https:\/\/agora.xtec.cat\/ieslescala\/wp-json\/wp\/v2\/comments?post=21"}],"version-history":[{"count":6,"href":"https:\/\/agora.xtec.cat\/ieslescala\/wp-json\/wp\/v2\/pages\/21\/revisions"}],"predecessor-version":[{"id":11919,"href":"https:\/\/agora.xtec.cat\/ieslescala\/wp-json\/wp\/v2\/pages\/21\/revisions\/11919"}],"up":[{"embeddable":true,"href":"https:\/\/agora.xtec.cat\/ieslescala\/wp-json\/wp\/v2\/pages\/19"}],"wp:attachment":[{"href":"https:\/\/agora.xtec.cat\/ieslescala\/wp-json\/wp\/v2\/media?parent=21"}],"curies":[{"name":"wp","href":"https:\/\/api.w.org\/{rel}","templated":true}]}}