{"id":55,"date":"2016-10-22T10:00:49","date_gmt":"2016-10-22T08:00:49","guid":{"rendered":"http:\/\/agora.xtec.cat\/ieslaserra\/?page_id=55"},"modified":"2022-02-01T09:50:43","modified_gmt":"2022-02-01T08:50:43","slug":"horaris","status":"publish","type":"page","link":"https:\/\/agora.xtec.cat\/ieslaserra\/linstitut\/horaris\/","title":{"rendered":"Horaris"},"content":{"rendered":"<p>El r\u00e8gim acad\u00e8mic de l&#8217;Institut \u00e9s di\u00fcrn amb jornada compactada per a tot l&#8217;alumnat, per la qual cosa l&#8217;horari del centre i l&#8217;horari lectiu s&#8217;ajusten a aquesta organitzaci\u00f3 hor\u00e0ria singular.<\/p>\n<p><strong><span style=\"color: #ff0000;\">Horari lectiu 1r i 2n d&#8217;ESO<\/span><\/strong><\/p>\n<ul>\n<li>De dilluns a divendres, de les 8h del mat\u00ed a 2\/4 de 3h de la tarda.<\/li>\n<li>Dues sessions de classe, 20&#8242; de lectura, 30&#8242; de descans, dues sessions de classe, 10&#8242; de descans, i dues sessions de classe.<\/li>\n<\/ul>\n<p><strong><span style=\"color: #ff0000;\">Horari lectiu 3r i 4t d&#8217;ESO<\/span><\/strong><\/p>\n<ul>\n<li>De dilluns a divendres, de les 8h del mat\u00ed a 2\/4 de 3h de la tarda.<\/li>\n<li>Tres sessions de classe, 30&#8242; de descans, 30&#8242; de lectura, tres sessions de classe.<\/li>\n<\/ul>\n<p><strong><span style=\"color: #ff0000;\">Horari lectiu Batxillerat<\/span><\/strong><\/p>\n<ul>\n<li>Dilluns, de les 8h del mat\u00ed a 2\/4 de 3h de la tarda i de 3&#8217;10h a 5&#8217;10h de la tarda.<\/li>\n<li>Tres sessions de classe, 30&#8242; de descans, 30&#8242; de treball personal, i tres sessions de classe.<\/li>\n<\/ul>\n<p><strong><span style=\"color: #ff0000;\">Horari d&#8217;obertura del centre<\/span><\/strong><\/p>\n<p>El centre romandr\u00e0 obert dilluns i dimarts de 2\/4 de 8 del mat\u00ed a 2\/4 de 6 de la tarda i dimecres, dijous i divendres de 2\/4 de 8 del mat\u00ed a les 3 de la tarda. Fora d&#8217;aquest horari caldr\u00e0 l&#8217;autoritzaci\u00f3 de la direcci\u00f3 per utilitzar les instal\u00b7lacions del centre.<\/p>\n","protected":false},"excerpt":{"rendered":"<p>El r\u00e8gim acad\u00e8mic de l&#8217;Institut \u00e9s di\u00fcrn amb jornada compactada per a tot l&#8217;alumnat, per la qual cosa l&#8217;horari del centre i l&#8217;horari lectiu s&#8217;ajusten a aquesta organitzaci\u00f3 hor\u00e0ria singular.<br \/>\nHorari lectiu 1r i 2n d&#8217;ESO<\/p>\n<ul>\n<li>De dilluns a divendres, de les 8h del mat\u00ed a 2\/4&hellip;  <a href=\"https:\/\/agora.xtec.cat\/ieslaserra\/linstitut\/horaris\/\" title=\"Read Horaris\">Llegeix m\u00e9s\u00bb<\/a><br \/>\n","protected":false},"author":1,"featured_media":0,"parent":19,"menu_order":80,"comment_status":"closed","ping_status":"closed","template":"page-templates\/side-menu.php","meta":{"_bbp_topic_count":0,"_bbp_reply_count":0,"_bbp_total_topic_count":0,"_bbp_total_reply_count":0,"_bbp_voice_count":0,"_bbp_anonymous_reply_count":0,"_bbp_topic_count_hidden":0,"_bbp_reply_count_hidden":0,"_bbp_forum_subforum_count":0,"footnotes":""},"class_list":["post-55","page","type-page","status-publish","hentry"],"post_mailing_queue_ids":[],"_links":{"self":[{"href":"https:\/\/agora.xtec.cat\/ieslaserra\/wp-json\/wp\/v2\/pages\/55","targetHints":{"allow":["GET"]}}],"collection":[{"href":"https:\/\/agora.xtec.cat\/ieslaserra\/wp-json\/wp\/v2\/pages"}],"about":[{"href":"https:\/\/agora.xtec.cat\/ieslaserra\/wp-json\/wp\/v2\/types\/page"}],"author":[{"embeddable":true,"href":"https:\/\/agora.xtec.cat\/ieslaserra\/wp-json\/wp\/v2\/users\/1"}],"replies":[{"embeddable":true,"href":"https:\/\/agora.xtec.cat\/ieslaserra\/wp-json\/wp\/v2\/comments?post=55"}],"version-history":[{"count":3,"href":"https:\/\/agora.xtec.cat\/ieslaserra\/wp-json\/wp\/v2\/pages\/55\/revisions"}],"predecessor-version":[{"id":17832,"href":"https:\/\/agora.xtec.cat\/ieslaserra\/wp-json\/wp\/v2\/pages\/55\/revisions\/17832"}],"up":[{"embeddable":true,"href":"https:\/\/agora.xtec.cat\/ieslaserra\/wp-json\/wp\/v2\/pages\/19"}],"wp:attachment":[{"href":"https:\/\/agora.xtec.cat\/ieslaserra\/wp-json\/wp\/v2\/media?parent=55"}],"curies":[{"name":"wp","href":"https:\/\/api.w.org\/{rel}","templated":true}]}}