{"id":39,"date":"2014-09-17T16:36:44","date_gmt":"2014-09-17T16:36:44","guid":{"rendered":"http:\/\/agora.xtec.cat\/ieslaserra\/?page_id=39"},"modified":"2017-03-03T14:16:27","modified_gmt":"2017-03-03T13:16:27","slug":"instal%c2%b7lacions","status":"publish","type":"page","link":"https:\/\/agora.xtec.cat\/ieslaserra\/linstitut\/instal%c2%b7lacions\/","title":{"rendered":"Instal\u00b7lacions"},"content":{"rendered":"<p>&nbsp;<\/p>\n<p>Us presentem alguns dels espais m\u00e9s rellevants del centre.<\/p>\n<p>&nbsp;<\/p>\n<p><strong>Aula d\u2019idiomes<\/strong><\/p>\n<p>Amb material espec\u00edfic per la llengua anglesa i la francesa.<\/p>\n<p>&nbsp;<\/p>\n<p><strong>Aula d\u2019inform\u00e0tica<\/strong><\/p>\n<p>\u00c9s una aula totalment renovada amb 20 ordinadors i pantalles noves.<\/p>\n<p><a href=\"http:\/\/agora.xtec.cat\/ieslaserra\/wp-content\/uploads\/usu681\/2014\/09\/fot3.jpg\"><img loading=\"lazy\" decoding=\"async\" class=\"alignnone size-full wp-image-893\" src=\"http:\/\/agora.xtec.cat\/ieslaserra\/wp-content\/uploads\/usu681\/2014\/09\/fot3.jpg\" alt=\"fot3\" width=\"640\" height=\"152\" srcset=\"https:\/\/agora.xtec.cat\/ieslaserra\/wp-content\/uploads\/usu681\/2014\/09\/fot3.jpg 640w, https:\/\/agora.xtec.cat\/ieslaserra\/wp-content\/uploads\/usu681\/2014\/09\/fot3-300x71.jpg 300w\" sizes=\"auto, (max-width: 640px) 100vw, 640px\" \/><\/a><\/p>\n<p><a href=\"http:\/\/agora.xtec.cat\/ieslaserra\/wp-content\/uploads\/usu681\/2014\/09\/fot2.jpg\"><img loading=\"lazy\" decoding=\"async\" class=\"alignnone size-large wp-image-895\" src=\"http:\/\/agora.xtec.cat\/ieslaserra\/wp-content\/uploads\/usu681\/2014\/09\/fot2.jpg\" alt=\"fot2\" width=\"640\" height=\"480\" srcset=\"https:\/\/agora.xtec.cat\/ieslaserra\/wp-content\/uploads\/usu681\/2014\/09\/fot2.jpg 640w, https:\/\/agora.xtec.cat\/ieslaserra\/wp-content\/uploads\/usu681\/2014\/09\/fot2-300x225.jpg 300w, https:\/\/agora.xtec.cat\/ieslaserra\/wp-content\/uploads\/usu681\/2014\/09\/fot2-200x150.jpg 200w\" sizes=\"auto, (max-width: 640px) 100vw, 640px\" \/><\/a><\/p>\n<p>I totes les aules disposen de connexi\u00f3 wifi, can\u00f3 interactiu, so i armari per guardar i carregar ordinadors port\u00e0tils..<\/p>\n<p>&nbsp;<\/p>\n<p><strong>Aula de M\u00fasica<\/strong><\/p>\n<p>Aula dotada d\u2019instruments, can\u00f3 i equip de so.<\/p>\n<p><a href=\"http:\/\/agora.xtec.cat\/ieslaserra\/wp-content\/uploads\/usu681\/2014\/09\/mus-1.jpg\"><img loading=\"lazy\" decoding=\"async\" class=\"alignnone size-large wp-image-880\" src=\"http:\/\/agora.xtec.cat\/ieslaserra\/wp-content\/uploads\/usu681\/2014\/09\/mus-1-1024x576.jpg\" alt=\"mus\" width=\"1024\" height=\"576\" \/><\/a><\/p>\n<p>&nbsp;<\/p>\n<p><strong>Aula de Visual i Pl\u00e0stica<\/strong><\/p>\n<p>Aquesta \u00e9s una amplia aula que s\u2019utilitza principalment pels estudis de Volum i Dibuix Art\u00edstic. Com podeu veure, aquesta aula disposa de llum natural i molt de material per fer les nostres activitats.<\/p>\n<p>&nbsp;<\/p>\n<p><strong>Biblioteca<\/strong><\/p>\n<p>La nostra biblioteca t\u00e9 documents (llibres, revistes, c\u00f2mics i material audiovisual) a disposici\u00f3 dels alumnes).<\/p>\n<p><a href=\"http:\/\/agora.xtec.cat\/ieslaserra\/wp-content\/uploads\/usu681\/2014\/09\/biblio.jpg\"><img loading=\"lazy\" decoding=\"async\" class=\"alignnone size-large wp-image-874\" src=\"http:\/\/agora.xtec.cat\/ieslaserra\/wp-content\/uploads\/usu681\/2014\/09\/biblio-1024x576.jpg\" alt=\"biblio\" width=\"1024\" height=\"576\" srcset=\"https:\/\/agora.xtec.cat\/ieslaserra\/wp-content\/uploads\/usu681\/2014\/09\/biblio-1024x576.jpg 1024w, https:\/\/agora.xtec.cat\/ieslaserra\/wp-content\/uploads\/usu681\/2014\/09\/biblio-300x169.jpg 300w, https:\/\/agora.xtec.cat\/ieslaserra\/wp-content\/uploads\/usu681\/2014\/09\/biblio-768x432.jpg 768w, https:\/\/agora.xtec.cat\/ieslaserra\/wp-content\/uploads\/usu681\/2014\/09\/biblio.jpg 1600w\" sizes=\"auto, (max-width: 1024px) 100vw, 1024px\" \/><\/a><\/p>\n<p><strong>Esports<\/strong><\/p>\n<p>El centre disposa de Gimn\u00e0s i de dues pistes poliesportives amb canastes i porteries de f\u00fatbol sala.<\/p>\n<p><a href=\"http:\/\/agora.xtec.cat\/ieslaserra\/wp-content\/uploads\/usu681\/2014\/09\/gim2.jpg\"><img loading=\"lazy\" decoding=\"async\" class=\"alignnone size-large wp-image-883\" src=\"http:\/\/agora.xtec.cat\/ieslaserra\/wp-content\/uploads\/usu681\/2014\/09\/gim2-1024x576.jpg\" alt=\"gim2\" width=\"1024\" height=\"576\" \/><\/a><\/p>\n<p><a href=\"http:\/\/agora.xtec.cat\/ieslaserra\/wp-content\/uploads\/usu681\/2014\/09\/gim.jpg\"><img loading=\"lazy\" decoding=\"async\" class=\"alignnone size-large wp-image-882\" src=\"http:\/\/agora.xtec.cat\/ieslaserra\/wp-content\/uploads\/usu681\/2014\/09\/gim-1024x576.jpg\" alt=\"gim\" width=\"1024\" height=\"576\" srcset=\"https:\/\/agora.xtec.cat\/ieslaserra\/wp-content\/uploads\/usu681\/2014\/09\/gim-1024x576.jpg 1024w, https:\/\/agora.xtec.cat\/ieslaserra\/wp-content\/uploads\/usu681\/2014\/09\/gim-300x169.jpg 300w, https:\/\/agora.xtec.cat\/ieslaserra\/wp-content\/uploads\/usu681\/2014\/09\/gim-768x432.jpg 768w, https:\/\/agora.xtec.cat\/ieslaserra\/wp-content\/uploads\/usu681\/2014\/09\/gim.jpg 1600w\" sizes=\"auto, (max-width: 1024px) 100vw, 1024px\" \/><\/a><\/p>\n<p>&nbsp;<\/p>\n<p><strong>Laboratoris de ci\u00e8ncies<\/strong><\/p>\n<p>Hi ha dos laboratoris, Un de ci\u00e8ncies naturals i l\u2019altre de f\u00edsica i qu\u00edmica equipats amb microscopi \u00f2ptic m\u00f2tic, lupes binoculars, una campana de gasos, estufa de cultiu, nevera petita, armari de materials perillosos, etc.<\/p>\n<p><a href=\"http:\/\/agora.xtec.cat\/ieslaserra\/wp-content\/uploads\/usu681\/2014\/09\/lab4.jpg\"><img loading=\"lazy\" decoding=\"async\" class=\"alignnone size-large wp-image-884\" src=\"http:\/\/agora.xtec.cat\/ieslaserra\/wp-content\/uploads\/usu681\/2014\/09\/lab4-1024x576.jpg\" alt=\"lab4\" width=\"1024\" height=\"576\" \/><\/a><\/p>\n<p><a href=\"http:\/\/agora.xtec.cat\/ieslaserra\/wp-content\/uploads\/usu681\/2014\/09\/lab3.jpg\"><img loading=\"lazy\" decoding=\"async\" class=\"alignnone size-large wp-image-886\" src=\"http:\/\/agora.xtec.cat\/ieslaserra\/wp-content\/uploads\/usu681\/2014\/09\/lab3-1024x576.jpg\" alt=\"lab3\" width=\"1024\" height=\"576\" srcset=\"https:\/\/agora.xtec.cat\/ieslaserra\/wp-content\/uploads\/usu681\/2014\/09\/lab3-1024x576.jpg 1024w, https:\/\/agora.xtec.cat\/ieslaserra\/wp-content\/uploads\/usu681\/2014\/09\/lab3-300x169.jpg 300w, https:\/\/agora.xtec.cat\/ieslaserra\/wp-content\/uploads\/usu681\/2014\/09\/lab3-768x432.jpg 768w, https:\/\/agora.xtec.cat\/ieslaserra\/wp-content\/uploads\/usu681\/2014\/09\/lab3.jpg 1600w\" sizes=\"auto, (max-width: 1024px) 100vw, 1024px\" \/><\/a><\/p>\n<p><a href=\"http:\/\/agora.xtec.cat\/ieslaserra\/wp-content\/uploads\/usu681\/2014\/09\/lab2.jpg\"><img loading=\"lazy\" decoding=\"async\" class=\"alignnone size-large wp-image-885\" src=\"http:\/\/agora.xtec.cat\/ieslaserra\/wp-content\/uploads\/usu681\/2014\/09\/lab2-1024x576.jpg\" alt=\"lab2\" width=\"1024\" height=\"576\" srcset=\"https:\/\/agora.xtec.cat\/ieslaserra\/wp-content\/uploads\/usu681\/2014\/09\/lab2-1024x576.jpg 1024w, https:\/\/agora.xtec.cat\/ieslaserra\/wp-content\/uploads\/usu681\/2014\/09\/lab2-300x169.jpg 300w, https:\/\/agora.xtec.cat\/ieslaserra\/wp-content\/uploads\/usu681\/2014\/09\/lab2-768x432.jpg 768w, https:\/\/agora.xtec.cat\/ieslaserra\/wp-content\/uploads\/usu681\/2014\/09\/lab2.jpg 1600w\" sizes=\"auto, (max-width: 1024px) 100vw, 1024px\" \/><\/a><\/p>\n<p><strong>Menjador<\/strong><\/p>\n<p>Aquest espai, reconvertit en sala d\u2019actes, disposa d\u2019un can\u00f3 de projeccions, equip de so i pissarra blanca. Est\u00e0 preparat per esdeveniments com ara projeccions i xerrades i t\u00e9 un aforament de 150 persones.<\/p>\n<p><a href=\"http:\/\/agora.xtec.cat\/ieslaserra\/wp-content\/uploads\/usu681\/2014\/09\/fot.jpg\"><img loading=\"lazy\" decoding=\"async\" class=\"alignnone size-full wp-image-894\" src=\"http:\/\/agora.xtec.cat\/ieslaserra\/wp-content\/uploads\/usu681\/2014\/09\/fot.jpg\" alt=\"fot\" width=\"640\" height=\"480\" srcset=\"https:\/\/agora.xtec.cat\/ieslaserra\/wp-content\/uploads\/usu681\/2014\/09\/fot.jpg 640w, https:\/\/agora.xtec.cat\/ieslaserra\/wp-content\/uploads\/usu681\/2014\/09\/fot-300x225.jpg 300w, https:\/\/agora.xtec.cat\/ieslaserra\/wp-content\/uploads\/usu681\/2014\/09\/fot-200x150.jpg 200w\" sizes=\"auto, (max-width: 640px) 100vw, 640px\" \/><\/a><\/p>\n<p>&nbsp;<\/p>\n<p><strong>Tallers de tecnologia<\/strong><\/p>\n<p>Disposem de 2 tallers de tecnologia equipats per fer tota mena de pr\u00e0ctiques i amb espai per fer la part te\u00f2rica (taules, can\u00f3, pissarra) i pr\u00e0ctica (taules de taller).<\/p>\n<p>&nbsp;<\/p>\n","protected":false},"excerpt":{"rendered":"<p>&nbsp;<br \/>\nUs presentem alguns dels espais m\u00e9s rellevants del centre.<br \/>\n&nbsp;<br \/>\nAula d\u2019idiomes<br \/>\nAmb material espec\u00edfic per la llengua anglesa i la francesa.<br \/>\n&nbsp;<br \/>\nAula d\u2019inform\u00e0tica<br \/>\n\u00c9s una aula totalment renovada amb 20 ordinadors i pantalles noves.<br \/>\n<a href=\"http:\/\/agora.xtec.cat\/ieslaserra\/wp-content\/uploads\/usu681\/2014\/09\/fot3.jpg\"><\/a><br \/>\n<a href=\"http:\/\/agora.xtec.cat\/ieslaserra\/wp-content\/uploads\/usu681\/2014\/09\/fot2.jpg\"><\/a><br \/>\nI totes les aules disposen de connexi\u00f3 wifi, can\u00f3 interactiu, so i armari per&hellip;  <a href=\"https:\/\/agora.xtec.cat\/ieslaserra\/linstitut\/instal%c2%b7lacions\/\" title=\"Read Instal\u00b7lacions\">Llegeix m\u00e9s\u00bb<\/a><\/p>\n","protected":false},"author":1,"featured_media":0,"parent":19,"menu_order":30,"comment_status":"closed","ping_status":"closed","template":"page-templates\/side-menu.php","meta":{"_bbp_topic_count":0,"_bbp_reply_count":0,"_bbp_total_topic_count":0,"_bbp_total_reply_count":0,"_bbp_voice_count":0,"_bbp_anonymous_reply_count":0,"_bbp_topic_count_hidden":0,"_bbp_reply_count_hidden":0,"_bbp_forum_subforum_count":0,"footnotes":""},"class_list":["post-39","page","type-page","status-publish","hentry"],"post_mailing_queue_ids":[],"_links":{"self":[{"href":"https:\/\/agora.xtec.cat\/ieslaserra\/wp-json\/wp\/v2\/pages\/39","targetHints":{"allow":["GET"]}}],"collection":[{"href":"https:\/\/agora.xtec.cat\/ieslaserra\/wp-json\/wp\/v2\/pages"}],"about":[{"href":"https:\/\/agora.xtec.cat\/ieslaserra\/wp-json\/wp\/v2\/types\/page"}],"author":[{"embeddable":true,"href":"https:\/\/agora.xtec.cat\/ieslaserra\/wp-json\/wp\/v2\/users\/1"}],"replies":[{"embeddable":true,"href":"https:\/\/agora.xtec.cat\/ieslaserra\/wp-json\/wp\/v2\/comments?post=39"}],"version-history":[{"count":3,"href":"https:\/\/agora.xtec.cat\/ieslaserra\/wp-json\/wp\/v2\/pages\/39\/revisions"}],"predecessor-version":[{"id":897,"href":"https:\/\/agora.xtec.cat\/ieslaserra\/wp-json\/wp\/v2\/pages\/39\/revisions\/897"}],"up":[{"embeddable":true,"href":"https:\/\/agora.xtec.cat\/ieslaserra\/wp-json\/wp\/v2\/pages\/19"}],"wp:attachment":[{"href":"https:\/\/agora.xtec.cat\/ieslaserra\/wp-json\/wp\/v2\/media?parent=39"}],"curies":[{"name":"wp","href":"https:\/\/api.w.org\/{rel}","templated":true}]}}