{"id":27,"date":"2014-09-17T16:24:03","date_gmt":"2014-09-17T16:24:03","guid":{"rendered":"http:\/\/agora.xtec.cat\/ieslaserra\/?page_id=27"},"modified":"2017-03-01T09:56:15","modified_gmt":"2017-03-01T08:56:15","slug":"historia","status":"publish","type":"page","link":"https:\/\/agora.xtec.cat\/ieslaserra\/linstitut\/historia\/","title":{"rendered":"Hist\u00f2ria"},"content":{"rendered":"<p><em>Redactat per: Paula Creus, Oriol Pubill, Marc Soteras i Arnau Palau<\/em><\/p>\n<p>L\u2019institut La Serra de Mollerussa (Institut d\u2019estudis secundaris) es troba a la carretera de Torregrossa, Km 1,9 de Mollerussa.<\/p>\n<p>El seu nom es deu a la zona on est\u00e0 situat, un altipl\u00e0 de 50m que rep el nom de la Serra. En aquest espai tamb\u00e9 s\u2019hi troba el centre d\u2019educaci\u00f3 especial Silo\u00e9 i l\u2019Institut Mollerussa (antiga Agr\u00e0ria).<\/p>\n<p>El nostre institut va n\u00e9ixer l\u2019any 1996 (ara fa 19 anys) dins de les instal\u2022lacions de l\u2019IES Agr\u00e0ria Urgell. En aquell mateix moment es va independitzar de l\u2019Agr\u00e0ria i va tenir com a objectiu oferir els estudis d\u2019ESO i Batxillerat.<br \/>\nActualment hi ha 576 adolescents que hi cursen els seus estudis des de les 8:00 a les 14:30.<\/p>\n<p>Els nois i noies des de 1r d\u2019ESO fins a 4rt, recordem que aquest cursos s\u00f3n d\u2019ensenyan\u00e7a obligat\u00f2ria, tenen entre 12 i 16 anys i els de batxillerat de 16 a 18 anys.<br \/>\nTots plegats intenten treure\u2019s els t\u00edtols necessaris per encaminar el seu futur professional.<\/p>\n<p>Podem assegurar que en aquest institut no nom\u00e9s s\u2019imparteix curr\u00edculum de totes les assignatures sin\u00f3 que a m\u00e9s s\u2019hi ensenyen valors com l\u2019amistat, el respecte i el treball en equip.<\/p>\n<p>Els nois i noies venim de diversos pobles del Pla d\u2019Urgell (Bell-\u00ad\u2010lloc, Bellv\u00eds, El Palau d\u2019Anglesola, El Poal, Fondarella, Els Arcs, Golm\u00e9s, Mollerussa, Sidamon, Torregrossa i Vila-\u00ad\u2010sana).<br \/>\nAquest fet fa que tinguem molta m\u00e9s connexi\u00f3 amb els joves de la nostra comarca. Poder con\u00e8ixer gent nova \u00e9s un dels m\u00e0xims atractius de La Serra.<\/p>\n<p>Els trajectes cap a l\u2019institut els fem amb autocar que \u00e9s gratu\u00eft. S\u00f3n dist\u00e0ncies curtes, tots aquests pobles s\u00f3n ve\u00efns de Mollerussa i en aproximadament 30 minuts o menys arribem a la nostra destinaci\u00f3.<\/p>\n<p>El nostre horari \u00e9s intensiu i for\u00e7a estricte. Va de les 8:00 a les 14:30. En aquesta hora acabem i tornem cap a casa a dinar. A la tarda no hi ha clases, a excepci\u00f3 dels batxillerats. Aix\u00f2 ens permet organitzar millor el nostre propi temps i poder alternar els deures i els estudis amb alguna extraescolar.<\/p>\n<p>&nbsp;<\/p>\n<p><strong>Escoles adscrites a l&#8217;institut:<br \/>\n<\/strong>Escola Ramon Farrerons, Escola Minyons d&#8217;Urgell, Escola Arnau Berenguer, Escola Joaquim Palac\u00edn, Escola Francesc Arenas, Escola La Bassa, Escola Sant Miquel, Escola El Roser, Escola Mn. Anton Clav\u00e9, Escola El Tim\u00f3.<\/p>\n","protected":false},"excerpt":{"rendered":"<p>Redactat per: Paula Creus, Oriol Pubill, Marc Soteras i Arnau Palau<br \/>\nL\u2019institut La Serra de Mollerussa (Institut d\u2019estudis secundaris) es troba a la carretera de Torregrossa, Km 1,9 de Mollerussa.<br \/>\nEl seu nom es deu a la zona on est\u00e0 situat, un altipl\u00e0 de 50m que rep&hellip;  <a href=\"https:\/\/agora.xtec.cat\/ieslaserra\/linstitut\/historia\/\" title=\"Read Hist\u00f2ria\">Llegeix m\u00e9s\u00bb<\/a><\/p>\n","protected":false},"author":1,"featured_media":0,"parent":19,"menu_order":20,"comment_status":"closed","ping_status":"closed","template":"page-templates\/side-menu.php","meta":{"_bbp_topic_count":0,"_bbp_reply_count":0,"_bbp_total_topic_count":0,"_bbp_total_reply_count":0,"_bbp_voice_count":0,"_bbp_anonymous_reply_count":0,"_bbp_topic_count_hidden":0,"_bbp_reply_count_hidden":0,"_bbp_forum_subforum_count":0,"footnotes":""},"class_list":["post-27","page","type-page","status-publish","hentry"],"post_mailing_queue_ids":[],"_links":{"self":[{"href":"https:\/\/agora.xtec.cat\/ieslaserra\/wp-json\/wp\/v2\/pages\/27","targetHints":{"allow":["GET"]}}],"collection":[{"href":"https:\/\/agora.xtec.cat\/ieslaserra\/wp-json\/wp\/v2\/pages"}],"about":[{"href":"https:\/\/agora.xtec.cat\/ieslaserra\/wp-json\/wp\/v2\/types\/page"}],"author":[{"embeddable":true,"href":"https:\/\/agora.xtec.cat\/ieslaserra\/wp-json\/wp\/v2\/users\/1"}],"replies":[{"embeddable":true,"href":"https:\/\/agora.xtec.cat\/ieslaserra\/wp-json\/wp\/v2\/comments?post=27"}],"version-history":[{"count":3,"href":"https:\/\/agora.xtec.cat\/ieslaserra\/wp-json\/wp\/v2\/pages\/27\/revisions"}],"predecessor-version":[{"id":817,"href":"https:\/\/agora.xtec.cat\/ieslaserra\/wp-json\/wp\/v2\/pages\/27\/revisions\/817"}],"up":[{"embeddable":true,"href":"https:\/\/agora.xtec.cat\/ieslaserra\/wp-json\/wp\/v2\/pages\/19"}],"wp:attachment":[{"href":"https:\/\/agora.xtec.cat\/ieslaserra\/wp-json\/wp\/v2\/media?parent=27"}],"curies":[{"name":"wp","href":"https:\/\/api.w.org\/{rel}","templated":true}]}}