{"id":9,"date":"2014-09-12T10:15:01","date_gmt":"2014-09-12T10:15:01","guid":{"rendered":"http:\/\/agora.xtec.cat\/ieslaromanica\/?page_id=9"},"modified":"2026-03-27T12:28:34","modified_gmt":"2026-03-27T11:28:34","slug":"pagina-dinici-buida","status":"publish","type":"page","link":"https:\/\/agora.xtec.cat\/ieslaromanica\/","title":{"rendered":"Inici"},"content":{"rendered":"<p style=\"text-align: center;\"><img loading=\"lazy\" decoding=\"async\" class=\"aligncenter size-full wp-image-22527\" src=\"https:\/\/agora.xtec.cat\/ieslaromanica\/wp-content\/uploads\/usu857\/2023\/03\/Azul-Foto-Mar-Frase-Tumblr-Banner-3000-\u00d7-800-px-3000-\u00d7-400-px.png\" alt=\"\" width=\"3000\" height=\"400\" srcset=\"https:\/\/agora.xtec.cat\/ieslaromanica\/wp-content\/uploads\/usu857\/2023\/03\/Azul-Foto-Mar-Frase-Tumblr-Banner-3000-\u00d7-800-px-3000-\u00d7-400-px.png 3000w, https:\/\/agora.xtec.cat\/ieslaromanica\/wp-content\/uploads\/usu857\/2023\/03\/Azul-Foto-Mar-Frase-Tumblr-Banner-3000-\u00d7-800-px-3000-\u00d7-400-px-300x40.png 300w, https:\/\/agora.xtec.cat\/ieslaromanica\/wp-content\/uploads\/usu857\/2023\/03\/Azul-Foto-Mar-Frase-Tumblr-Banner-3000-\u00d7-800-px-3000-\u00d7-400-px-1024x137.png 1024w, https:\/\/agora.xtec.cat\/ieslaromanica\/wp-content\/uploads\/usu857\/2023\/03\/Azul-Foto-Mar-Frase-Tumblr-Banner-3000-\u00d7-800-px-3000-\u00d7-400-px-768x102.png 768w, https:\/\/agora.xtec.cat\/ieslaromanica\/wp-content\/uploads\/usu857\/2023\/03\/Azul-Foto-Mar-Frase-Tumblr-Banner-3000-\u00d7-800-px-3000-\u00d7-400-px-1536x205.png 1536w, https:\/\/agora.xtec.cat\/ieslaromanica\/wp-content\/uploads\/usu857\/2023\/03\/Azul-Foto-Mar-Frase-Tumblr-Banner-3000-\u00d7-800-px-3000-\u00d7-400-px-2048x273.png 2048w\" sizes=\"auto, (max-width: 3000px) 100vw, 3000px\" \/><\/p>\n<p><a href=\"https:\/\/sites.google.com\/inslaromanica.org\/inslaromnica?usp=sharing\"><img loading=\"lazy\" decoding=\"async\" class=\"alignnone wp-image-25925\" src=\"https:\/\/agora.xtec.cat\/ieslaromanica\/wp-content\/uploads\/usu857\/2026\/03\/Captura-de-pantalla-2026-03-06-a-les-13.18.33-1024x329.png\" alt=\"\" width=\"837\" height=\"269\" srcset=\"https:\/\/agora.xtec.cat\/ieslaromanica\/wp-content\/uploads\/usu857\/2026\/03\/Captura-de-pantalla-2026-03-06-a-les-13.18.33-1024x329.png 1024w, https:\/\/agora.xtec.cat\/ieslaromanica\/wp-content\/uploads\/usu857\/2026\/03\/Captura-de-pantalla-2026-03-06-a-les-13.18.33-300x96.png 300w, https:\/\/agora.xtec.cat\/ieslaromanica\/wp-content\/uploads\/usu857\/2026\/03\/Captura-de-pantalla-2026-03-06-a-les-13.18.33-768x247.png 768w, https:\/\/agora.xtec.cat\/ieslaromanica\/wp-content\/uploads\/usu857\/2026\/03\/Captura-de-pantalla-2026-03-06-a-les-13.18.33-1536x493.png 1536w, https:\/\/agora.xtec.cat\/ieslaromanica\/wp-content\/uploads\/usu857\/2026\/03\/Captura-de-pantalla-2026-03-06-a-les-13.18.33.png 1756w\" sizes=\"auto, (max-width: 837px) 100vw, 837px\" \/><\/a><\/p>\n<h3 style=\"text-align: center;\"><a href=\"https:\/\/agora.xtec.cat\/ieslaromanica\/wp-content\/uploads\/usu857\/2025\/09\/Calendari-escolar-ESO-BTX-25-26-V2_page-0001.jpg\">CALENDARI ESCOLAR ESO I BATXILLERAT &#8211; CURS 25-26<\/a><\/h3>\n<table style=\"border-collapse: collapse; width: 100%;\">\n<tbody>\n<tr>\n<td style=\"width: 1335px;\">&nbsp;<\/p>\n<p><a href=\"https:\/\/docs.google.com\/forms\/d\/e\/1FAIpQLSeB4F8UVrhp1hs_V2EgbnPcaZeMFt1gCvYbVmKflNmQLKnv0w\/viewform?usp=header\"><img loading=\"lazy\" decoding=\"async\" class=\"alignnone size-large wp-image-26095\" src=\"https:\/\/agora.xtec.cat\/ieslaromanica\/wp-content\/uploads\/usu857\/2026\/03\/Imatge-Institut-1-1024x724.jpg\" alt=\"\" width=\"1024\" height=\"724\" srcset=\"https:\/\/agora.xtec.cat\/ieslaromanica\/wp-content\/uploads\/usu857\/2026\/03\/Imatge-Institut-1-1024x724.jpg 1024w, https:\/\/agora.xtec.cat\/ieslaromanica\/wp-content\/uploads\/usu857\/2026\/03\/Imatge-Institut-1-300x212.jpg 300w, https:\/\/agora.xtec.cat\/ieslaromanica\/wp-content\/uploads\/usu857\/2026\/03\/Imatge-Institut-1-768x543.jpg 768w, https:\/\/agora.xtec.cat\/ieslaromanica\/wp-content\/uploads\/usu857\/2026\/03\/Imatge-Institut-1-1536x1086.jpg 1536w, https:\/\/agora.xtec.cat\/ieslaromanica\/wp-content\/uploads\/usu857\/2026\/03\/Imatge-Institut-1.jpg 2000w\" sizes=\"auto, (max-width: 1024px) 100vw, 1024px\" \/><\/a><br \/>\n<strong><a href=\"https:\/\/docs.google.com\/forms\/d\/e\/1FAIpQLSeB4F8UVrhp1hs_V2EgbnPcaZeMFt1gCvYbVmKflNmQLKnv0w\/viewform?usp=header\">ENLLA\u00c7 INSCRIPCI\u00d3 FP I PFI<\/a><\/strong><\/p>\n<div style=\"position: relative; padding-bottom: 56.25%; height: 0; overflow: hidden; max-width: 100%;\"><iframe style=\"position: absolute; top: 0; left: 0; width: 100%; height: 100%;\" title=\"V\u00eddeo de presentaci\u00f3 de l'Institut La Rom\u00e0nica\" src=\"https:\/\/www.youtube.com\/embed\/nVRrg_CkxqQ\" frameborder=\"0\" allowfullscreen=\"allowfullscreen\"><br \/>\n<\/iframe><\/div>\n<p>&nbsp;<\/p>\n<div style=\"position: relative; padding-bottom: 56.25%; height: 0; overflow: hidden; max-width: 100%;\"><iframe style=\"position: absolute; top: 0; left: 0; width: 100%; height: 100%;\" title=\"Quan ens alcem juntes, res ens pot fer caure - 8M 2026\" src=\"https:\/\/www.youtube.com\/embed\/2I9Jn_wJ2Bc\" frameborder=\"0\" allowfullscreen=\"allowfullscreen\"><br \/>\n<\/iframe><\/div>\n<\/td>\n<\/tr>\n<tr>\n<td style=\"width: 1335px;\"><\/td>\n<\/tr>\n<\/tbody>\n<\/table>\n<table style=\"border-collapse: collapse; width: 98.6452%; height: 189px;\">\n<tbody>\n<tr>\n<td style=\"width: 100%;\"><strong><a style=\"font-size: 16px;\" href=\"https:\/\/agora.xtec.cat\/ieslaromanica\/wp-content\/uploads\/usu857\/2020\/06\/carta-compromi%CC%81s-2020.pdf\"><span style=\"color: #222222;\">Carta de Comprom\u00eds Educatiu<\/span><\/a><\/strong><\/p>\n<p><strong><span style=\"font-size: 16px; color: #4b0082;\">Objectius Estrat\u00e8gics de Centre<\/span><br \/>\n<\/strong><\/p>\n<ul>\n<li>Objectiu 1. Promoure l&#8217;\u00e8xit educactiu de tot l&#8217;alumnat a trav\u00e9s del desenvolupament global de les compet\u00e8ncies<\/li>\n<li>Objectiu 2. Promoure el benestar emocional i la inclusi\u00f3 de tot l&#8217;alumnat i la participaci\u00f3 de la comunitat educativa<\/li>\n<li>Objectiu 3. Reduir l&#8217;abandonament escolar prematur de l&#8217;alumnat del centre<\/li>\n<\/ul>\n<\/td>\n<\/tr>\n<tr>\n<td style=\"width: 100%;\"><img loading=\"lazy\" decoding=\"async\" class=\"aligncenter wp-image-21854 size-full\" src=\"https:\/\/agora.xtec.cat\/ieslaromanica\/wp-content\/uploads\/usu857\/2022\/09\/tira-projectes1.jpg\" alt=\"\" width=\"1018\" height=\"138\" srcset=\"https:\/\/agora.xtec.cat\/ieslaromanica\/wp-content\/uploads\/usu857\/2022\/09\/tira-projectes1.jpg 1018w, https:\/\/agora.xtec.cat\/ieslaromanica\/wp-content\/uploads\/usu857\/2022\/09\/tira-projectes1-300x41.jpg 300w, https:\/\/agora.xtec.cat\/ieslaromanica\/wp-content\/uploads\/usu857\/2022\/09\/tira-projectes1-768x104.jpg 768w\" sizes=\"auto, (max-width: 1018px) 100vw, 1018px\" \/><\/td>\n<\/tr>\n<\/tbody>\n<\/table>\n","protected":false},"excerpt":{"rendered":"<p><a href=\"https:\/\/sites.google.com\/inslaromanica.org\/inslaromnica?usp=sharing\"><\/a><br \/>\n<a href=\"https:\/\/agora.xtec.cat\/ieslaromanica\/wp-content\/uploads\/usu857\/2025\/09\/Calendari-escolar-ESO-BTX-25-26-V2_page-0001.jpg\">CALENDARI ESCOLAR ESO I BATXILLERAT &#8211; CURS 25-26<\/a><\/p>\n<p>&nbsp;<br \/>\n<a href=\"https:\/\/docs.google.com\/forms\/d\/e\/1FAIpQLSeB4F8UVrhp1hs_V2EgbnPcaZeMFt1gCvYbVmKflNmQLKnv0w\/viewform?usp=header\"><\/a><br \/>\n<a href=\"https:\/\/docs.google.com\/forms\/d\/e\/1FAIpQLSeB4F8UVrhp1hs_V2EgbnPcaZeMFt1gCvYbVmKflNmQLKnv0w\/viewform?usp=header\">ENLLA\u00c7 INSCRIPCI\u00d3 FP I PFI<\/a><\/p>\n<p>&nbsp;<\/p>\n<p><a style=\"font-size: 16px;\" href=\"https:\/\/agora.xtec.cat\/ieslaromanica\/wp-content\/uploads\/usu857\/2020\/06\/carta-compromi%CC%81s-2020.pdf\">Carta de Comprom\u00eds Educatiu<\/a><br \/>\nObjectius Estrat\u00e8gics de Centre<\/p>\n<ul>\n<li>Objectiu 1. Promoure l&#8217;\u00e8xit educactiu de tot l&#8217;alumnat a trav\u00e9s del desenvolupament global de les compet\u00e8ncies<\/li>\n<li>Objectiu 2. Promoure el benestar emocional&hellip;  <a href=\"https:\/\/agora.xtec.cat\/ieslaromanica\/\" title=\"Read Inici\">Llegeix m\u00e9s\u00bb<\/a><br \/>\n","protected":false},"author":1,"featured_media":0,"parent":7,"menu_order":1,"comment_status":"closed","ping_status":"closed","template":"page-templates\/front-page.php","meta":{"_bbp_topic_count":0,"_bbp_reply_count":0,"_bbp_total_topic_count":0,"_bbp_total_reply_count":0,"_bbp_voice_count":0,"_bbp_anonymous_reply_count":0,"_bbp_topic_count_hidden":0,"_bbp_reply_count_hidden":0,"_bbp_forum_subforum_count":0,"footnotes":""},"class_list":["post-9","page","type-page","status-publish","hentry"],"post_mailing_queue_ids":[],"_links":{"self":[{"href":"https:\/\/agora.xtec.cat\/ieslaromanica\/wp-json\/wp\/v2\/pages\/9","targetHints":{"allow":["GET"]}}],"collection":[{"href":"https:\/\/agora.xtec.cat\/ieslaromanica\/wp-json\/wp\/v2\/pages"}],"about":[{"href":"https:\/\/agora.xtec.cat\/ieslaromanica\/wp-json\/wp\/v2\/types\/page"}],"author":[{"embeddable":true,"href":"https:\/\/agora.xtec.cat\/ieslaromanica\/wp-json\/wp\/v2\/users\/1"}],"replies":[{"embeddable":true,"href":"https:\/\/agora.xtec.cat\/ieslaromanica\/wp-json\/wp\/v2\/comments?post=9"}],"version-history":[{"count":12,"href":"https:\/\/agora.xtec.cat\/ieslaromanica\/wp-json\/wp\/v2\/pages\/9\/revisions"}],"predecessor-version":[{"id":26097,"href":"https:\/\/agora.xtec.cat\/ieslaromanica\/wp-json\/wp\/v2\/pages\/9\/revisions\/26097"}],"up":[{"embeddable":true,"href":"https:\/\/agora.xtec.cat\/ieslaromanica\/wp-json\/wp\/v2\/pages\/7"}],"wp:attachment":[{"href":"https:\/\/agora.xtec.cat\/ieslaromanica\/wp-json\/wp\/v2\/media?parent=9"}],"curies":[{"name":"wp","href":"https:\/\/api.w.org\/{rel}","templated":true}]}}

<p style="text-align: center;"><img loading="lazy" decoding="async" class="aligncenter size-full wp-image-22527" src="https://agora.xtec.cat/ieslaromanica/wp-content/uploads/usu857/2023/03/Azul-Foto-Mar-Frase-Tumblr-Banner-3000-×-800-px-3000-×-400-px.png" alt="" width="3000" height="400" srcset="https://agora.xtec.cat/ieslaromanica/wp-content/uploads/usu857/2023/03/Azul-Foto-Mar-Frase-Tumblr-Banner-3000-×-800-px-3000-×-400-px.png 3000w, https://agora.xtec.cat/ieslaromanica/wp-content/uploads/usu857/2023/03/Azul-Foto-Mar-Frase-Tumblr-Banner-3000-×-800-px-3000-×-400-px-300x40.png 300w, https://agora.xtec.cat/ieslaromanica/wp-content/uploads/usu857/2023/03/Azul-Foto-Mar-Frase-Tumblr-Banner-3000-×-800-px-3000-×-400-px-1024x137.png 1024w, https://agora.xtec.cat/ieslaromanica/wp-content/uploads/usu857/2023/03/Azul-Foto-Mar-Frase-Tumblr-Banner-3000-×-800-px-3000-×-400-px-768x102.png 768w, https://agora.xtec.cat/ieslaromanica/wp-content/uploads/usu857/2023/03/Azul-Foto-Mar-Frase-Tumblr-Banner-3000-×-800-px-3000-×-400-px-1536x205.png 1536w, https://agora.xtec.cat/ieslaromanica/wp-content/uploads/usu857/2023/03/Azul-Foto-Mar-Frase-Tumblr-Banner-3000-×-800-px-3000-×-400-px-2048x273.png 2048w" sizes="auto, (max-width: 3000px) 100vw, 3000px" /></p>
<p><a href="https://sites.google.com/inslaromanica.org/inslaromnica?usp=sharing"><img loading="lazy" decoding="async" class="alignnone wp-image-25925" src="https://agora.xtec.cat/ieslaromanica/wp-content/uploads/usu857/2026/03/Captura-de-pantalla-2026-03-06-a-les-13.18.33-1024x329.png" alt="" width="837" height="269" srcset="https://agora.xtec.cat/ieslaromanica/wp-content/uploads/usu857/2026/03/Captura-de-pantalla-2026-03-06-a-les-13.18.33-1024x329.png 1024w, https://agora.xtec.cat/ieslaromanica/wp-content/uploads/usu857/2026/03/Captura-de-pantalla-2026-03-06-a-les-13.18.33-300x96.png 300w, https://agora.xtec.cat/ieslaromanica/wp-content/uploads/usu857/2026/03/Captura-de-pantalla-2026-03-06-a-les-13.18.33-768x247.png 768w, https://agora.xtec.cat/ieslaromanica/wp-content/uploads/usu857/2026/03/Captura-de-pantalla-2026-03-06-a-les-13.18.33-1536x493.png 1536w, https://agora.xtec.cat/ieslaromanica/wp-content/uploads/usu857/2026/03/Captura-de-pantalla-2026-03-06-a-les-13.18.33.png 1756w" sizes="auto, (max-width: 837px) 100vw, 837px" /></a></p>
<h3 style="text-align: center;"><a href="https://agora.xtec.cat/ieslaromanica/wp-content/uploads/usu857/2025/09/Calendari-escolar-ESO-BTX-25-26-V2_page-0001.jpg">CALENDARI ESCOLAR ESO I BATXILLERAT &#8211; CURS 25-26</a></h3>
<table style="border-collapse: collapse; width: 100%;">
<tbody>
<tr>
<td style="width: 1335px;">&nbsp;</p>
<p><a href="https://docs.google.com/forms/d/e/1FAIpQLSeB4F8UVrhp1hs_V2EgbnPcaZeMFt1gCvYbVmKflNmQLKnv0w/viewform?usp=header"><img loading="lazy" decoding="async" class="alignnone size-large wp-image-26095" src="https://agora.xtec.cat/ieslaromanica/wp-content/uploads/usu857/2026/03/Imatge-Institut-1-1024x724.jpg" alt="" width="1024" height="724" srcset="https://agora.xtec.cat/ieslaromanica/wp-content/uploads/usu857/2026/03/Imatge-Institut-1-1024x724.jpg 1024w, https://agora.xtec.cat/ieslaromanica/wp-content/uploads/usu857/2026/03/Imatge-Institut-1-300x212.jpg 300w, https://agora.xtec.cat/ieslaromanica/wp-content/uploads/usu857/2026/03/Imatge-Institut-1-768x543.jpg 768w, https://agora.xtec.cat/ieslaromanica/wp-content/uploads/usu857/2026/03/Imatge-Institut-1-1536x1086.jpg 1536w, https://agora.xtec.cat/ieslaromanica/wp-content/uploads/usu857/2026/03/Imatge-Institut-1.jpg 2000w" sizes="auto, (max-width: 1024px) 100vw, 1024px" /></a><br />
<strong><a href="https://docs.google.com/forms/d/e/1FAIpQLSeB4F8UVrhp1hs_V2EgbnPcaZeMFt1gCvYbVmKflNmQLKnv0w/viewform?usp=header">ENLLAÇ INSCRIPCIÓ FP I PFI</a></strong></p>
<div style="position: relative; padding-bottom: 56.25%; height: 0; overflow: hidden; max-width: 100%;"><iframe style="position: absolute; top: 0; left: 0; width: 100%; height: 100%;" title="Vídeo de presentació de l'Institut La Romànica" src="https://www.youtube.com/embed/nVRrg_CkxqQ" frameborder="0" allowfullscreen="allowfullscreen"><br />
</iframe></div>
<p>&nbsp;</p>
<div style="position: relative; padding-bottom: 56.25%; height: 0; overflow: hidden; max-width: 100%;"><iframe style="position: absolute; top: 0; left: 0; width: 100%; height: 100%;" title="Quan ens alcem juntes, res ens pot fer caure - 8M 2026" src="https://www.youtube.com/embed/2I9Jn_wJ2Bc" frameborder="0" allowfullscreen="allowfullscreen"><br />
</iframe></div>
</td>
</tr>
<tr>
<td style="width: 1335px;"></td>
</tr>
</tbody>
</table>
<table style="border-collapse: collapse; width: 98.6452%; height: 189px;">
<tbody>
<tr>
<td style="width: 100%;"><strong><a style="font-size: 16px;" href="https://agora.xtec.cat/ieslaromanica/wp-content/uploads/usu857/2020/06/carta-compromi%CC%81s-2020.pdf"><span style="color: #222222;">Carta de Compromís Educatiu</span></a></strong></p>
<p><strong><span style="font-size: 16px; color: #4b0082;">Objectius Estratègics de Centre</span><br />
</strong></p>
<ul>
<li>Objectiu 1. Promoure l&#8217;èxit educactiu de tot l&#8217;alumnat a través del desenvolupament global de les competències</li>
<li>Objectiu 2. Promoure el benestar emocional i la inclusió de tot l&#8217;alumnat i la participació de la comunitat educativa</li>
<li>Objectiu 3. Reduir l&#8217;abandonament escolar prematur de l&#8217;alumnat del centre</li>
</ul>
</td>
</tr>
<tr>
<td style="width: 100%;"><img loading="lazy" decoding="async" class="aligncenter wp-image-21854 size-full" src="https://agora.xtec.cat/ieslaromanica/wp-content/uploads/usu857/2022/09/tira-projectes1.jpg" alt="" width="1018" height="138" srcset="https://agora.xtec.cat/ieslaromanica/wp-content/uploads/usu857/2022/09/tira-projectes1.jpg 1018w, https://agora.xtec.cat/ieslaromanica/wp-content/uploads/usu857/2022/09/tira-projectes1-300x41.jpg 300w, https://agora.xtec.cat/ieslaromanica/wp-content/uploads/usu857/2022/09/tira-projectes1-768x104.jpg 768w" sizes="auto, (max-width: 1018px) 100vw, 1018px" /></td>
</tr>
</tbody>
</table>

<p><a href="https://sites.google.com/inslaromanica.org/inslaromnica?usp=sharing"></a><br />
<a href="https://agora.xtec.cat/ieslaromanica/wp-content/uploads/usu857/2025/09/Calendari-escolar-ESO-BTX-25-26-V2_page-0001.jpg">CALENDARI ESCOLAR ESO I BATXILLERAT &#8211; CURS 25-26</a></p>
<p>&nbsp;<br />
<a href="https://docs.google.com/forms/d/e/1FAIpQLSeB4F8UVrhp1hs_V2EgbnPcaZeMFt1gCvYbVmKflNmQLKnv0w/viewform?usp=header"></a><br />
<a href="https://docs.google.com/forms/d/e/1FAIpQLSeB4F8UVrhp1hs_V2EgbnPcaZeMFt1gCvYbVmKflNmQLKnv0w/viewform?usp=header">ENLLAÇ INSCRIPCIÓ FP I PFI</a></p>
<p>&nbsp;</p>
<p><a style="font-size: 16px;" href="https://agora.xtec.cat/ieslaromanica/wp-content/uploads/usu857/2020/06/carta-compromi%CC%81s-2020.pdf">Carta de Compromís Educatiu</a><br />
Objectius Estratègics de Centre</p>
<ul>
<li>Objectiu 1. Promoure l&#8217;èxit educactiu de tot l&#8217;alumnat a través del desenvolupament global de les competències</li>
<li>Objectiu 2. Promoure el benestar emocional&hellip;  <a href="https://agora.xtec.cat/ieslaromanica/" title="Read Inici">Llegeix més»</a><br />
