{"id":791,"date":"2016-10-30T00:54:49","date_gmt":"2016-10-29T22:54:49","guid":{"rendered":"http:\/\/agora.xtec.cat\/ieslaromanica\/?page_id=791"},"modified":"2019-11-26T12:39:03","modified_gmt":"2019-11-26T11:39:03","slug":"eco","status":"publish","type":"page","link":"https:\/\/agora.xtec.cat\/ieslaromanica\/projectes\/historic-projectes\/eco\/","title":{"rendered":"Responsabilitat amb l&#8217;entorn i el Medi Ambient"},"content":{"rendered":"<p style=\"text-align: center;\"><a href=\"http:\/\/agora.xtec.cat\/ieslaromanica\/wp-content\/uploads\/usu857\/2017\/02\/unnamed.jpg\"><img loading=\"lazy\" decoding=\"async\" class=\"size-full wp-image-2239 aligncenter\" src=\"http:\/\/agora.xtec.cat\/ieslaromanica\/wp-content\/uploads\/usu857\/2017\/02\/unnamed.jpg\" alt=\"\" width=\"309\" height=\"136\" srcset=\"https:\/\/agora.xtec.cat\/ieslaromanica\/wp-content\/uploads\/usu857\/2017\/02\/unnamed.jpg 309w, https:\/\/agora.xtec.cat\/ieslaromanica\/wp-content\/uploads\/usu857\/2017\/02\/unnamed-300x132.jpg 300w\" sizes=\"auto, (max-width: 309px) 100vw, 309px\" \/><\/a>El Projecte &#8220;<strong>Responsabilitat social amb actuacions que fa el centre respectant l&#8217;entorn i el medi<\/strong>&#8221; t\u00e9 com a objectiu principal dur a terme accions que respectin l&#8217;entorn de l&#8217;Institut La Rom\u00e0nica i el Medi Ambient.<\/p>\n<p style=\"text-align: justify;\">Des de l&#8217;any 2015, el nostre centre participa en un programa pilot, juntament amb 11 centre m\u00e9s de Catalunya, per millorar el consum d&#8217;energia (aigua, llum i gas).<\/p>\n<p style=\"text-align: justify;\">Durant aquest per\u00edode, el nostre institut ha aconseguit un estalvi d&#8217;uns <strong>18.000 Euros<\/strong> entre llum, aigua i gas. Es tracta d&#8217;un doble estalvi: l&#8217;energ\u00e8tic i l&#8217;econ\u00f2mic.<\/p>\n<p style=\"text-align: justify;\">El responsable de Qualitat del centre, Jorge Cereijo, ha assistir a unes jornades de bones pr\u00e8ctiques, on han explicat el que nosaltres fem, el Pla INSTALVIA, que a m\u00e9s, preveu desenvolupar una s\u00e8rie d&#8217;actuacions per fer part\u00edceps l&#8217;alumnat d&#8217;ESO, Batxillerat i Formaci\u00f3 Professional, relacionades amb la responsabilitat de l&#8217;Institut La Rom\u00e0nica amb el Medi ambient.<\/p>\n<p style=\"text-align: justify;\"><a href=\"http:\/\/agora.xtec.cat\/ieslaromanica\/wp-content\/uploads\/usu857\/2017\/02\/PLA-INSTALVIA-PASSAD\u00cdS.pdf\">Pla INSTALVIA<\/a><\/p>\n<div style=\"text-align: justify;\"><\/div>\n","protected":false},"excerpt":{"rendered":"<p><a href=\"http:\/\/agora.xtec.cat\/ieslaromanica\/wp-content\/uploads\/usu857\/2017\/02\/unnamed.jpg\"><\/a>El Projecte &#8220;Responsabilitat social amb actuacions que fa el centre respectant l&#8217;entorn i el medi&#8221; t\u00e9 com a objectiu principal dur a terme accions que respectin l&#8217;entorn de l&#8217;Institut La Rom\u00e0nica i el Medi Ambient.<br \/>\nDes de l&#8217;any 2015, el nostre centre participa en un&hellip;  <a href=\"https:\/\/agora.xtec.cat\/ieslaromanica\/projectes\/historic-projectes\/eco\/\" title=\"Read Responsabilitat amb l&#8217;entorn i el Medi Ambient\">Llegeix m\u00e9s\u00bb<\/a><\/p>\n","protected":false},"author":1,"featured_media":0,"parent":15898,"menu_order":0,"comment_status":"closed","ping_status":"closed","template":"page-templates\/side-menu.php","meta":{"_bbp_topic_count":0,"_bbp_reply_count":0,"_bbp_total_topic_count":0,"_bbp_total_reply_count":0,"_bbp_voice_count":0,"_bbp_anonymous_reply_count":0,"_bbp_topic_count_hidden":0,"_bbp_reply_count_hidden":0,"_bbp_forum_subforum_count":0,"footnotes":""},"class_list":["post-791","page","type-page","status-publish","hentry"],"post_mailing_queue_ids":[],"_links":{"self":[{"href":"https:\/\/agora.xtec.cat\/ieslaromanica\/wp-json\/wp\/v2\/pages\/791","targetHints":{"allow":["GET"]}}],"collection":[{"href":"https:\/\/agora.xtec.cat\/ieslaromanica\/wp-json\/wp\/v2\/pages"}],"about":[{"href":"https:\/\/agora.xtec.cat\/ieslaromanica\/wp-json\/wp\/v2\/types\/page"}],"author":[{"embeddable":true,"href":"https:\/\/agora.xtec.cat\/ieslaromanica\/wp-json\/wp\/v2\/users\/1"}],"replies":[{"embeddable":true,"href":"https:\/\/agora.xtec.cat\/ieslaromanica\/wp-json\/wp\/v2\/comments?post=791"}],"version-history":[{"count":4,"href":"https:\/\/agora.xtec.cat\/ieslaromanica\/wp-json\/wp\/v2\/pages\/791\/revisions"}],"predecessor-version":[{"id":2331,"href":"https:\/\/agora.xtec.cat\/ieslaromanica\/wp-json\/wp\/v2\/pages\/791\/revisions\/2331"}],"up":[{"embeddable":true,"href":"https:\/\/agora.xtec.cat\/ieslaromanica\/wp-json\/wp\/v2\/pages\/15898"}],"wp:attachment":[{"href":"https:\/\/agora.xtec.cat\/ieslaromanica\/wp-json\/wp\/v2\/media?parent=791"}],"curies":[{"name":"wp","href":"https:\/\/api.w.org\/{rel}","templated":true}]}}

<p style="text-align: center;"><a href="http://agora.xtec.cat/ieslaromanica/wp-content/uploads/usu857/2017/02/unnamed.jpg"><img loading="lazy" decoding="async" class="size-full wp-image-2239 aligncenter" src="http://agora.xtec.cat/ieslaromanica/wp-content/uploads/usu857/2017/02/unnamed.jpg" alt="" width="309" height="136" srcset="https://agora.xtec.cat/ieslaromanica/wp-content/uploads/usu857/2017/02/unnamed.jpg 309w, https://agora.xtec.cat/ieslaromanica/wp-content/uploads/usu857/2017/02/unnamed-300x132.jpg 300w" sizes="auto, (max-width: 309px) 100vw, 309px" /></a>El Projecte &#8220;<strong>Responsabilitat social amb actuacions que fa el centre respectant l&#8217;entorn i el medi</strong>&#8221; té com a objectiu principal dur a terme accions que respectin l&#8217;entorn de l&#8217;Institut La Romànica i el Medi Ambient.</p>
<p style="text-align: justify;">Des de l&#8217;any 2015, el nostre centre participa en un programa pilot, juntament amb 11 centre més de Catalunya, per millorar el consum d&#8217;energia (aigua, llum i gas).</p>
<p style="text-align: justify;">Durant aquest període, el nostre institut ha aconseguit un estalvi d&#8217;uns <strong>18.000 Euros</strong> entre llum, aigua i gas. Es tracta d&#8217;un doble estalvi: l&#8217;energètic i l&#8217;econòmic.</p>
<p style="text-align: justify;">El responsable de Qualitat del centre, Jorge Cereijo, ha assistir a unes jornades de bones prèctiques, on han explicat el que nosaltres fem, el Pla INSTALVIA, que a més, preveu desenvolupar una sèrie d&#8217;actuacions per fer partíceps l&#8217;alumnat d&#8217;ESO, Batxillerat i Formació Professional, relacionades amb la responsabilitat de l&#8217;Institut La Romànica amb el Medi ambient.</p>
<p style="text-align: justify;"><a href="http://agora.xtec.cat/ieslaromanica/wp-content/uploads/usu857/2017/02/PLA-INSTALVIA-PASSADÍS.pdf">Pla INSTALVIA</a></p>
<div style="text-align: justify;"></div>

<p><a href="http://agora.xtec.cat/ieslaromanica/wp-content/uploads/usu857/2017/02/unnamed.jpg"></a>El Projecte &#8220;Responsabilitat social amb actuacions que fa el centre respectant l&#8217;entorn i el medi&#8221; té com a objectiu principal dur a terme accions que respectin l&#8217;entorn de l&#8217;Institut La Romànica i el Medi Ambient.<br />
Des de l&#8217;any 2015, el nostre centre participa en un&hellip;  <a href="https://agora.xtec.cat/ieslaromanica/projectes/historic-projectes/eco/" title="Read Responsabilitat amb l&#8217;entorn i el Medi Ambient">Llegeix més»</a></p>
