{"id":3679,"date":"2018-06-12T20:39:33","date_gmt":"2018-06-12T18:39:33","guid":{"rendered":"http:\/\/agora.xtec.cat\/ieslaromanica\/?page_id=3679"},"modified":"2020-06-16T23:47:28","modified_gmt":"2020-06-16T21:47:28","slug":"dossiers-de-coneixements-basics-necessaris-als-cicles-formatius-de-grau-mitja-i-superior-de-quimica","status":"publish","type":"page","link":"https:\/\/agora.xtec.cat\/ieslaromanica\/cicles-formatius\/dossiers-de-coneixements-basics-necessaris-als-cicles-formatius-de-grau-mitja-i-superior-de-quimica\/","title":{"rendered":"Dossiers de coneixements b\u00e0sics necessaris als cicles formatius de grau mitj\u00e0 i superior de Qu\u00edmica"},"content":{"rendered":"<p>Als cicles formatius de grau mitj\u00e0 i superior de la Fam\u00edlia Qu\u00edmica calen uns coneixements b\u00e0sics per poder realitzar satisfact\u00f2riament els diferents cicles formatius que s&#8217;imparteixen al centre.<\/p>\n<p>A continuaci\u00f3 us deixem els enlla\u00e7os per poder descarregar els diferents dossiers de coneixements b\u00e0sics per a grau mitj\u00e0 i per a grau superior:<\/p>\n<ul>\n<li><a href=\"http:\/\/agora.xtec.cat\/ieslaromanica\/wp-content\/uploads\/usu857\/2018\/06\/Dossier_coneixements_b\u00e0sics_GM_1.pdf\" target=\"_blank\" rel=\"noopener noreferrer\">Dossier de coneixements b\u00e0sics per a cicles formatius de grau mitj\u00e0<\/a><\/li>\n<li><a href=\"http:\/\/agora.xtec.cat\/ieslaromanica\/wp-content\/uploads\/usu857\/2018\/06\/Dossier_coneixements-b\u00e0sics_GS_1.pdf\" target=\"_blank\" rel=\"noopener noreferrer\">Dossier de coneixements b\u00e0sics per a cicles formatius de grau superior<\/a><\/li>\n<li><a href=\"https:\/\/agora.xtec.cat\/ieslaromanica\/wp-content\/uploads\/usu857\/2019\/09\/Dossier-de-coneiximents-b\u00e0sics-biologia-i-biotecnologia_V1.pdf\">Dossier de coneixements b\u00e0sics de biologia i biotecnologia per a CFGS<\/a><\/li>\n<li><a href=\"https:\/\/agora.xtec.cat\/ieslaromanica\/wp-content\/uploads\/usu857\/2020\/06\/Basic-English-Dossier-to-be-reviewed-before-September.pdf\" target=\"_blank\" rel=\"noopener noreferrer\">Dossier de coneixements b\u00e0sics d&#8217;angl\u00e8s<\/a><\/li>\n<\/ul>\n<p style=\"text-align: center;\"><a href=\"http:\/\/agora.xtec.cat\/ieslaromanica\/cicles-formatius\/\" target=\"_blank\" rel=\"noopener noreferrer\">Torna a Cicles Formatius<\/a><\/p>\n","protected":false},"excerpt":{"rendered":"<p>Als cicles formatius de grau mitj\u00e0 i superior de la Fam\u00edlia Qu\u00edmica calen uns coneixements b\u00e0sics per poder realitzar satisfact\u00f2riament els diferents cicles formatius que s&#8217;imparteixen al centre.<br \/>\nA continuaci\u00f3 us deixem els enlla\u00e7os per poder descarregar els diferents dossiers de coneixements b\u00e0sics per a grau&hellip;  <a href=\"https:\/\/agora.xtec.cat\/ieslaromanica\/cicles-formatius\/dossiers-de-coneixements-basics-necessaris-als-cicles-formatius-de-grau-mitja-i-superior-de-quimica\/\" title=\"Read Dossiers de coneixements b\u00e0sics necessaris als cicles formatius de grau mitj\u00e0 i superior de Qu\u00edmica\">Llegeix m\u00e9s\u00bb<\/a><\/p>\n","protected":false},"author":35,"featured_media":0,"parent":2214,"menu_order":21,"comment_status":"closed","ping_status":"closed","template":"page-templates\/side-menu.php","meta":{"_bbp_topic_count":0,"_bbp_reply_count":0,"_bbp_total_topic_count":0,"_bbp_total_reply_count":0,"_bbp_voice_count":0,"_bbp_anonymous_reply_count":0,"_bbp_topic_count_hidden":0,"_bbp_reply_count_hidden":0,"_bbp_forum_subforum_count":0,"footnotes":""},"class_list":["post-3679","page","type-page","status-publish","hentry"],"post_mailing_queue_ids":[],"_links":{"self":[{"href":"https:\/\/agora.xtec.cat\/ieslaromanica\/wp-json\/wp\/v2\/pages\/3679","targetHints":{"allow":["GET"]}}],"collection":[{"href":"https:\/\/agora.xtec.cat\/ieslaromanica\/wp-json\/wp\/v2\/pages"}],"about":[{"href":"https:\/\/agora.xtec.cat\/ieslaromanica\/wp-json\/wp\/v2\/types\/page"}],"author":[{"embeddable":true,"href":"https:\/\/agora.xtec.cat\/ieslaromanica\/wp-json\/wp\/v2\/users\/35"}],"replies":[{"embeddable":true,"href":"https:\/\/agora.xtec.cat\/ieslaromanica\/wp-json\/wp\/v2\/comments?post=3679"}],"version-history":[{"count":3,"href":"https:\/\/agora.xtec.cat\/ieslaromanica\/wp-json\/wp\/v2\/pages\/3679\/revisions"}],"predecessor-version":[{"id":17777,"href":"https:\/\/agora.xtec.cat\/ieslaromanica\/wp-json\/wp\/v2\/pages\/3679\/revisions\/17777"}],"up":[{"embeddable":true,"href":"https:\/\/agora.xtec.cat\/ieslaromanica\/wp-json\/wp\/v2\/pages\/2214"}],"wp:attachment":[{"href":"https:\/\/agora.xtec.cat\/ieslaromanica\/wp-json\/wp\/v2\/media?parent=3679"}],"curies":[{"name":"wp","href":"https:\/\/api.w.org\/{rel}","templated":true}]}}