{"id":2796,"date":"2018-02-01T17:19:54","date_gmt":"2018-02-01T16:19:54","guid":{"rendered":"http:\/\/agora.xtec.cat\/ieslaromanica\/?page_id=2796"},"modified":"2018-02-01T19:14:59","modified_gmt":"2018-02-01T18:14:59","slug":"continguts","status":"publish","type":"page","link":"https:\/\/agora.xtec.cat\/ieslaromanica\/cicles-formatius\/preinscripcio-i-matricula-a-cicles-formatius-de-grau-mitja-grau-superior-2023-2024\/cicle-formatiu-de-grau-mitja-operacions-de-laboratori-qu20\/continguts\/","title":{"rendered":"Continguts"},"content":{"rendered":"<p>Relaci\u00f3 de m\u00f2duls professionals i unitats formatives dels diferents cursos<\/p>\n<table width=\"0\">\n<tbody>\n<tr>\n<td width=\"225\"><\/td>\n<td width=\"73\"><\/td>\n<td width=\"224\"><\/td>\n<td width=\"71\"><\/td>\n<\/tr>\n<tr>\n<td colspan=\"4\" width=\"593\"><strong>GM : OPERACIONS DE LABORATORI<\/strong><\/td>\n<\/tr>\n<tr>\n<td colspan=\"4\" width=\"593\"><strong>Distribuci\u00f3 Hores lectives al centre <\/strong><\/td>\n<\/tr>\n<tr>\n<td width=\"225\"><\/td>\n<td width=\"73\"><\/td>\n<td width=\"224\"><\/td>\n<td width=\"71\"><\/td>\n<\/tr>\n<tr>\n<td colspan=\"4\" width=\"593\"><strong>Curs 1r<\/strong><\/td>\n<\/tr>\n<tr>\n<td width=\"225\"><\/td>\n<td width=\"73\"><\/td>\n<td width=\"224\"><\/td>\n<td width=\"71\"><\/td>\n<\/tr>\n<tr>\n<td width=\"225\"><strong>M\u00f2dul professional<\/strong><\/td>\n<td width=\"73\"><strong>Hores<\/strong><\/td>\n<td width=\"224\"><strong>Unitats formatives<\/strong><\/td>\n<td width=\"71\"><strong>Hores<\/strong><\/td>\n<\/tr>\n<tr>\n<td rowspan=\"3\" width=\"225\">MP 1: qu\u00edmica aplica<\/td>\n<td rowspan=\"3\" width=\"73\">165<\/td>\n<td width=\"224\">UF 1: qu\u00edmica b\u00e0sica<\/td>\n<td width=\"71\">85<\/td>\n<\/tr>\n<tr>\n<td width=\"224\">UF 2: qu\u00edmica org\u00e0nica<\/td>\n<td width=\"71\">40<\/td>\n<\/tr>\n<tr>\n<td width=\"224\">UF 3: processos en la ind\u00fastria qu\u00edmica<\/td>\n<td width=\"71\">40<\/td>\n<\/tr>\n<tr>\n<td width=\"225\"><\/td>\n<td width=\"73\"><\/td>\n<td width=\"224\"><\/td>\n<td width=\"71\"><\/td>\n<\/tr>\n<tr>\n<td rowspan=\"3\" width=\"225\">MP 2: mostreig i operacions unit\u00e0ries de laboratori<\/td>\n<td rowspan=\"3\" width=\"73\">165<\/td>\n<td width=\"224\">UF 1: mostreig<\/td>\n<td width=\"71\">33<\/td>\n<\/tr>\n<tr>\n<td width=\"224\">UF 2: operacions mec\u00e0niques<\/td>\n<td width=\"71\">45<\/td>\n<\/tr>\n<tr>\n<td width=\"224\">UF 3: operacions t\u00e8rmiques i per difusi\u00f3<\/td>\n<td width=\"71\">54<\/td>\n<\/tr>\n<tr>\n<td width=\"225\"><\/td>\n<td width=\"73\"><\/td>\n<td width=\"224\"><\/td>\n<td width=\"71\"><\/td>\n<\/tr>\n<tr>\n<td rowspan=\"2\" width=\"225\">MP 4: serveis auxiliars en el laboratori<\/td>\n<td rowspan=\"2\" width=\"73\">66<\/td>\n<td width=\"224\">UF 1: equips i instruments auxiliars<\/td>\n<td width=\"71\">16<\/td>\n<\/tr>\n<tr>\n<td width=\"224\">UF 2: aplicacions dels serveis auxiliars<\/td>\n<td width=\"71\">39<\/td>\n<\/tr>\n<tr>\n<td width=\"225\"><\/td>\n<td width=\"73\"><\/td>\n<td width=\"224\"><\/td>\n<td width=\"71\"><\/td>\n<\/tr>\n<tr>\n<td width=\"225\">MP 5: seguretat i organitzaci\u00f3 en el laboratori<\/td>\n<td width=\"73\">99<\/td>\n<td width=\"224\">UF 1: seguretat en el laboratori<\/td>\n<td width=\"71\">33<\/td>\n<\/tr>\n<tr>\n<td width=\"225\"><\/td>\n<td width=\"73\"><\/td>\n<td width=\"224\"><\/td>\n<td width=\"71\"><\/td>\n<\/tr>\n<tr>\n<td rowspan=\"2\" width=\"225\">MP 7: emmagatzematge i distribuci\u00f3 en el laboratori<\/td>\n<td rowspan=\"2\" width=\"73\">66<\/td>\n<td width=\"224\">UF1: instal\u00b7lacions i documentaci\u00f3<\/td>\n<td width=\"71\">22<\/td>\n<\/tr>\n<tr>\n<td width=\"224\">UF 2: emmagatzematge<\/td>\n<td width=\"71\">22<\/td>\n<\/tr>\n<tr>\n<td width=\"225\"><\/td>\n<td width=\"73\"><\/td>\n<td width=\"224\"><\/td>\n<td width=\"71\"><\/td>\n<\/tr>\n<tr>\n<td rowspan=\"3\" width=\"225\">MP 8: t\u00e8cniques b\u00e0siques de microbiologia i bioqu\u00edmica<\/td>\n<td rowspan=\"3\" width=\"73\">165<\/td>\n<td width=\"224\">UF 1: instal\u00b7lacions i equips per assajos microbiol\u00f2gics<\/td>\n<td width=\"71\">33<\/td>\n<\/tr>\n<tr>\n<td width=\"224\">UF 2: assajos microbiol\u00f2gics<\/td>\n<td width=\"71\">55<\/td>\n<\/tr>\n<tr>\n<td width=\"224\">UF 3: assajos biotecnol\u00f2gics<\/td>\n<td width=\"71\">33<\/td>\n<\/tr>\n<tr>\n<td width=\"225\"><\/td>\n<td width=\"73\"><\/td>\n<td width=\"224\"><\/td>\n<td width=\"71\"><\/td>\n<\/tr>\n<tr>\n<td width=\"225\">MP 11: formaci\u00f3 i orientaci\u00f3 laboral<\/td>\n<td width=\"73\">33<\/td>\n<td width=\"224\">UF2: Prevenci\u00f3 de riscos laborals<\/td>\n<td width=\"71\">33<\/td>\n<\/tr>\n<tr>\n<td width=\"225\"><\/td>\n<td width=\"73\"><\/td>\n<td width=\"224\"><\/td>\n<td width=\"71\"><\/td>\n<\/tr>\n<tr>\n<td width=\"225\">MP 13: angl\u00e8s t\u00e8cnic<\/td>\n<td width=\"73\">99<\/td>\n<td width=\"224\">UF 1: angl\u00e8s t\u00e8cnic<\/td>\n<td width=\"71\">99<\/td>\n<\/tr>\n<tr>\n<td width=\"225\"><\/td>\n<td width=\"73\"><\/td>\n<td width=\"224\"><\/td>\n<td width=\"71\"><\/td>\n<\/tr>\n<tr>\n<td width=\"225\"><strong>Hores lectives totals<\/strong><\/td>\n<td width=\"73\"><strong>858<\/strong><\/td>\n<td width=\"224\"><\/td>\n<td width=\"71\"><\/td>\n<\/tr>\n<tr>\n<td width=\"225\"><strong>Hores lectives setmanals<\/strong><\/td>\n<td width=\"73\"><strong>26,0<\/strong><\/td>\n<td width=\"224\"><\/td>\n<td width=\"71\"><\/td>\n<\/tr>\n<tr>\n<td width=\"225\"><\/td>\n<td width=\"73\"><\/td>\n<td width=\"224\"><\/td>\n<td width=\"71\"><\/td>\n<\/tr>\n<tr>\n<td width=\"225\"><\/td>\n<td width=\"73\"><\/td>\n<td width=\"224\"><\/td>\n<td width=\"71\"><\/td>\n<\/tr>\n<tr>\n<td colspan=\"4\" width=\"593\"><strong>Curs 2n<\/strong><\/td>\n<\/tr>\n<tr>\n<td width=\"225\"><\/td>\n<td width=\"73\"><\/td>\n<td width=\"224\"><\/td>\n<td width=\"71\"><\/td>\n<\/tr>\n<tr>\n<td width=\"225\"><strong>M\u00f2dul professional<\/strong><\/td>\n<td width=\"73\"><strong>Hores<\/strong><\/td>\n<td width=\"224\"><strong>Unitats formatives<\/strong><\/td>\n<td width=\"71\"><strong>Hores<\/strong><\/td>\n<\/tr>\n<tr>\n<td rowspan=\"3\" width=\"225\">MP 3: proves fisicoqu\u00edmiques<\/td>\n<td rowspan=\"3\" width=\"73\">165<\/td>\n<td width=\"224\">UF 1: propietats fisicoqu\u00edmiques<\/td>\n<td width=\"71\">55<\/td>\n<\/tr>\n<tr>\n<td width=\"224\">UF 2: propietats col\u00b7ligatives<\/td>\n<td width=\"71\">33<\/td>\n<\/tr>\n<tr>\n<td width=\"224\">UF 3: propietats \u00f2ptiques<\/td>\n<td width=\"71\">33<\/td>\n<\/tr>\n<tr>\n<td width=\"225\"><\/td>\n<td width=\"73\"><\/td>\n<td width=\"224\"><\/td>\n<td width=\"71\"><\/td>\n<\/tr>\n<tr>\n<td rowspan=\"5\" width=\"225\">MP 6: operacions d\u2019an\u00e0lisi qu\u00edmica<\/td>\n<td rowspan=\"5\" width=\"73\">231<\/td>\n<td width=\"224\">UF 1: procediment anal\u00edtic<\/td>\n<td width=\"71\">40<\/td>\n<\/tr>\n<tr>\n<td width=\"224\">UF 2: volumetries i gravimetries<\/td>\n<td width=\"71\">50<\/td>\n<\/tr>\n<tr>\n<td width=\"224\">UF 3: t\u00e8cniques electroqu\u00edmics<\/td>\n<td width=\"71\">36<\/td>\n<\/tr>\n<tr>\n<td width=\"224\">UF4:t\u00e8cniques espectrofotom\u00e8trics<\/td>\n<td width=\"71\">36<\/td>\n<\/tr>\n<tr>\n<td width=\"224\">UF 5: t\u00e8cniques de separaci\u00f3<\/td>\n<td width=\"71\">36<\/td>\n<\/tr>\n<tr>\n<td width=\"225\"><\/td>\n<td width=\"73\"><\/td>\n<td width=\"224\"><\/td>\n<td width=\"71\"><\/td>\n<\/tr>\n<tr>\n<td rowspan=\"2\" width=\"225\">MP 9: assajos de materials<\/td>\n<td rowspan=\"2\" width=\"73\">99<\/td>\n<td width=\"224\">UF 1: propietats i aplicacions dels materials<\/td>\n<td width=\"71\">33<\/td>\n<\/tr>\n<tr>\n<td width=\"224\">UF 2: assajos mec\u00e0nics, metal\u00b7logr\u00e0fics i de corrosi\u00f3<\/td>\n<td width=\"71\">66<\/td>\n<\/tr>\n<tr>\n<td width=\"225\"><\/td>\n<td width=\"73\"><\/td>\n<td width=\"224\"><\/td>\n<td width=\"71\"><\/td>\n<\/tr>\n<tr>\n<td rowspan=\"3\" width=\"225\">MP 10: principis de manteniment electromec\u00e0nic<\/td>\n<td rowspan=\"3\" width=\"73\">66<\/td>\n<td width=\"224\">UF 1 Xarxes de distribuci\u00f3 i equips el\u00e8ctrics.<\/td>\n<td width=\"71\">24<\/td>\n<\/tr>\n<tr>\n<td width=\"224\">UF 2 Instal\u00b7lacions pneum\u00e0tiques i hidr\u00e0uliques.<\/td>\n<td width=\"71\">23<\/td>\n<\/tr>\n<tr>\n<td width=\"224\">UF 3 Elements mec\u00e0nics i principis de manteniment.<\/td>\n<td width=\"71\">19<\/td>\n<\/tr>\n<tr>\n<td width=\"225\"><\/td>\n<td width=\"73\"><\/td>\n<td width=\"224\"><\/td>\n<td width=\"71\"><\/td>\n<\/tr>\n<tr>\n<td width=\"225\">MP 11: formaci\u00f3 i orientaci\u00f3 laboral<\/td>\n<td width=\"73\">66<\/td>\n<td width=\"224\">UF 1: incorporaci\u00f3 al treball<\/td>\n<td width=\"71\">66<\/td>\n<\/tr>\n<tr>\n<td width=\"225\"><\/td>\n<td width=\"73\"><\/td>\n<td width=\"224\"><\/td>\n<td width=\"71\"><\/td>\n<\/tr>\n<tr>\n<td width=\"225\">MP 12: empresa i iniciativa emprenedora<\/td>\n<td width=\"73\">66<\/td>\n<td width=\"224\">UF 1: empresa i iniciativa emprenedora<\/td>\n<td width=\"71\">66<\/td>\n<\/tr>\n<tr>\n<td width=\"225\"><\/td>\n<td width=\"73\"><\/td>\n<td width=\"224\"><\/td>\n<td width=\"71\"><\/td>\n<\/tr>\n<tr>\n<td width=\"225\">MP 14: s\u00edntesi<\/td>\n<td width=\"73\">66<\/td>\n<td width=\"224\">UF 1: s\u00edntesi<\/td>\n<td width=\"71\">66<\/td>\n<\/tr>\n<tr>\n<td width=\"225\"><\/td>\n<td width=\"73\"><\/td>\n<td width=\"224\"><\/td>\n<td width=\"71\"><\/td>\n<\/tr>\n<tr>\n<td width=\"225\">MP16: Formaci\u00f3 en centres de treball<\/td>\n<td width=\"73\">383<\/td>\n<td width=\"224\"><\/td>\n<td width=\"71\"><\/td>\n<\/tr>\n<tr>\n<td width=\"225\"><\/td>\n<td width=\"73\"><\/td>\n<td width=\"224\"><\/td>\n<td width=\"71\"><\/td>\n<\/tr>\n<tr>\n<td width=\"225\"><strong>Hores lectives totals<\/strong><\/td>\n<td width=\"73\"><strong>759<\/strong><\/td>\n<td width=\"224\"><\/td>\n<td width=\"71\"><\/td>\n<\/tr>\n<tr>\n<td width=\"225\"><strong>Hores lectives setmanals<\/strong><\/td>\n<td width=\"73\"><strong>23,0<\/strong><\/td>\n<td width=\"224\"><\/td>\n<td width=\"71\"><\/td>\n<\/tr>\n<tr>\n<td width=\"225\">Total<\/td>\n<td width=\"73\">2000<\/td>\n<td width=\"224\"><\/td>\n<td width=\"71\"><\/td>\n<\/tr>\n<\/tbody>\n<\/table>\n<p style=\"text-align: center;\"><a href=\"http:\/\/agora.xtec.cat\/ieslaromanica\/cicles-formatius\/cicle-formatiu-de-grau-mitja-operacions-de-laboratori-qu20\/\" target=\"_blank\" rel=\"noopener noreferrer\">Torna a\u00a0<\/a><a title=\"CFGM Operacions de laboratori (QU20)\" href=\"http:\/\/agora.xtec.cat\/ieslaromanica\/cicles-formatius\/cicle-formatiu-de-grau-mitja-operacions-de-laboratori-qu20\/\">CFGM Operacions de laboratori (QU20)<\/a><\/p>\n","protected":false},"excerpt":{"rendered":"<p>Relaci\u00f3 de m\u00f2duls professionals i unitats formatives dels diferents cursos<\/p>\n<p>GM : OPERACIONS DE LABORATORI<\/p>\n<p>Distribuci\u00f3 Hores lectives al centre <\/p>\n<p>Curs 1r<\/p>\n<p>M\u00f2dul professional<br \/>\nHores<br \/>\nUnitats formatives<br \/>\nHores<\/p>\n<p>MP 1: qu\u00edmica aplica<br \/>\n165<br \/>\nUF 1: qu\u00edmica b\u00e0sica<br \/>\n85<\/p>\n<p>UF 2: qu\u00edmica org\u00e0nica<br \/>\n40<\/p>\n<p>UF 3: processos en la ind\u00fastria qu\u00edmica<br \/>\n40<\/p>\n<p>MP 2: mostreig i operacions unit\u00e0ries de laboratori<br \/>\n165<br \/>\nUF 1:&hellip;  <a href=\"https:\/\/agora.xtec.cat\/ieslaromanica\/cicles-formatius\/preinscripcio-i-matricula-a-cicles-formatius-de-grau-mitja-grau-superior-2023-2024\/cicle-formatiu-de-grau-mitja-operacions-de-laboratori-qu20\/continguts\/\" title=\"Read Continguts\">Llegeix m\u00e9s\u00bb<\/a><\/p>\n","protected":false},"author":35,"featured_media":0,"parent":2217,"menu_order":0,"comment_status":"closed","ping_status":"closed","template":"page-templates\/side-menu.php","meta":{"_bbp_topic_count":0,"_bbp_reply_count":0,"_bbp_total_topic_count":0,"_bbp_total_reply_count":0,"_bbp_voice_count":0,"_bbp_anonymous_reply_count":0,"_bbp_topic_count_hidden":0,"_bbp_reply_count_hidden":0,"_bbp_forum_subforum_count":0,"footnotes":""},"class_list":["post-2796","page","type-page","status-publish","hentry"],"post_mailing_queue_ids":[],"_links":{"self":[{"href":"https:\/\/agora.xtec.cat\/ieslaromanica\/wp-json\/wp\/v2\/pages\/2796","targetHints":{"allow":["GET"]}}],"collection":[{"href":"https:\/\/agora.xtec.cat\/ieslaromanica\/wp-json\/wp\/v2\/pages"}],"about":[{"href":"https:\/\/agora.xtec.cat\/ieslaromanica\/wp-json\/wp\/v2\/types\/page"}],"author":[{"embeddable":true,"href":"https:\/\/agora.xtec.cat\/ieslaromanica\/wp-json\/wp\/v2\/users\/35"}],"replies":[{"embeddable":true,"href":"https:\/\/agora.xtec.cat\/ieslaromanica\/wp-json\/wp\/v2\/comments?post=2796"}],"version-history":[{"count":4,"href":"https:\/\/agora.xtec.cat\/ieslaromanica\/wp-json\/wp\/v2\/pages\/2796\/revisions"}],"predecessor-version":[{"id":25191,"href":"https:\/\/agora.xtec.cat\/ieslaromanica\/wp-json\/wp\/v2\/pages\/2796\/revisions\/25191"}],"up":[{"embeddable":true,"href":"https:\/\/agora.xtec.cat\/ieslaromanica\/wp-json\/wp\/v2\/pages\/2217"}],"wp:attachment":[{"href":"https:\/\/agora.xtec.cat\/ieslaromanica\/wp-json\/wp\/v2\/media?parent=2796"}],"curies":[{"name":"wp","href":"https:\/\/api.w.org\/{rel}","templated":true}]}}