{"id":2720,"date":"2018-01-25T10:34:32","date_gmt":"2018-01-25T09:34:32","guid":{"rendered":"http:\/\/agora.xtec.cat\/ieslaromanica\/?page_id=2720"},"modified":"2018-01-26T16:29:30","modified_gmt":"2018-01-26T15:29:30","slug":"installacions","status":"publish","type":"page","link":"https:\/\/agora.xtec.cat\/ieslaromanica\/cicles-formatius\/installacions\/","title":{"rendered":"Instal\u00b7lacions i infraestructures"},"content":{"rendered":"<p>L&#8217;Institut la Rom\u00e0nica compta amb totes les instal\u00b7lacions i infraestructures necess\u00e0ries per poder impartir tots els continguts tant te\u00f2rics com pr\u00e0ctics propis dels cicles formatius que oferim al centre.<\/p>\n<p>Entre aquestes instal\u00b7lacions i infraestructures podem destacar les seg\u00fcents:<\/p>\n<ul style=\"list-style-type: circle;\">\n<li>5 laboratoris on s&#8217;impartiran els continguts pr\u00e0ctics propis de cada cicle formatiu:<\/li>\n<\/ul>\n<p style=\"padding-left: 60px;\">&#8211; 2 laboratoris de Qu\u00edmica general<\/p>\n<p style=\"padding-left: 60px;\">&#8211; 1 laboratori de Qu\u00edmica Instrumental i Biotecnologia<\/p>\n<p style=\"padding-left: 60px;\">&#8211; 1 laboratori de Microbiologia<\/p>\n<p style=\"padding-left: 60px;\">&#8211; 1 laboratori de fabricaci\u00f3 de productes farmac\u00e8utics<\/p>\n<ul style=\"list-style-type: circle;\">\n<li>2 Aules d&#8217;inform\u00e0tica\u00a0on es podran fer activitats de recerca,\u00a0laboratoris virtuals, utilitzar programari espec\u00edfic &#8230;<\/li>\n<\/ul>\n<ul style=\"list-style-type: circle;\">\n<li>Aules amb projector i connexi\u00f3 a internet per impartir els continguts te\u00f2rics propis de cada cicle formatiu<\/li>\n<li>Plataforma Moodle<\/li>\n<\/ul>\n<p style=\"text-align: center;\"><a href=\"http:\/\/agora.xtec.cat\/ieslaromanica\/cicles-formatius\/\">Torna a Cicles Formatius<\/a><\/p>\n","protected":false},"excerpt":{"rendered":"<p>L&#8217;Institut la Rom\u00e0nica compta amb totes les instal\u00b7lacions i infraestructures necess\u00e0ries per poder impartir tots els continguts tant te\u00f2rics com pr\u00e0ctics propis dels cicles formatius que oferim al centre.<br \/>\nEntre aquestes instal\u00b7lacions i infraestructures podem destacar les seg\u00fcents:<\/p>\n<ul style=\"list-style-type: circle;\">\n<li>5 laboratoris on s&#8217;impartiran els continguts pr\u00e0ctics&hellip;  <a href=\"https:\/\/agora.xtec.cat\/ieslaromanica\/cicles-formatius\/installacions\/\" title=\"Read Instal\u00b7lacions i infraestructures\">Llegeix m\u00e9s\u00bb<\/a><br \/>\n","protected":false},"author":35,"featured_media":0,"parent":2214,"menu_order":9,"comment_status":"closed","ping_status":"closed","template":"page-templates\/side-menu.php","meta":{"_bbp_topic_count":0,"_bbp_reply_count":0,"_bbp_total_topic_count":0,"_bbp_total_reply_count":0,"_bbp_voice_count":0,"_bbp_anonymous_reply_count":0,"_bbp_topic_count_hidden":0,"_bbp_reply_count_hidden":0,"_bbp_forum_subforum_count":0,"footnotes":""},"class_list":["post-2720","page","type-page","status-publish","hentry"],"post_mailing_queue_ids":[],"_links":{"self":[{"href":"https:\/\/agora.xtec.cat\/ieslaromanica\/wp-json\/wp\/v2\/pages\/2720","targetHints":{"allow":["GET"]}}],"collection":[{"href":"https:\/\/agora.xtec.cat\/ieslaromanica\/wp-json\/wp\/v2\/pages"}],"about":[{"href":"https:\/\/agora.xtec.cat\/ieslaromanica\/wp-json\/wp\/v2\/types\/page"}],"author":[{"embeddable":true,"href":"https:\/\/agora.xtec.cat\/ieslaromanica\/wp-json\/wp\/v2\/users\/35"}],"replies":[{"embeddable":true,"href":"https:\/\/agora.xtec.cat\/ieslaromanica\/wp-json\/wp\/v2\/comments?post=2720"}],"version-history":[{"count":4,"href":"https:\/\/agora.xtec.cat\/ieslaromanica\/wp-json\/wp\/v2\/pages\/2720\/revisions"}],"predecessor-version":[{"id":2775,"href":"https:\/\/agora.xtec.cat\/ieslaromanica\/wp-json\/wp\/v2\/pages\/2720\/revisions\/2775"}],"up":[{"embeddable":true,"href":"https:\/\/agora.xtec.cat\/ieslaromanica\/wp-json\/wp\/v2\/pages\/2214"}],"wp:attachment":[{"href":"https:\/\/agora.xtec.cat\/ieslaromanica\/wp-json\/wp\/v2\/media?parent=2720"}],"curies":[{"name":"wp","href":"https:\/\/api.w.org\/{rel}","templated":true}]}}