{"id":27,"date":"2014-09-17T16:24:03","date_gmt":"2014-09-17T16:24:03","guid":{"rendered":"http:\/\/agora.xtec.cat\/ieslaromanica\/?page_id=27"},"modified":"2017-11-02T08:54:48","modified_gmt":"2017-11-02T07:54:48","slug":"historia","status":"publish","type":"page","link":"https:\/\/agora.xtec.cat\/ieslaromanica\/linstitut\/historia\/","title":{"rendered":"Com som"},"content":{"rendered":"<p><strong>L\u2019Institut La Rom\u00e0nica t\u00e9 la funci\u00f3 de: <\/strong><\/p>\n<p style=\"text-align: justify;\">Formar, orientar i acreditar l\u2019alumnat per a l\u2019adquisici\u00f3 de les compet\u00e8ncies establertes en el disseny currricular de les diferents etapes educatives, contribuint a la seva integraci\u00f3 familiar, social i laboral, i crear un entorn participatiu i motivador entre l\u2019equip hum\u00e0 que faciliti el funcionament del centre.<\/p>\n<p><strong>L\u2019Institut La Rom\u00e0nica vol arribar a: <\/strong><\/p>\n<p style=\"text-align: justify;\">Ser un centre educatiu de qualitat, amb voluntat d&#8217;innovaci\u00f3 i millora cont\u00ednua, integrat a Barber\u00e0 del Vall\u00e8s i de refer\u00e8ncia en el teixit empresarial m\u00e9s proper i af\u00ed.<\/p>\n<p style=\"text-align: justify;\"><strong>L\u00ednies de treball:<\/strong><\/p>\n<p>El centre donar\u00e0 <strong>prioritat<\/strong> a les seg\u00fcents <strong>l\u00ednies de treball<\/strong>:<\/p>\n<ul>\n<li>Projecte de treball transversal en el camp de la compet\u00e8ncia ling\u00fc\u00edstica i comunicativa.<\/li>\n<li>Recerca de f\u00f3rmules que permetin el treball cooperatiu<\/li>\n<li>Agrupaments flexibles.<\/li>\n<li>Import\u00e0ncia dels nivells i dels departaments.<\/li>\n<li>Atenci\u00f3 individualitzada a partir de l&#8217;acci\u00f3 tutorial i l&#8217;orientaci\u00f3 psicopedag\u00f2gica.<\/li>\n<li>Treball amb les institucions i les organitzacions del barri que atenen l\u2019alumnat fora de l\u2019horari escolar, a trav\u00e9s del Pla Educatiu d\u2019Entorn.<\/li>\n<li>Pla d&#8217;acollida, especialment per a l\u2019alumnat nouvingut.<\/li>\n<li>Atenci\u00f3 espec\u00edfica a l\u2019alumnat que arribi d\u2019altres zones de l\u2019estat espanyol i al que vinguin de pa\u00efsos estrangers.<\/li>\n<li>Suport a l\u2019acci\u00f3 educativa familiar des de l\u2019acci\u00f3 tutorial i altres activitats d\u2019orientaci\u00f3 i intercanvi adre\u00e7ades a les fam\u00edlies.<\/li>\n<li>Col\u00b7laboraci\u00f3 amb les empreses del sector en la formaci\u00f3 professional dual.<\/li>\n<li>Projecte d\u2019internacionalitzaci\u00f3 de centre per fomentar la col\u00b7laboraci\u00f3 amb empreses i centres europeus.<\/li>\n<\/ul>\n<p><strong>Valors:<\/strong><\/p>\n<p style=\"text-align: justify;\">L\u2019Institut es defineix integrador, no discriminatori, democr\u00e0tic, laic, catal\u00e0, progressista, respectu\u00f3s amb totes les persones, creences, cultures i ideologies en el marc de la conviv\u00e8ncia democr\u00e0tica, cur\u00f3s amb el medi ambient i sotm\u00e8s a l\u2019inter\u00e8s p\u00fablic mitjan\u00e7ant el respecte a les lleis i cercant cont\u00ednuament la millora de la qualitat en els ensenyaments i serveis que proporciona al seu alumnat.<\/p>\n<p style=\"text-align: justify;\">Creiem que L\u2019Institut ha de servir d&#8217;orientaci\u00f3 i ajuda als nois i noies en el cam\u00ed de l&#8217;aprenentatge de la conviv\u00e8ncia i de la solidaritat, sense dogmatismes ni imposicions arbitr\u00e0ries, aix\u00ed mateix que ha de garantir la igualtat d\u2019oportunitats de tot el nostre alumnat.<\/p>\n<p style=\"text-align: justify;\">Entenem que el treball, l\u2019esfor\u00e7 i la disciplina s\u00f3n valors irrenunciables en el desenvolupament integral del nostre alumnat.<\/p>\n","protected":false},"excerpt":{"rendered":"<p>L\u2019Institut La Rom\u00e0nica t\u00e9 la funci\u00f3 de:<br \/>\nFormar, orientar i acreditar l\u2019alumnat per a l\u2019adquisici\u00f3 de les compet\u00e8ncies establertes en el disseny currricular de les diferents etapes educatives, contribuint a la seva integraci\u00f3 familiar, social i laboral, i crear un entorn participatiu i motivador entre&hellip;  <a href=\"https:\/\/agora.xtec.cat\/ieslaromanica\/linstitut\/historia\/\" title=\"Read Com som\">Llegeix m\u00e9s\u00bb<\/a><\/p>\n","protected":false},"author":1,"featured_media":0,"parent":19,"menu_order":1,"comment_status":"closed","ping_status":"closed","template":"","meta":{"_bbp_topic_count":0,"_bbp_reply_count":0,"_bbp_total_topic_count":0,"_bbp_total_reply_count":0,"_bbp_voice_count":0,"_bbp_anonymous_reply_count":0,"_bbp_topic_count_hidden":0,"_bbp_reply_count_hidden":0,"_bbp_forum_subforum_count":0,"footnotes":""},"class_list":["post-27","page","type-page","status-publish","hentry"],"post_mailing_queue_ids":[],"_links":{"self":[{"href":"https:\/\/agora.xtec.cat\/ieslaromanica\/wp-json\/wp\/v2\/pages\/27","targetHints":{"allow":["GET"]}}],"collection":[{"href":"https:\/\/agora.xtec.cat\/ieslaromanica\/wp-json\/wp\/v2\/pages"}],"about":[{"href":"https:\/\/agora.xtec.cat\/ieslaromanica\/wp-json\/wp\/v2\/types\/page"}],"author":[{"embeddable":true,"href":"https:\/\/agora.xtec.cat\/ieslaromanica\/wp-json\/wp\/v2\/users\/1"}],"replies":[{"embeddable":true,"href":"https:\/\/agora.xtec.cat\/ieslaromanica\/wp-json\/wp\/v2\/comments?post=27"}],"version-history":[{"count":4,"href":"https:\/\/agora.xtec.cat\/ieslaromanica\/wp-json\/wp\/v2\/pages\/27\/revisions"}],"predecessor-version":[{"id":2261,"href":"https:\/\/agora.xtec.cat\/ieslaromanica\/wp-json\/wp\/v2\/pages\/27\/revisions\/2261"}],"up":[{"embeddable":true,"href":"https:\/\/agora.xtec.cat\/ieslaromanica\/wp-json\/wp\/v2\/pages\/19"}],"wp:attachment":[{"href":"https:\/\/agora.xtec.cat\/ieslaromanica\/wp-json\/wp\/v2\/media?parent=27"}],"curies":[{"name":"wp","href":"https:\/\/api.w.org\/{rel}","templated":true}]}}

<p><strong>L’Institut La Romànica té la funció de: </strong></p>
<p style="text-align: justify;">Formar, orientar i acreditar l’alumnat per a l’adquisició de les competències establertes en el disseny currricular de les diferents etapes educatives, contribuint a la seva integració familiar, social i laboral, i crear un entorn participatiu i motivador entre l’equip humà que faciliti el funcionament del centre.</p>
<p><strong>L’Institut La Romànica vol arribar a: </strong></p>
<p style="text-align: justify;">Ser un centre educatiu de qualitat, amb voluntat d&#8217;innovació i millora contínua, integrat a Barberà del Vallès i de referència en el teixit empresarial més proper i afí.</p>
<p style="text-align: justify;"><strong>Línies de treball:</strong></p>
<p>El centre donarà <strong>prioritat</strong> a les següents <strong>línies de treball</strong>:</p>
<ul>
<li>Projecte de treball transversal en el camp de la competència lingüística i comunicativa.</li>
<li>Recerca de fórmules que permetin el treball cooperatiu</li>
<li>Agrupaments flexibles.</li>
<li>Importància dels nivells i dels departaments.</li>
<li>Atenció individualitzada a partir de l&#8217;acció tutorial i l&#8217;orientació psicopedagògica.</li>
<li>Treball amb les institucions i les organitzacions del barri que atenen l’alumnat fora de l’horari escolar, a través del Pla Educatiu d’Entorn.</li>
<li>Pla d&#8217;acollida, especialment per a l’alumnat nouvingut.</li>
<li>Atenció específica a l’alumnat que arribi d’altres zones de l’estat espanyol i al que vinguin de països estrangers.</li>
<li>Suport a l’acció educativa familiar des de l’acció tutorial i altres activitats d’orientació i intercanvi adreçades a les famílies.</li>
<li>Col·laboració amb les empreses del sector en la formació professional dual.</li>
<li>Projecte d’internacionalització de centre per fomentar la col·laboració amb empreses i centres europeus.</li>
</ul>
<p><strong>Valors:</strong></p>
<p style="text-align: justify;">L’Institut es defineix integrador, no discriminatori, democràtic, laic, català, progressista, respectuós amb totes les persones, creences, cultures i ideologies en el marc de la convivència democràtica, curós amb el medi ambient i sotmès a l’interès públic mitjançant el respecte a les lleis i cercant contínuament la millora de la qualitat en els ensenyaments i serveis que proporciona al seu alumnat.</p>
<p style="text-align: justify;">Creiem que L’Institut ha de servir d&#8217;orientació i ajuda als nois i noies en el camí de l&#8217;aprenentatge de la convivència i de la solidaritat, sense dogmatismes ni imposicions arbitràries, així mateix que ha de garantir la igualtat d’oportunitats de tot el nostre alumnat.</p>
<p style="text-align: justify;">Entenem que el treball, l’esforç i la disciplina són valors irrenunciables en el desenvolupament integral del nostre alumnat.</p>

<p>L’Institut La Romànica té la funció de:<br />
Formar, orientar i acreditar l’alumnat per a l’adquisició de les competències establertes en el disseny currricular de les diferents etapes educatives, contribuint a la seva integració familiar, social i laboral, i crear un entorn participatiu i motivador entre&hellip;  <a href="https://agora.xtec.cat/ieslaromanica/linstitut/historia/" title="Read Com som">Llegeix més»</a></p>
