{"id":2653,"date":"2018-01-23T21:08:45","date_gmt":"2018-01-23T20:08:45","guid":{"rendered":"http:\/\/agora.xtec.cat\/ieslaromanica\/?page_id=2653"},"modified":"2025-05-28T22:46:25","modified_gmt":"2025-05-28T20:46:25","slug":"cicle-formatiu-de-grau-superior-de-laboratori-danalisi-i-de-control-de-qualitat-qud0","status":"publish","type":"page","link":"https:\/\/agora.xtec.cat\/ieslaromanica\/cicles-formatius\/curs-23_24-gs\/cicle-formatiu-de-grau-superior-de-laboratori-danalisi-i-de-control-de-qualitat-qud0\/","title":{"rendered":"CFGS de Laboratori d&#8217;An\u00e0lisi i de Control de Qualitat (QUD0)"},"content":{"rendered":"<p style=\"text-align: justify;\">Aquests estudis postobligatoris capaciten per organitzar i supervisar l&#8217;activitat d&#8217;un laboratori i per desenvolupar i aplicar t\u00e8cniques d&#8217;assaig i an\u00e0lisis f\u00edsiques, qu\u00edmiques i microbiol\u00f2giques sobre mat\u00e8ries primeres i productes qu\u00edmics o alimentaris per a\u00a0 la investigaci\u00f3 o el control de qualitat.<\/p>\n<p style=\"text-align: justify;\">A l&#8217;Institut La Rom\u00e0nica tenim <strong>dues l\u00edneas<\/strong> d&#8217;aquest cicle formatiu, una amb horari de <strong>mat\u00ed*<\/strong> i una altra amb horari de <strong>tarda<\/strong>.<\/p>\n<p style=\"text-align: justify;\">La durada \u00e9s de 2.000 hores distribu\u00efdes en\u00a0<strong>dos cursos\u00a0<\/strong>acad\u00e8mics\u00a0i s&#8217;imparteix en\u00a0<a href=\"http:\/\/agora.xtec.cat\/ieslaromanica\/estudis\/cicles-formatius\/fp-dual-a-ins-la-romanica\/\" target=\"_blank\" rel=\"noopener noreferrer\">modalitat DUAL<\/a>.<\/p>\n<p style=\"text-align: justify;\">Per a m\u00e9s informaci\u00f3 clica sobre els enlla\u00e7os:<\/p>\n<ul style=\"text-align: justify;\">\n<li><a href=\"https:\/\/agora.xtec.cat\/ieslaromanica\/wp-content\/uploads\/usu857\/2025\/05\/QUD0-25-26.pdf\">Continguts<\/a><\/li>\n<li><a title=\"Requisits d'acc\u00e9s al cicle formatiu\" href=\"http:\/\/agora.xtec.cat\/ieslaromanica\/cicles-formatius\/cicle-formatiu-de-grau-superior-de-laboratori-danalisi-i-de-control-de-qualitat-qud0\/requisits-dacces-al-cicle-formatiu\/\" target=\"_blank\" rel=\"noopener noreferrer\">Requisits d&#8217;acc\u00e9s al cicle formatiu<\/a><\/li>\n<li><a title=\"Tr\u00e0mits\" href=\"http:\/\/agora.xtec.cat\/ieslaromanica\/cicles-formatius\/cicle-formatiu-de-grau-superior-de-laboratori-danalisi-i-de-control-de-qualitat-qud0\/tramits\/\" target=\"_blank\" rel=\"noopener noreferrer\">Tr\u00e0mits<\/a><\/li>\n<li><a title=\"Continu\u00eftat d'estudis\" href=\"http:\/\/agora.xtec.cat\/ieslaromanica\/cicles-formatius\/cicle-formatiu-de-grau-superior-de-laboratori-danalisi-i-de-control-de-qualitat-qud0\/continuitat-destudis\/\" target=\"_blank\" rel=\"noopener noreferrer\">Continu\u00eftat d&#8217;estudis<\/a><\/li>\n<\/ul>\n<blockquote><p><em>*El grup de segon curs de mat\u00ed realitza els seus estudis dins d&#8217;un programa d&#8217;<b>Impuls de la llengua anglesa a la FP<\/b>, gr\u00e0cies\u00a0<\/em><em>\u00a0a la subvenci\u00f3 rebuda\u00a0<\/em><em>p<\/em><em>er part del Ministeri d&#8217;Educaci\u00f3 i Formaci\u00f3 Pr<\/em><em>ofessional, aix\u00ed com per la Uni\u00f3 Europea a trav\u00e9s dels Fons Next Generation EU.<\/em><\/p><\/blockquote>\n<p><img loading=\"lazy\" decoding=\"async\" class=\"aligncenter wp-image-21914\" src=\"https:\/\/agora.xtec.cat\/ieslaromanica\/wp-content\/uploads\/usu857\/2022\/10\/FP-UE-1024x317.png\" alt=\"\" width=\"485\" height=\"150\" srcset=\"https:\/\/agora.xtec.cat\/ieslaromanica\/wp-content\/uploads\/usu857\/2022\/10\/FP-UE-1024x317.png 1024w, https:\/\/agora.xtec.cat\/ieslaromanica\/wp-content\/uploads\/usu857\/2022\/10\/FP-UE-300x93.png 300w, https:\/\/agora.xtec.cat\/ieslaromanica\/wp-content\/uploads\/usu857\/2022\/10\/FP-UE-768x238.png 768w, https:\/\/agora.xtec.cat\/ieslaromanica\/wp-content\/uploads\/usu857\/2022\/10\/FP-UE-1536x475.png 1536w, https:\/\/agora.xtec.cat\/ieslaromanica\/wp-content\/uploads\/usu857\/2022\/10\/FP-UE.png 1564w\" sizes=\"auto, (max-width: 485px) 100vw, 485px\" \/><\/p>\n<p>&nbsp;<\/p>\n<p style=\"text-align: center;\"><a href=\"http:\/\/agora.xtec.cat\/ieslaromanica\/cicles-formatius\/\">Torna a Cicles Formatius<\/a><\/p>\n","protected":false},"excerpt":{"rendered":"<p>Aquests estudis postobligatoris capaciten per organitzar i supervisar l&#8217;activitat d&#8217;un laboratori i per desenvolupar i aplicar t\u00e8cniques d&#8217;assaig i an\u00e0lisis f\u00edsiques, qu\u00edmiques i microbiol\u00f2giques sobre mat\u00e8ries primeres i productes qu\u00edmics o alimentaris per a\u00a0 la investigaci\u00f3 o el control de qualitat.<br \/>\nA l&#8217;Institut La Rom\u00e0nica tenim&hellip;  <a href=\"https:\/\/agora.xtec.cat\/ieslaromanica\/cicles-formatius\/curs-23_24-gs\/cicle-formatiu-de-grau-superior-de-laboratori-danalisi-i-de-control-de-qualitat-qud0\/\" title=\"Read CFGS de Laboratori d&#8217;An\u00e0lisi i de Control de Qualitat (QUD0)\">Llegeix m\u00e9s\u00bb<\/a><\/p>\n","protected":false},"author":35,"featured_media":0,"parent":22890,"menu_order":6,"comment_status":"closed","ping_status":"closed","template":"page-templates\/side-menu.php","meta":{"_bbp_topic_count":0,"_bbp_reply_count":0,"_bbp_total_topic_count":0,"_bbp_total_reply_count":0,"_bbp_voice_count":0,"_bbp_anonymous_reply_count":0,"_bbp_topic_count_hidden":0,"_bbp_reply_count_hidden":0,"_bbp_forum_subforum_count":0,"footnotes":""},"class_list":["post-2653","page","type-page","status-publish","hentry"],"post_mailing_queue_ids":[],"_links":{"self":[{"href":"https:\/\/agora.xtec.cat\/ieslaromanica\/wp-json\/wp\/v2\/pages\/2653","targetHints":{"allow":["GET"]}}],"collection":[{"href":"https:\/\/agora.xtec.cat\/ieslaromanica\/wp-json\/wp\/v2\/pages"}],"about":[{"href":"https:\/\/agora.xtec.cat\/ieslaromanica\/wp-json\/wp\/v2\/types\/page"}],"author":[{"embeddable":true,"href":"https:\/\/agora.xtec.cat\/ieslaromanica\/wp-json\/wp\/v2\/users\/35"}],"replies":[{"embeddable":true,"href":"https:\/\/agora.xtec.cat\/ieslaromanica\/wp-json\/wp\/v2\/comments?post=2653"}],"version-history":[{"count":7,"href":"https:\/\/agora.xtec.cat\/ieslaromanica\/wp-json\/wp\/v2\/pages\/2653\/revisions"}],"predecessor-version":[{"id":25206,"href":"https:\/\/agora.xtec.cat\/ieslaromanica\/wp-json\/wp\/v2\/pages\/2653\/revisions\/25206"}],"up":[{"embeddable":true,"href":"https:\/\/agora.xtec.cat\/ieslaromanica\/wp-json\/wp\/v2\/pages\/22890"}],"wp:attachment":[{"href":"https:\/\/agora.xtec.cat\/ieslaromanica\/wp-json\/wp\/v2\/media?parent=2653"}],"curies":[{"name":"wp","href":"https:\/\/api.w.org\/{rel}","templated":true}]}}