{"id":2621,"date":"2018-01-17T11:48:32","date_gmt":"2018-01-17T10:48:32","guid":{"rendered":"http:\/\/agora.xtec.cat\/ieslaromanica\/?page_id=2621"},"modified":"2025-05-28T22:47:32","modified_gmt":"2025-05-28T20:47:32","slug":"cicle-formatiu-de-grau-superior-de-fabricacio-de-productes-farmaceutics-biotecnologics-i-afins-qub0","status":"publish","type":"page","link":"https:\/\/agora.xtec.cat\/ieslaromanica\/cicles-formatius\/curs-23_24-gs\/cicle-formatiu-de-grau-superior-de-fabricacio-de-productes-farmaceutics-biotecnologics-i-afins-qub0\/","title":{"rendered":"CFGS de Fabricaci\u00f3 de productes farmac\u00e8utics, biotecnol\u00f2gics i afins (QUB0)"},"content":{"rendered":"<p style=\"text-align: justify;\">Aquests estudis capaciten per gestionar i participar en les operacions de fabricaci\u00f3, condicionament i emmagatzematge de productes farmac\u00e8utics, biotecnol\u00f2gics i afins, organitzant el funcionament, la posada en marxa i la parada de les instal\u00b7lacions i equips, segons els procediments normalitzats de treball i complint les normes de seguretat, prevenci\u00f3 de riscos i protecci\u00f3 ambiental.<\/p>\n<p style=\"text-align: justify;\">La durada \u00e9s de 2.000 hores distribu\u00efdes en\u00a0<strong>dos cursos\u00a0<\/strong>acad\u00e8mics, i s&#8217;imparteix en <a href=\"http:\/\/agora.xtec.cat\/ieslaromanica\/estudis\/cicles-formatius\/fp-dual-a-ins-la-romanica\/\" target=\"_blank\" rel=\"noopener noreferrer\">modalitat DUAL<\/a>.<\/p>\n<p style=\"text-align: justify;\">A l&#8217;Institut La Rom\u00e0nica tenim <strong>dues l\u00ednies<\/strong> d&#8217;aquest cicle formatiu, una amb horari de <strong>mat\u00ed<\/strong> i una altra amb horari de <strong>tarda<\/strong>.<\/p>\n<p style=\"text-align: justify;\">Aquest estudi\u00a0<strong>substitueix\u00a0<\/strong>el cicle Fabricaci\u00f3 de productes farmac\u00e8utics i afins (LOGSE).<\/p>\n<p style=\"text-align: justify;\">Per a m\u00e9s informaci\u00f3 clica sobre els enlla\u00e7os:<\/p>\n<ul>\n<li><a href=\"https:\/\/agora.xtec.cat\/ieslaromanica\/wp-content\/uploads\/usu857\/2025\/05\/QUB0-25-26.pdf\">Continguts<\/a><\/li>\n<li><a title=\"Requisits d'acc\u00e9s al cicle formatiu\" href=\"http:\/\/agora.xtec.cat\/ieslaromanica\/cicles-formatius\/cicle-formatiu-de-grau-superior-de-fabricacio-de-productes-farmaceutics-biotecnologics-i-afins-qub0\/requisits-dacces-al-cicle-formatiu-2\/\" target=\"_blank\" rel=\"noopener noreferrer\">Requisits d&#8217;acc\u00e9s al cicle formatiu<\/a><\/li>\n<li><a title=\"Tr\u00e0mits\" href=\"http:\/\/agora.xtec.cat\/ieslaromanica\/cicles-formatius\/cicle-formatiu-de-grau-superior-de-fabricacio-de-productes-farmaceutics-biotecnologics-i-afins-qub0\/requisits-dacces-al-cicle-formatiu\/\" target=\"_blank\" rel=\"noopener noreferrer\">Tr\u00e0mits<\/a><\/li>\n<li><a title=\"Continu\u00eftat d'estudis\" href=\"http:\/\/agora.xtec.cat\/ieslaromanica\/cicles-formatius\/cicle-formatiu-de-grau-superior-de-fabricacio-de-productes-farmaceutics-biotecnologics-i-afins-qub0\/continuitat-destudis\/\" target=\"_blank\" rel=\"noopener noreferrer\">Continu\u00eftat d&#8217;estudis<\/a><\/li>\n<\/ul>\n<p style=\"text-align: center;\"><a href=\"http:\/\/agora.xtec.cat\/ieslaromanica\/cicles-formatius\/\">Torna a Cicles Formatius<\/a><\/p>\n","protected":false},"excerpt":{"rendered":"<p>Aquests estudis capaciten per gestionar i participar en les operacions de fabricaci\u00f3, condicionament i emmagatzematge de productes farmac\u00e8utics, biotecnol\u00f2gics i afins, organitzant el funcionament, la posada en marxa i la parada de les instal\u00b7lacions i equips, segons els procediments normalitzats de treball i complint les&hellip;  <a href=\"https:\/\/agora.xtec.cat\/ieslaromanica\/cicles-formatius\/curs-23_24-gs\/cicle-formatiu-de-grau-superior-de-fabricacio-de-productes-farmaceutics-biotecnologics-i-afins-qub0\/\" title=\"Read CFGS de Fabricaci\u00f3 de productes farmac\u00e8utics, biotecnol\u00f2gics i afins (QUB0)\">Llegeix m\u00e9s\u00bb<\/a><\/p>\n","protected":false},"author":35,"featured_media":0,"parent":22890,"menu_order":6,"comment_status":"closed","ping_status":"closed","template":"page-templates\/side-menu.php","meta":{"_bbp_topic_count":0,"_bbp_reply_count":0,"_bbp_total_topic_count":0,"_bbp_total_reply_count":0,"_bbp_voice_count":0,"_bbp_anonymous_reply_count":0,"_bbp_topic_count_hidden":0,"_bbp_reply_count_hidden":0,"_bbp_forum_subforum_count":0,"footnotes":""},"class_list":["post-2621","page","type-page","status-publish","hentry"],"post_mailing_queue_ids":[],"_links":{"self":[{"href":"https:\/\/agora.xtec.cat\/ieslaromanica\/wp-json\/wp\/v2\/pages\/2621","targetHints":{"allow":["GET"]}}],"collection":[{"href":"https:\/\/agora.xtec.cat\/ieslaromanica\/wp-json\/wp\/v2\/pages"}],"about":[{"href":"https:\/\/agora.xtec.cat\/ieslaromanica\/wp-json\/wp\/v2\/types\/page"}],"author":[{"embeddable":true,"href":"https:\/\/agora.xtec.cat\/ieslaromanica\/wp-json\/wp\/v2\/users\/35"}],"replies":[{"embeddable":true,"href":"https:\/\/agora.xtec.cat\/ieslaromanica\/wp-json\/wp\/v2\/comments?post=2621"}],"version-history":[{"count":4,"href":"https:\/\/agora.xtec.cat\/ieslaromanica\/wp-json\/wp\/v2\/pages\/2621\/revisions"}],"predecessor-version":[{"id":25207,"href":"https:\/\/agora.xtec.cat\/ieslaromanica\/wp-json\/wp\/v2\/pages\/2621\/revisions\/25207"}],"up":[{"embeddable":true,"href":"https:\/\/agora.xtec.cat\/ieslaromanica\/wp-json\/wp\/v2\/pages\/22890"}],"wp:attachment":[{"href":"https:\/\/agora.xtec.cat\/ieslaromanica\/wp-json\/wp\/v2\/media?parent=2621"}],"curies":[{"name":"wp","href":"https:\/\/api.w.org\/{rel}","templated":true}]}}