{"id":26058,"date":"2026-03-17T07:46:35","date_gmt":"2026-03-17T06:46:35","guid":{"rendered":"https:\/\/agora.xtec.cat\/ieslaromanica\/?page_id=26058"},"modified":"2026-03-17T07:46:35","modified_gmt":"2026-03-17T06:46:35","slug":"pio-punt-dinformacio-i-orientacio-de-lagencia-fpcat","status":"publish","type":"page","link":"https:\/\/agora.xtec.cat\/ieslaromanica\/pio-punt-dinformacio-i-orientacio-de-lagencia-fpcat\/","title":{"rendered":"PIO &#8211; Punt d&#8217;Informaci\u00f3 i Orientaci\u00f3 de l&#8217;Ag\u00e8ncia FPCAT"},"content":{"rendered":"<div>\n<p><b>Acreditaci\u00f3 de Compet\u00e8ncies Professionals (Punt PIO)<\/b><\/p>\n<h3>1. Introducci\u00f3 (Qu\u00e8 \u00e9s?)<\/h3>\n<blockquote><p>Tens experi\u00e8ncia laboral per\u00f2 no tens el t\u00edtol oficial? L&#8217;Institut La Rom\u00e0nica \u00e9s\u00a0<b>Punt d&#8217;Informaci\u00f3 i Orientaci\u00f3 (PIO)<\/b>\u00a0oficial de l&#8217;Ag\u00e8ncia FPCAT.<\/p>\n<p>El servei d&#8217;acreditaci\u00f3 permet que les persones treballadores puguin obtenir una certificaci\u00f3 oficial de les seves compet\u00e8ncies professionals, adquirides mitjan\u00e7ant l&#8217;experi\u00e8ncia laboral o vies no formals de formaci\u00f3.<\/p><\/blockquote>\n<h3>2. Com funciona el procediment?<\/h3>\n<p>\u00c9s un proc\u00e9s que consta de tres fases principals:<\/p>\n<ol start=\"1\">\n<li><b>Assessorament:<\/b>\u00a0Un expert t&#8217;ajuda a revisar el teu historial i a preparar el teu dossier de compet\u00e8ncies.<\/li>\n<li><b>Avaluaci\u00f3:<\/b>\u00a0Es demostren les compet\u00e8ncies davant d&#8217;una comissi\u00f3 mitjan\u00e7ant entrevistes o proves pr\u00e0ctiques.<\/li>\n<li><b>Certificaci\u00f3:<\/b>\u00a0Si superes l&#8217;avaluaci\u00f3, obtens una certificaci\u00f3 oficial amb validesa a tot l&#8217;estat, que pot servir per obtenir un T\u00edtol d&#8217;FP o un Certificat de Professionalitat.<\/li>\n<\/ol>\n<h3>3. Informaci\u00f3 Clau<\/h3>\n<ul>\n<li><b>Convocat\u00f2ria:<\/b>\u00a0El servei est\u00e0\u00a0<b>obert permanentment<\/b>\u00a0(tot l&#8217;any).<\/li>\n<li><b>M\u00e9s informaci\u00f3 oficial:<\/b>\u00a0Per consultar detalls sobre requisits i fam\u00edlies professionals, visita l&#8217;apartat oficial de l&#8217;Ag\u00e8ncia:\n<ul>\n<li>\u00a0<b><a href=\"https:\/\/fp.gencat.cat\/ca\/acreditacio\/\" target=\"_blank\" rel=\"noopener\" data-saferedirecturl=\"https:\/\/www.google.com\/url?q=https:\/\/fp.gencat.cat\/ca\/acreditacio\/&amp;source=gmail&amp;ust=1773740453170000&amp;usg=AOvVaw26ufGuM9o_JIJoaxZqRVen\">Vull acreditar-me (Web Ag\u00e8ncia FPCAT)<\/a><\/b><\/li>\n<\/ul>\n<\/li>\n<\/ul>\n<h3>4. Atenci\u00f3 i Contacte a l&#8217;Institut La Rom\u00e0nica<\/h3>\n<p>Si necessites orientaci\u00f3 personalitzada sobre com iniciar el proc\u00e9s, pots contactar amb nosaltres:<\/p>\n<table>\n<thead>\n<tr>\n<td><strong>Canal<\/strong><\/td>\n<td><strong>Detall<\/strong><\/td>\n<\/tr>\n<\/thead>\n<tbody>\n<tr>\n<td><b>Correu electr\u00f2nic<\/b><\/td>\n<td><b><a href=\"mailto:cap.estudis.adjunt@inslaromanica.org\" target=\"_blank\" rel=\"noopener\">cap.estudis.adjunt@<wbr \/>inslaromanica.org<\/a><\/b><\/td>\n<\/tr>\n<tr>\n<td><b>Horari d&#8217;atenci\u00f3<\/b><\/td>\n<td>Dilluns a divendres, de\u00a0<b>9:00 h a 19:00 h<\/b><\/td>\n<\/tr>\n<tr>\n<td><b>Ubicaci\u00f3<\/b><\/td>\n<td>Institut La Rom\u00e0nica (Barber\u00e0 del Vall\u00e8s)<\/td>\n<\/tr>\n<\/tbody>\n<\/table>\n<\/div>\n<div><\/div>\n","protected":false},"excerpt":{"rendered":"<p>Acreditaci\u00f3 de Compet\u00e8ncies Professionals (Punt PIO)<br \/>\n1. Introducci\u00f3 (Qu\u00e8 \u00e9s?)<br \/>\nTens experi\u00e8ncia laboral per\u00f2 no tens el t\u00edtol oficial? L&#8217;Institut La Rom\u00e0nica \u00e9s\u00a0Punt d&#8217;Informaci\u00f3 i Orientaci\u00f3 (PIO)\u00a0oficial de l&#8217;Ag\u00e8ncia FPCAT.<br \/>\nEl servei d&#8217;acreditaci\u00f3 permet que les persones treballadores puguin obtenir una certificaci\u00f3 oficial de les seves compet\u00e8ncies professionals,&hellip;  <a href=\"https:\/\/agora.xtec.cat\/ieslaromanica\/pio-punt-dinformacio-i-orientacio-de-lagencia-fpcat\/\" title=\"Read PIO &#8211; Punt d&#8217;Informaci\u00f3 i Orientaci\u00f3 de l&#8217;Ag\u00e8ncia FPCAT\">Llegeix m\u00e9s\u00bb<\/a><\/p>\n","protected":false},"author":34,"featured_media":0,"parent":0,"menu_order":0,"comment_status":"closed","ping_status":"closed","template":"","meta":{"_bbp_topic_count":0,"_bbp_reply_count":0,"_bbp_total_topic_count":0,"_bbp_total_reply_count":0,"_bbp_voice_count":0,"_bbp_anonymous_reply_count":0,"_bbp_topic_count_hidden":0,"_bbp_reply_count_hidden":0,"_bbp_forum_subforum_count":0,"footnotes":""},"class_list":["post-26058","page","type-page","status-publish","hentry"],"post_mailing_queue_ids":[],"_links":{"self":[{"href":"https:\/\/agora.xtec.cat\/ieslaromanica\/wp-json\/wp\/v2\/pages\/26058","targetHints":{"allow":["GET"]}}],"collection":[{"href":"https:\/\/agora.xtec.cat\/ieslaromanica\/wp-json\/wp\/v2\/pages"}],"about":[{"href":"https:\/\/agora.xtec.cat\/ieslaromanica\/wp-json\/wp\/v2\/types\/page"}],"author":[{"embeddable":true,"href":"https:\/\/agora.xtec.cat\/ieslaromanica\/wp-json\/wp\/v2\/users\/34"}],"replies":[{"embeddable":true,"href":"https:\/\/agora.xtec.cat\/ieslaromanica\/wp-json\/wp\/v2\/comments?post=26058"}],"version-history":[{"count":1,"href":"https:\/\/agora.xtec.cat\/ieslaromanica\/wp-json\/wp\/v2\/pages\/26058\/revisions"}],"predecessor-version":[{"id":26059,"href":"https:\/\/agora.xtec.cat\/ieslaromanica\/wp-json\/wp\/v2\/pages\/26058\/revisions\/26059"}],"wp:attachment":[{"href":"https:\/\/agora.xtec.cat\/ieslaromanica\/wp-json\/wp\/v2\/media?parent=26058"}],"curies":[{"name":"wp","href":"https:\/\/api.w.org\/{rel}","templated":true}]}}