{"id":2603,"date":"2018-01-17T10:52:04","date_gmt":"2018-01-17T09:52:04","guid":{"rendered":"http:\/\/agora.xtec.cat\/ieslaromanica\/?page_id=2603"},"modified":"2018-01-26T20:41:30","modified_gmt":"2018-01-26T19:41:30","slug":"fp-dual-a-ins-la-romanica","status":"publish","type":"page","link":"https:\/\/agora.xtec.cat\/ieslaromanica\/cicles-formatius\/fp-dual-a-ins-la-romanica\/","title":{"rendered":"FP DUAL a INS La Rom\u00e0nica"},"content":{"rendered":"<p style=\"text-align: justify;\">Si us matriculeu als CFGS de Laboratori d\u2019an\u00e0lisi i de control de qualitat i\/o al CFGS de Fabricaci\u00f3 de Productes Farmac\u00e8utic, Biotecnol\u00f2gics i afins, us informen que aquests cicles s\u2019imparteixen al modalitat Dual.<\/p>\n<p style=\"text-align: center;\"><a href=\"http:\/\/agora.xtec.cat\/ieslaromanica\/wp-content\/uploads\/usu857\/2018\/01\/FP-DUAL-INS-LA-ROM\u00c0NICA-2.ppsx\">Clica aqu\u00ed per descarregar el document de presentaci\u00f3-FP DUAL INS LA ROM\u00c0NICA<\/a><\/p>\n<p style=\"text-align: justify;\">Aquest model de Formaci\u00f3 Professional combina el temps de formaci\u00f3 en el centre educatiu i el temps d&#8217;activitat dels alumnes a l&#8217;empresa i comporta el reconeixement acad\u00e8mic dels aprenentatges assolits pels alumnes en l&#8217;activitat que facin en condici\u00f3 de treballadors assalariats, becaris o voluntaris.<\/p>\n<p style=\"text-align: justify;\">La formaci\u00f3 dual a Catalunya est\u00e0 regulada per la resoluci\u00f3 ENS\/1204\/2012, de 25 de maig del 2012.<\/p>\n<p style=\"text-align: justify;\">Per poder implantar aquest model formatiu, ha estat necessari l\u2019adaptaci\u00f3 curricular d\u2019aquests CF\u2019s,\u00a0 autoritzada pel Departament d\u2019Ensenyament.<\/p>\n<p style=\"text-align: justify;\">Aix\u00f2 suposa que aquesta distribuci\u00f3, ser\u00e0 diferent a la d\u2019altres centres, que tamb\u00e9 imparteixen aquests CF\u2019s.<\/p>\n<p style=\"text-align: center;\"><a href=\"http:\/\/agora.xtec.cat\/ieslaromanica\/estudis\/cicles-formatius\/fp-dual-a-ins-la-romanica\/organitzacio-dual-a-lins-la-romanica\/\" target=\"_blank\" rel=\"noopener noreferrer\">Clica aqu\u00ed per consultar la distribuci\u00f3 Curricular dels cicles en modalitat DUAL<\/a><\/p>\n<p style=\"text-align: justify;\">Aquesta adaptaci\u00f3 curricular ha estat necess\u00e0ria per poder organitzar la FP Dual al nostre centre. <strong>Segons Fig.1<\/strong><\/p>\n<p style=\"text-align: center;\"><a href=\"http:\/\/agora.xtec.cat\/ieslaromanica\/wp-content\/uploads\/usu857\/2018\/01\/DUAL.jpg\"><img loading=\"lazy\" decoding=\"async\" class=\"alignnone size-full wp-image-2604\" src=\"http:\/\/agora.xtec.cat\/ieslaromanica\/wp-content\/uploads\/usu857\/2018\/01\/DUAL.jpg\" alt=\"\" width=\"631\" height=\"360\" srcset=\"https:\/\/agora.xtec.cat\/ieslaromanica\/wp-content\/uploads\/usu857\/2018\/01\/DUAL.jpg 631w, https:\/\/agora.xtec.cat\/ieslaromanica\/wp-content\/uploads\/usu857\/2018\/01\/DUAL-300x171.jpg 300w\" sizes=\"auto, (max-width: 631px) 100vw, 631px\" \/><\/a><\/p>\n<p style=\"text-align: center;\"><strong>Fig.1<\/strong><\/p>\n<p>&nbsp;<\/p>\n<p>Les estades formatives a les empreses en modalitat Dual es poden realitzar segons aquestes dues modalitats:<\/p>\n<p><strong>1. Contracte laboral<\/strong><\/p>\n<ul>\n<li style=\"padding-left: 30px;\">Qualsevol tipus de contracte, a determinar per l\u2019empresa.<\/li>\n<li style=\"padding-left: 30px;\">El m\u00e9s adient: contracte per a la formaci\u00f3 i l\u2019aprenentatge. Edat m\u00e0xima, 30 anys.<\/li>\n<li style=\"padding-left: 30px;\">Durada: M\u00ednim 1 any i m\u00e0xim 3 anys.<\/li>\n<\/ul>\n<p><strong>2. Beca<\/strong><\/p>\n<ul>\n<li>Durada: M\u00ednim 2 mesos i m\u00e0xim de 10 dins d\u2019un curs (possibilitat d\u2019una pr\u00f2rroga)<\/li>\n<\/ul>\n<p>&nbsp;<\/p>\n<p>L&#8217;adjudicaci\u00f3 d\u2019aquestes estades en formaci\u00f3 dual (Beca o Contractes) es dur\u00e0 a terme mitjan\u00e7ant un proc\u00e9s en el que es tindr\u00e0 en compte:<\/p>\n<p style=\"text-align: justify; padding-left: 30px;\">1.- El rendiment acad\u00e8mic, la actitud, capacitats \u00a0i compet\u00e8ncies professionals de l\u2019 alumne\/a, tant sols podran accedir aquestes places els\/les alumnes que siguin proposats per l\u2019equip docent.<\/p>\n<p style=\"text-align: justify; padding-left: 30px;\">2.- Selecci\u00f3 dels alumnes per les empreses que han ofertat places formatives en FP Dual. Les empreses han hagut d\u2019haver signat un conveni marc de col.laboraci\u00f3 en FP Dual amb el centre educatiu, segons model establert pel Departament d\u2019Ensenyament (<a href=\"http:\/\/dogc.gencat.cat\/ca\/pdogc_canals_interns\/pdogc_resultats_fitxa\/?action=fitxa&amp;mode=single&amp;documentId=707470&amp;language=ca_ES\">Resoluci\u00f3 ENS\/2442\/2015<\/a>)<\/p>\n<p style=\"text-align: justify;\">En el cas que hi hagi alumnes que no puguin accedir a l\u2019empresa o entitat, l\u2018equip docent, en el marc de la seva autonomia, garantir\u00e0 que els alumnes afectats puguin completar els aprenentatges que no podran fer a l&#8217;empresa. \u00a0Per aix\u00f2 el centre docent programa un seguit d\u2019activitats aprenentatge al m\u00f2dul de FP Dual a empresa, que ser\u00e0 cursat al centre docent.<\/p>\n<p style=\"text-align: justify;\">El centre assessorar\u00e0 als alumnes, a trav\u00e9s del professor de formaci\u00f3 i orientaci\u00f3 laboral, en la confecci\u00f3 del seu <em>curriculum vitae <\/em>i els processos de selecci\u00f3 de personal.<\/p>\n<p style=\"text-align: justify;\">En el cas que d\u2019empreses o entitats col\u00b7laboradores amb la formaci\u00f3 professional dual imposin com a condici\u00f3 la incorporaci\u00f3 pr\u00e8via en la modalitat d&#8217;FCT, \u00a0no podr\u00e0 accedir a aquest proc\u00e9s, l\u2019alumne\/a que tingui aprovat o pr\u00e8viament exempt el m\u00f2dul o cr\u00e8dit de formaci\u00f3 en centres de treball.<\/p>\n<p style=\"text-align: justify;\">Abans que l&#8217;alumne s&#8217;incorpori a l&#8217;empresa, el centre educatiu l&#8217;ha d&#8217;haver format en la seguretat i prevenci\u00f3 de riscos laborals, necessaris per desenvolupar la seva activitat a l&#8217;empresa o entitat.<\/p>\n<p style=\"text-align: justify;\">L\u2019avaluaci\u00f3 i la qualificaci\u00f3 del m\u00f2dul de Formaci\u00f3 Professional Dual es realitzar\u00e0 a partir de la valoraci\u00f3 de les activitats formatives realitzades a l\u2019empresa. En el cas dels alumnes que no puguin realitzar aquest m\u00f2dul a l\u2019empresa es valoraran les activitats formatives projectades a la programaci\u00f3 del m\u00f2dul.<\/p>\n<p style=\"text-align: justify;\">Els alumnes han d\u2019autoritzar al centre educatiu facilitar les dades personals imprescindibles per tal que les empreses vinculades amb la Formaci\u00f3 en alternan\u00e7a amb Formaci\u00f3 Dual, puguin diligenciar la beca o el contracte laboral.<\/p>\n<p style=\"text-align: justify;\">Tamb\u00e9 ha d\u2019autoritzar l\u2019intercanvi d\u2019informaci\u00f3 entre les persones responsables del centre educatiu i de l\u2019empresa pel que fa a la progressi\u00f3 en l\u2019assoliment de la qualificaci\u00f3.<\/p>\n<p style=\"text-align: justify;\">Els alumnes seleccionats pel centre docent i les empreses col.laboradores en Formaci\u00f3 per l\u2019alternan\u00e7a amb formaci\u00f3 dual ha d\u2019estar predisposats a acceptar la beca o el contracte en les condicions previstes en els convenis espec\u00edfics signats. S\u2019han de comprometre a aprofitar les activitats formatives desenvolupades a l\u2019empresa i a observar un comportament adequat. De fet l\u2019empresa pot decidir interrompre o donar per acabada la beca o el contracte en el cas d\u2019incompliment dels compromisos abans esmentats, amb comunicaci\u00f3 pr\u00e8via al centre educatiu.<\/p>\n<p style=\"text-align: justify;\">Els alumnes que es matriculin signaran un document de conformitat amb les caracter\u00edstiques abans exposades, d\u2019aquest model formatiu.<\/p>\n<p style=\"text-align: center;\"><a href=\"http:\/\/agora.xtec.cat\/ieslaromanica\/wp-content\/uploads\/usu857\/2018\/01\/Informacio\u0301-alumnes-FP-Dual17_18.pdf\" target=\"_blank\" rel=\"noopener noreferrer\">Descarrega aquesta informaci\u00f3<\/a><\/p>\n<p style=\"text-align: center;\"><a href=\"http:\/\/agora.xtec.cat\/ieslaromanica\/wp-content\/uploads\/usu857\/2018\/01\/FP-DUAL-INS-LA-ROM\u00c0NICA-2.ppsx\">Presentaci\u00f3-FP DUAL INS LA ROM\u00c0NICA <\/a><\/p>\n<p style=\"text-align: center;\"><a href=\"http:\/\/agora.xtec.cat\/ieslaromanica\/cicles-formatius\/\">Torna a Cicles Formatius<\/a><\/p>\n","protected":false},"excerpt":{"rendered":"<p>Si us matriculeu als CFGS de Laboratori d\u2019an\u00e0lisi i de control de qualitat i\/o al CFGS de Fabricaci\u00f3 de Productes Farmac\u00e8utic, Biotecnol\u00f2gics i afins, us informen que aquests cicles s\u2019imparteixen al modalitat Dual.<br \/>\n<a href=\"http:\/\/agora.xtec.cat\/ieslaromanica\/wp-content\/uploads\/usu857\/2018\/01\/FP-DUAL-INS-LA-ROM\u00c0NICA-2.ppsx\">Clica aqu\u00ed per descarregar el document de presentaci\u00f3-FP DUAL INS LA ROM\u00c0NICA<\/a><br \/>\nAquest&hellip;  <a href=\"https:\/\/agora.xtec.cat\/ieslaromanica\/cicles-formatius\/fp-dual-a-ins-la-romanica\/\" title=\"Read FP DUAL a INS La Rom\u00e0nica\">Llegeix m\u00e9s\u00bb<\/a><\/p>\n","protected":false},"author":35,"featured_media":0,"parent":2214,"menu_order":10,"comment_status":"closed","ping_status":"closed","template":"page-templates\/side-menu.php","meta":{"_bbp_topic_count":0,"_bbp_reply_count":0,"_bbp_total_topic_count":0,"_bbp_total_reply_count":0,"_bbp_voice_count":0,"_bbp_anonymous_reply_count":0,"_bbp_topic_count_hidden":0,"_bbp_reply_count_hidden":0,"_bbp_forum_subforum_count":0,"footnotes":""},"class_list":["post-2603","page","type-page","status-publish","hentry"],"post_mailing_queue_ids":[],"_links":{"self":[{"href":"https:\/\/agora.xtec.cat\/ieslaromanica\/wp-json\/wp\/v2\/pages\/2603","targetHints":{"allow":["GET"]}}],"collection":[{"href":"https:\/\/agora.xtec.cat\/ieslaromanica\/wp-json\/wp\/v2\/pages"}],"about":[{"href":"https:\/\/agora.xtec.cat\/ieslaromanica\/wp-json\/wp\/v2\/types\/page"}],"author":[{"embeddable":true,"href":"https:\/\/agora.xtec.cat\/ieslaromanica\/wp-json\/wp\/v2\/users\/35"}],"replies":[{"embeddable":true,"href":"https:\/\/agora.xtec.cat\/ieslaromanica\/wp-json\/wp\/v2\/comments?post=2603"}],"version-history":[{"count":4,"href":"https:\/\/agora.xtec.cat\/ieslaromanica\/wp-json\/wp\/v2\/pages\/2603\/revisions"}],"predecessor-version":[{"id":2786,"href":"https:\/\/agora.xtec.cat\/ieslaromanica\/wp-json\/wp\/v2\/pages\/2603\/revisions\/2786"}],"up":[{"embeddable":true,"href":"https:\/\/agora.xtec.cat\/ieslaromanica\/wp-json\/wp\/v2\/pages\/2214"}],"wp:attachment":[{"href":"https:\/\/agora.xtec.cat\/ieslaromanica\/wp-json\/wp\/v2\/media?parent=2603"}],"curies":[{"name":"wp","href":"https:\/\/api.w.org\/{rel}","templated":true}]}}

FP DUAL a INS La Romànica

<p style="text-align: justify;">Si us matriculeu als CFGS de Laboratori d’anàlisi i de control de qualitat i/o al CFGS de Fabricació de Productes Farmacèutic, Biotecnològics i afins, us informen que aquests cicles s’imparteixen al modalitat Dual.</p>
<p style="text-align: center;"><a href="http://agora.xtec.cat/ieslaromanica/wp-content/uploads/usu857/2018/01/FP-DUAL-INS-LA-ROMÀNICA-2.ppsx">Clica aquí per descarregar el document de presentació-FP DUAL INS LA ROMÀNICA</a></p>
<p style="text-align: justify;">Aquest model de Formació Professional combina el temps de formació en el centre educatiu i el temps d&#8217;activitat dels alumnes a l&#8217;empresa i comporta el reconeixement acadèmic dels aprenentatges assolits pels alumnes en l&#8217;activitat que facin en condició de treballadors assalariats, becaris o voluntaris.</p>
<p style="text-align: justify;">La formació dual a Catalunya està regulada per la resolució ENS/1204/2012, de 25 de maig del 2012.</p>
<p style="text-align: justify;">Per poder implantar aquest model formatiu, ha estat necessari l’adaptació curricular d’aquests CF’s,  autoritzada pel Departament d’Ensenyament.</p>
<p style="text-align: justify;">Això suposa que aquesta distribució, serà diferent a la d’altres centres, que també imparteixen aquests CF’s.</p>
<p style="text-align: center;"><a href="http://agora.xtec.cat/ieslaromanica/estudis/cicles-formatius/fp-dual-a-ins-la-romanica/organitzacio-dual-a-lins-la-romanica/" target="_blank" rel="noopener noreferrer">Clica aquí per consultar la distribució Curricular dels cicles en modalitat DUAL</a></p>
<p style="text-align: justify;">Aquesta adaptació curricular ha estat necessària per poder organitzar la FP Dual al nostre centre. <strong>Segons Fig.1</strong></p>
<p style="text-align: center;"><a href="http://agora.xtec.cat/ieslaromanica/wp-content/uploads/usu857/2018/01/DUAL.jpg"><img loading="lazy" decoding="async" class="alignnone size-full wp-image-2604" src="http://agora.xtec.cat/ieslaromanica/wp-content/uploads/usu857/2018/01/DUAL.jpg" alt="" width="631" height="360" srcset="https://agora.xtec.cat/ieslaromanica/wp-content/uploads/usu857/2018/01/DUAL.jpg 631w, https://agora.xtec.cat/ieslaromanica/wp-content/uploads/usu857/2018/01/DUAL-300x171.jpg 300w" sizes="auto, (max-width: 631px) 100vw, 631px" /></a></p>
<p style="text-align: center;"><strong>Fig.1</strong></p>
<p>&nbsp;</p>
<p>Les estades formatives a les empreses en modalitat Dual es poden realitzar segons aquestes dues modalitats:</p>
<p><strong>1. Contracte laboral</strong></p>
<ul>
<li style="padding-left: 30px;">Qualsevol tipus de contracte, a determinar per l’empresa.</li>
<li style="padding-left: 30px;">El més adient: contracte per a la formació i l’aprenentatge. Edat màxima, 30 anys.</li>
<li style="padding-left: 30px;">Durada: Mínim 1 any i màxim 3 anys.</li>
</ul>
<p><strong>2. Beca</strong></p>
<ul>
<li>Durada: Mínim 2 mesos i màxim de 10 dins d’un curs (possibilitat d’una pròrroga)</li>
</ul>
<p>&nbsp;</p>
<p>L&#8217;adjudicació d’aquestes estades en formació dual (Beca o Contractes) es durà a terme mitjançant un procés en el que es tindrà en compte:</p>
<p style="text-align: justify; padding-left: 30px;">1.- El rendiment acadèmic, la actitud, capacitats  i competències professionals de l’ alumne/a, tant sols podran accedir aquestes places els/les alumnes que siguin proposats per l’equip docent.</p>
<p style="text-align: justify; padding-left: 30px;">2.- Selecció dels alumnes per les empreses que han ofertat places formatives en FP Dual. Les empreses han hagut d’haver signat un conveni marc de col.laboració en FP Dual amb el centre educatiu, segons model establert pel Departament d’Ensenyament (<a href="http://dogc.gencat.cat/ca/pdogc_canals_interns/pdogc_resultats_fitxa/?action=fitxa&amp;mode=single&amp;documentId=707470&amp;language=ca_ES">Resolució ENS/2442/2015</a>)</p>
<p style="text-align: justify;">En el cas que hi hagi alumnes que no puguin accedir a l’empresa o entitat, l‘equip docent, en el marc de la seva autonomia, garantirà que els alumnes afectats puguin completar els aprenentatges que no podran fer a l&#8217;empresa.  Per això el centre docent programa un seguit d’activitats aprenentatge al mòdul de FP Dual a empresa, que serà cursat al centre docent.</p>
<p style="text-align: justify;">El centre assessorarà als alumnes, a través del professor de formació i orientació laboral, en la confecció del seu <em>curriculum vitae </em>i els processos de selecció de personal.</p>
<p style="text-align: justify;">En el cas que d’empreses o entitats col·laboradores amb la formació professional dual imposin com a condició la incorporació prèvia en la modalitat d&#8217;FCT,  no podrà accedir a aquest procés, l’alumne/a que tingui aprovat o prèviament exempt el mòdul o crèdit de formació en centres de treball.</p>
<p style="text-align: justify;">Abans que l&#8217;alumne s&#8217;incorpori a l&#8217;empresa, el centre educatiu l&#8217;ha d&#8217;haver format en la seguretat i prevenció de riscos laborals, necessaris per desenvolupar la seva activitat a l&#8217;empresa o entitat.</p>
<p style="text-align: justify;">L’avaluació i la qualificació del mòdul de Formació Professional Dual es realitzarà a partir de la valoració de les activitats formatives realitzades a l’empresa. En el cas dels alumnes que no puguin realitzar aquest mòdul a l’empresa es valoraran les activitats formatives projectades a la programació del mòdul.</p>
<p style="text-align: justify;">Els alumnes han d’autoritzar al centre educatiu facilitar les dades personals imprescindibles per tal que les empreses vinculades amb la Formació en alternança amb Formació Dual, puguin diligenciar la beca o el contracte laboral.</p>
<p style="text-align: justify;">També ha d’autoritzar l’intercanvi d’informació entre les persones responsables del centre educatiu i de l’empresa pel que fa a la progressió en l’assoliment de la qualificació.</p>
<p style="text-align: justify;">Els alumnes seleccionats pel centre docent i les empreses col.laboradores en Formació per l’alternança amb formació dual ha d’estar predisposats a acceptar la beca o el contracte en les condicions previstes en els convenis específics signats. S’han de comprometre a aprofitar les activitats formatives desenvolupades a l’empresa i a observar un comportament adequat. De fet l’empresa pot decidir interrompre o donar per acabada la beca o el contracte en el cas d’incompliment dels compromisos abans esmentats, amb comunicació prèvia al centre educatiu.</p>
<p style="text-align: justify;">Els alumnes que es matriculin signaran un document de conformitat amb les característiques abans exposades, d’aquest model formatiu.</p>
<p style="text-align: center;"><a href="http://agora.xtec.cat/ieslaromanica/wp-content/uploads/usu857/2018/01/Informació-alumnes-FP-Dual17_18.pdf" target="_blank" rel="noopener noreferrer">Descarrega aquesta informació</a></p>
<p style="text-align: center;"><a href="http://agora.xtec.cat/ieslaromanica/wp-content/uploads/usu857/2018/01/FP-DUAL-INS-LA-ROMÀNICA-2.ppsx">Presentació-FP DUAL INS LA ROMÀNICA </a></p>
<p style="text-align: center;"><a href="http://agora.xtec.cat/ieslaromanica/cicles-formatius/">Torna a Cicles Formatius</a></p>

<p>Si us matriculeu als CFGS de Laboratori d’anàlisi i de control de qualitat i/o al CFGS de Fabricació de Productes Farmacèutic, Biotecnològics i afins, us informen que aquests cicles s’imparteixen al modalitat Dual.<br />
<a href="http://agora.xtec.cat/ieslaromanica/wp-content/uploads/usu857/2018/01/FP-DUAL-INS-LA-ROMÀNICA-2.ppsx">Clica aquí per descarregar el document de presentació-FP DUAL INS LA ROMÀNICA</a><br />
Aquest&hellip;  <a href="https://agora.xtec.cat/ieslaromanica/cicles-formatius/fp-dual-a-ins-la-romanica/" title="Read FP DUAL a INS La Romànica">Llegeix més»</a></p>
