{"id":22890,"date":"2023-05-03T10:13:26","date_gmt":"2023-05-03T08:13:26","guid":{"rendered":"https:\/\/agora.xtec.cat\/ieslaromanica\/?page_id=22890"},"modified":"2025-07-29T08:06:34","modified_gmt":"2025-07-29T06:06:34","slug":"curs-23_24-gs","status":"publish","type":"page","link":"https:\/\/agora.xtec.cat\/ieslaromanica\/cicles-formatius\/curs-23_24-gs\/","title":{"rendered":"GRAU SUPERIOR"},"content":{"rendered":"<ul>\n<li style=\"list-style-type: none;\">\n<ul>\n<li style=\"list-style-type: none;\">\n<ul>\n<li>\n<h3><span style=\"color: #ff6600;\">Calendari de preinscripci\u00f3 a cicles formatius de grau superior 2025-2026 &#8211; Dates d&#8217;inter\u00e9s<\/span><\/h3>\n<table style=\"border-collapse: collapse; width: 100%;\">\n<tbody>\n<tr>\n<td style=\"width: 100%;\">\n<h4>22 de maig de 2025: oferta inicial de places escolars<\/h4>\n<p>Publicaci\u00f3 del nombre de places escolars per centre i curs.<\/td>\n<\/tr>\n<tr>\n<td style=\"width: 100%;\">\n<h4>Del 23 al 29 de maig de 2025: presentaci\u00f3 de sol\u00b7licituds<\/h4>\n<p>\u00c9s molt important respectar les dates, perqu\u00e8 per a aquests ensenyaments no s&#8217;accepten sol\u00b7licituds fora de termini. Els criteris de prioritat serveixen per donar una puntuaci\u00f3 a cada sol\u00b7licitud. D&#8217;aquesta manera s&#8217;estableix l&#8217;ordre d&#8217;acc\u00e9s a les places de cada centre.<\/td>\n<\/tr>\n<tr>\n<td style=\"width: 100%;\">\n<h4>Del 23 al 30 de maig de 2025: presentaci\u00f3 de documentaci\u00f3<\/h4>\n<p>Aquests dies pots presentar la documentaci\u00f3 acreditativa que justifica les prioritats de cada alumne o alumna.<\/td>\n<\/tr>\n<\/tbody>\n<\/table>\n<h3><strong>INFORMACI\u00d3 SOBRE EL PROC\u00c9S DE PREINSCRIPCI\u00d3 I MATR\u00cdCULA<\/strong><\/h3>\n<table style=\"border-collapse: collapse; width: 100%;\">\n<tbody>\n<tr>\n<td style=\"width: 100%;\">\n<h4><a href=\"https:\/\/agora.xtec.cat\/ieslaromanica\/wp-content\/uploads\/usu857\/2025\/05\/INFORME-DE-LOFERTA-INICIAL-DE-PLACES-DE-GRAU-SUPERIOR-1.pdf\">Publicaci\u00f3 de l&#8217;oferta inicial de places\u00a0 &#8211;\u00a0 Grau superior<\/a><\/h4>\n<table style=\"border-collapse: collapse; width: 99.9242%; height: 422px;\">\n<tbody>\n<tr style=\"height: 126px;\">\n<td style=\"width: 100%; height: 126px;\">\n<h3><a href=\"https:\/\/agora.xtec.cat\/ieslaromanica\/wp-content\/uploads\/usu857\/2025\/06\/PROV.GS_.pdf\">CFPS &#8211; 2025-2026 &#8211; Cicles de formaci\u00f3 professional de grau superior<\/a><\/h3>\n<h3>Publicaci\u00f3 de la llista de sol\u00b7licituds que han demanat el centre i l&#8217;ensenyament en primera petici\u00f3 amb la puntuaci\u00f3 provisional a 27\/06\/2025<\/h3>\n<\/td>\n<\/tr>\n<tr style=\"height: 296px;\">\n<td style=\"width: 100%; height: 296px;\">\n<h3><a href=\"https:\/\/agora.xtec.cat\/ieslaromanica\/wp-content\/uploads\/usu857\/2025\/07\/INFORME_BAREM_RESOLTES_BAREM-GRAU-SUPERIOR.pdf\"><strong>Publicaci\u00f3 de la llista de sol\u00b7licituds que han demanat el centre i l&#8217;ensenyament en primera\u00a0<\/strong><strong>petici\u00f3 amb la puntuaci\u00f3 resoltes les reclamacions a 04\/07\/2025<\/strong><\/a><\/h3>\n<table style=\"border-collapse: collapse; width: 100%; height: 51px;\">\n<tbody>\n<tr style=\"height: 51px;\">\n<td style=\"width: 100%; height: 51px;\">\n<h3><a href=\"https:\/\/agora.xtec.cat\/ieslaromanica\/wp-content\/uploads\/usu857\/2025\/07\/Oferta-definitiva-GS.pdf\"><strong>Cicles de formaci\u00f3 professional de grau superior &#8211;\u00a0 Publicaci\u00f3 de l&#8217;oferta definitiva de places<\/strong><\/a><\/h3>\n<\/td>\n<\/tr>\n<\/tbody>\n<\/table>\n<table style=\"border-collapse: collapse; width: 100%;\">\n<tbody>\n<tr>\n<td style=\"width: 100%;\">\n<h3><a href=\"https:\/\/agora.xtec.cat\/ieslaromanica\/wp-content\/uploads\/usu857\/2025\/07\/ALUMNES-ASSIGNATS-DE-GRAU-SUPERIOR-1r-tanda.pdf\"><strong>Cicles formatius de Formaci\u00f3 Professional de Grau superior Alumnes assignats al centre en primera tanda a 10\/07\/2025<\/strong><\/a><\/h3>\n<table style=\"border-collapse: collapse; width: 100%;\">\n<tbody>\n<tr>\n<td style=\"width: 100%;\">\n<h2><a href=\"https:\/\/agora.xtec.cat\/ieslaromanica\/wp-content\/uploads\/usu857\/2025\/07\/GS-2n-torn.pdf\"><strong>Cicles formatius de Formaci\u00f3 Professional de Grau superior Alumnes assignats al centre en segona tanda a 17\/07\/2025<\/strong><\/a><\/h2>\n<\/td>\n<\/tr>\n<\/tbody>\n<\/table>\n<table style=\"border-collapse: collapse; width: 100%;\">\n<tbody>\n<tr>\n<td style=\"width: 100%;\">\n<h2><a href=\"https:\/\/agora.xtec.cat\/ieslaromanica\/wp-content\/uploads\/usu857\/2025\/07\/INFORME_ASSIGNADES_INFORME_ASSIGNADES-3-GS.pdf\"><strong>Cicles formatius de Formaci\u00f3 Professional de Grau superior Alumnes assignats al centre en tercera tanda a 28\/07\/2025<\/strong><\/a><\/h2>\n<\/td>\n<\/tr>\n<\/tbody>\n<\/table>\n<\/td>\n<\/tr>\n<\/tbody>\n<\/table>\n<\/td>\n<\/tr>\n<\/tbody>\n<\/table>\n<h4><\/h4>\n<\/td>\n<\/tr>\n<\/tbody>\n<\/table>\n<\/li>\n<\/ul>\n<\/li>\n<\/ul>\n<\/li>\n<\/ul>\n<table style=\"border-collapse: collapse; width: 83.757%; height: 93px;\">\n<tbody>\n<tr style=\"height: 105px;\">\n<td style=\"width: 100%; height: 105px;\">\n<h1 style=\"text-align: center;\"><a href=\"https:\/\/agora.xtec.cat\/ieslaromanica\/wp-content\/uploads\/usu857\/2025\/07\/Documents_de_Matricula.pdf\">DOCUMENTS DE MATR\u00cdCULA<\/a><\/h1>\n<h3 style=\"text-align: center;\">Aquest documents s&#8217;han de lliurar a la secretaria del centre al matricular-se<\/h3>\n<h3><strong>\u00a0<\/strong><\/h3>\n<\/td>\n<\/tr>\n<\/tbody>\n<\/table>\n","protected":false},"excerpt":{"rendered":"<ul>\n<li style=\"list-style-type: none;\">\n<ul>\n<li style=\"list-style-type: none;\">\n<ul>\n<li>\nCalendari de preinscripci\u00f3 a cicles formatius de grau superior 2025-2026 &#8211; Dates d&#8217;inter\u00e9s<\/p>\n<p>22 de maig de 2025: oferta inicial de places escolars<br \/>\nPublicaci\u00f3 del nombre de places escolars per centre i curs.<\/p>\n<p>Del 23 al 29 de maig de 2025: presentaci\u00f3 de sol\u00b7licituds<br \/>\n\u00c9s&hellip;  <a href=\"https:\/\/agora.xtec.cat\/ieslaromanica\/cicles-formatius\/curs-23_24-gs\/\" title=\"Read GRAU SUPERIOR\">Llegeix m\u00e9s\u00bb<\/a><\/p>\n","protected":false},"author":35,"featured_media":0,"parent":2214,"menu_order":0,"comment_status":"closed","ping_status":"closed","template":"page-templates\/side-menu.php","meta":{"_bbp_topic_count":0,"_bbp_reply_count":0,"_bbp_total_topic_count":0,"_bbp_total_reply_count":0,"_bbp_voice_count":0,"_bbp_anonymous_reply_count":0,"_bbp_topic_count_hidden":0,"_bbp_reply_count_hidden":0,"_bbp_forum_subforum_count":0,"footnotes":""},"class_list":["post-22890","page","type-page","status-publish","hentry"],"post_mailing_queue_ids":[],"_links":{"self":[{"href":"https:\/\/agora.xtec.cat\/ieslaromanica\/wp-json\/wp\/v2\/pages\/22890","targetHints":{"allow":["GET"]}}],"collection":[{"href":"https:\/\/agora.xtec.cat\/ieslaromanica\/wp-json\/wp\/v2\/pages"}],"about":[{"href":"https:\/\/agora.xtec.cat\/ieslaromanica\/wp-json\/wp\/v2\/types\/page"}],"author":[{"embeddable":true,"href":"https:\/\/agora.xtec.cat\/ieslaromanica\/wp-json\/wp\/v2\/users\/35"}],"replies":[{"embeddable":true,"href":"https:\/\/agora.xtec.cat\/ieslaromanica\/wp-json\/wp\/v2\/comments?post=22890"}],"version-history":[{"count":8,"href":"https:\/\/agora.xtec.cat\/ieslaromanica\/wp-json\/wp\/v2\/pages\/22890\/revisions"}],"predecessor-version":[{"id":25323,"href":"https:\/\/agora.xtec.cat\/ieslaromanica\/wp-json\/wp\/v2\/pages\/22890\/revisions\/25323"}],"up":[{"embeddable":true,"href":"https:\/\/agora.xtec.cat\/ieslaromanica\/wp-json\/wp\/v2\/pages\/2214"}],"wp:attachment":[{"href":"https:\/\/agora.xtec.cat\/ieslaromanica\/wp-json\/wp\/v2\/media?parent=22890"}],"curies":[{"name":"wp","href":"https:\/\/api.w.org\/{rel}","templated":true}]}}

<ul>
<li style="list-style-type: none;">
<ul>
<li style="list-style-type: none;">
<ul>
<li>
<h3><span style="color: #ff6600;">Calendari de preinscripció a cicles formatius de grau superior 2025-2026 &#8211; Dates d&#8217;interés</span></h3>
<table style="border-collapse: collapse; width: 100%;">
<tbody>
<tr>
<td style="width: 100%;">
<h4>22 de maig de 2025: oferta inicial de places escolars</h4>
<p>Publicació del nombre de places escolars per centre i curs.</td>
</tr>
<tr>
<td style="width: 100%;">
<h4>Del 23 al 29 de maig de 2025: presentació de sol·licituds</h4>
<p>És molt important respectar les dates, perquè per a aquests ensenyaments no s&#8217;accepten sol·licituds fora de termini. Els criteris de prioritat serveixen per donar una puntuació a cada sol·licitud. D&#8217;aquesta manera s&#8217;estableix l&#8217;ordre d&#8217;accés a les places de cada centre.</td>
</tr>
<tr>
<td style="width: 100%;">
<h4>Del 23 al 30 de maig de 2025: presentació de documentació</h4>
<p>Aquests dies pots presentar la documentació acreditativa que justifica les prioritats de cada alumne o alumna.</td>
</tr>
</tbody>
</table>
<h3><strong>INFORMACIÓ SOBRE EL PROCÉS DE PREINSCRIPCIÓ I MATRÍCULA</strong></h3>
<table style="border-collapse: collapse; width: 100%;">
<tbody>
<tr>
<td style="width: 100%;">
<h4><a href="https://agora.xtec.cat/ieslaromanica/wp-content/uploads/usu857/2025/05/INFORME-DE-LOFERTA-INICIAL-DE-PLACES-DE-GRAU-SUPERIOR-1.pdf">Publicació de l&#8217;oferta inicial de places  &#8211;  Grau superior</a></h4>
<table style="border-collapse: collapse; width: 99.9242%; height: 422px;">
<tbody>
<tr style="height: 126px;">
<td style="width: 100%; height: 126px;">
<h3><a href="https://agora.xtec.cat/ieslaromanica/wp-content/uploads/usu857/2025/06/PROV.GS_.pdf">CFPS &#8211; 2025-2026 &#8211; Cicles de formació professional de grau superior</a></h3>
<h3>Publicació de la llista de sol·licituds que han demanat el centre i l&#8217;ensenyament en primera petició amb la puntuació provisional a 27/06/2025</h3>
</td>
</tr>
<tr style="height: 296px;">
<td style="width: 100%; height: 296px;">
<h3><a href="https://agora.xtec.cat/ieslaromanica/wp-content/uploads/usu857/2025/07/INFORME_BAREM_RESOLTES_BAREM-GRAU-SUPERIOR.pdf"><strong>Publicació de la llista de sol·licituds que han demanat el centre i l&#8217;ensenyament en primera </strong><strong>petició amb la puntuació resoltes les reclamacions a 04/07/2025</strong></a></h3>
<table style="border-collapse: collapse; width: 100%; height: 51px;">
<tbody>
<tr style="height: 51px;">
<td style="width: 100%; height: 51px;">
<h3><a href="https://agora.xtec.cat/ieslaromanica/wp-content/uploads/usu857/2025/07/Oferta-definitiva-GS.pdf"><strong>Cicles de formació professional de grau superior &#8211;  Publicació de l&#8217;oferta definitiva de places</strong></a></h3>
</td>
</tr>
</tbody>
</table>
<table style="border-collapse: collapse; width: 100%;">
<tbody>
<tr>
<td style="width: 100%;">
<h3><a href="https://agora.xtec.cat/ieslaromanica/wp-content/uploads/usu857/2025/07/ALUMNES-ASSIGNATS-DE-GRAU-SUPERIOR-1r-tanda.pdf"><strong>Cicles formatius de Formació Professional de Grau superior Alumnes assignats al centre en primera tanda a 10/07/2025</strong></a></h3>
<table style="border-collapse: collapse; width: 100%;">
<tbody>
<tr>
<td style="width: 100%;">
<h2><a href="https://agora.xtec.cat/ieslaromanica/wp-content/uploads/usu857/2025/07/GS-2n-torn.pdf"><strong>Cicles formatius de Formació Professional de Grau superior Alumnes assignats al centre en segona tanda a 17/07/2025</strong></a></h2>
</td>
</tr>
</tbody>
</table>
<table style="border-collapse: collapse; width: 100%;">
<tbody>
<tr>
<td style="width: 100%;">
<h2><a href="https://agora.xtec.cat/ieslaromanica/wp-content/uploads/usu857/2025/07/INFORME_ASSIGNADES_INFORME_ASSIGNADES-3-GS.pdf"><strong>Cicles formatius de Formació Professional de Grau superior Alumnes assignats al centre en tercera tanda a 28/07/2025</strong></a></h2>
</td>
</tr>
</tbody>
</table>
</td>
</tr>
</tbody>
</table>
</td>
</tr>
</tbody>
</table>
<h4></h4>
</td>
</tr>
</tbody>
</table>
</li>
</ul>
</li>
</ul>
</li>
</ul>
<table style="border-collapse: collapse; width: 83.757%; height: 93px;">
<tbody>
<tr style="height: 105px;">
<td style="width: 100%; height: 105px;">
<h1 style="text-align: center;"><a href="https://agora.xtec.cat/ieslaromanica/wp-content/uploads/usu857/2025/07/Documents_de_Matricula.pdf">DOCUMENTS DE MATRÍCULA</a></h1>
<h3 style="text-align: center;">Aquest documents s&#8217;han de lliurar a la secretaria del centre al matricular-se</h3>
<h3><strong> </strong></h3>
</td>
</tr>
</tbody>
</table>

<ul>
<li style="list-style-type: none;">
<ul>
<li style="list-style-type: none;">
<ul>
<li>
Calendari de preinscripció a cicles formatius de grau superior 2025-2026 &#8211; Dates d&#8217;interés</p>
<p>22 de maig de 2025: oferta inicial de places escolars<br />
Publicació del nombre de places escolars per centre i curs.</p>
<p>Del 23 al 29 de maig de 2025: presentació de sol·licituds<br />
És&hellip;  <a href="https://agora.xtec.cat/ieslaromanica/cicles-formatius/curs-23_24-gs/" title="Read GRAU SUPERIOR">Llegeix més»</a></p>
