{"id":21071,"date":"2022-03-21T20:35:20","date_gmt":"2022-03-21T19:35:20","guid":{"rendered":"https:\/\/agora.xtec.cat\/ieslaromanica\/?page_id=21071"},"modified":"2025-07-29T08:03:21","modified_gmt":"2025-07-29T06:03:21","slug":"preinscripcio-i-matricula-a-cicles-formatius-de-grau-mitja-grau-superior-2023-2024","status":"publish","type":"page","link":"https:\/\/agora.xtec.cat\/ieslaromanica\/cicles-formatius\/preinscripcio-i-matricula-a-cicles-formatius-de-grau-mitja-grau-superior-2023-2024\/","title":{"rendered":"GRAU MITJ\u00c0"},"content":{"rendered":"<ul>\n<li style=\"list-style-type: none;\">\n<ul>\n<li style=\"list-style-type: none;\">\n<ul>\n<li>\n<h3><span style=\"color: #ff6600;\"><b><\/b>Calendari de preinscripci\u00f3 a cicles formatius de grau mitja 2025-2026 &#8211; Dates d&#8217;inter\u00e9s<\/span><\/h3>\n<table style=\"border-collapse: collapse; width: 100%;\">\n<tbody>\n<tr>\n<td style=\"width: 100%;\">\n<h4>Del 22 de maig de 2025. Oferta inicial de places<\/h4>\n<p>Publicaci\u00f3 del nombre de places escolars per centre i curs<\/td>\n<\/tr>\n<tr>\n<td style=\"width: 100%;\">\n<h4>Del 23 al 29 de maig de 2025: presentaci\u00f3 de sol\u00b7licituds<\/h4>\n<p>\u00c9s molt important respectar les dates, perqu\u00e8 per a aquests ensenyaments no s&#8217;accepten sol\u00b7licituds fora de termini. Els criteris de prioritat serveixen per donar una puntuaci\u00f3 a cada sol\u00b7licitud. D&#8217;aquesta manera s&#8217;estableix l&#8217;ordre d&#8217;acc\u00e9s a les places de cada centre<\/td>\n<\/tr>\n<tr>\n<td style=\"width: 100%;\">\n<h4>Del 23 al 30 de maig de 2025: presentaci\u00f3 de documentaci\u00f3<\/h4>\n<p>Aquests dies pots presentar la documentaci\u00f3 acreditativa que justifica les prioritats de cada alumne o alumna.<\/td>\n<\/tr>\n<\/tbody>\n<\/table>\n<h3><strong>INFORMACI\u00d3 SOBRE EL PROC\u00c9S DE PREINSCRIPCI\u00d3 I MATR\u00cdCULA<\/strong><\/h3>\n<\/li>\n<\/ul>\n<\/li>\n<li style=\"list-style-type: none;\">\n<table style=\"border-collapse: collapse; width: 86.7461%; height: 54px;\">\n<tbody>\n<tr>\n<td style=\"width: 100%;\">\n<h3><a href=\"https:\/\/agora.xtec.cat\/ieslaromanica\/wp-content\/uploads\/usu857\/2025\/05\/INFORME_OFERTA-DE-LOFERTA-DE-CICLES-MITJA.pdf\">Publicaci\u00f3 de l&#8217;oferta inicial de places\u00a0 &#8211;\u00a0 Grau mitj\u00e0<\/a><\/h3>\n<table style=\"border-collapse: collapse; width: 100%; height: 60px;\">\n<tbody>\n<tr style=\"height: 60px;\">\n<td style=\"width: 100%; height: 60px;\">\n<h3><a href=\"https:\/\/agora.xtec.cat\/ieslaromanica\/wp-content\/uploads\/usu857\/2025\/06\/PROV.GM_.pdf\">CFPM &#8211; 2025-2026 &#8211; Cicles de formaci\u00f3 professional de grau mitj\u00e0<\/a><\/h3>\n<h3>Publicaci\u00f3 de la llista de sol\u00b7licituds que han demanat el centre i l&#8217;ensenyament en primera petici\u00f3 amb la puntuaci\u00f3 provisional a 27\/06\/2025<\/h3>\n<\/td>\n<\/tr>\n<tr>\n<td style=\"width: 100%;\">\n<h3><a href=\"https:\/\/agora.xtec.cat\/ieslaromanica\/wp-content\/uploads\/usu857\/2025\/07\/INFORME_BAREM_RESOLTES_BAREM-GRAU-MITJA.pdf\"><strong>Publicaci\u00f3 de la llista de sol\u00b7licituds que han demanat el centre i l&#8217;ensenyament en primera\u00a0<\/strong><strong>petici\u00f3 amb la puntuaci\u00f3 resoltes les reclamacions a 04\/07\/2025<\/strong><\/a><\/h3>\n<table style=\"border-collapse: collapse; width: 100%;\">\n<tbody>\n<tr>\n<td style=\"width: 100%;\">\n<h3><strong><a href=\"https:\/\/agora.xtec.cat\/ieslaromanica\/wp-content\/uploads\/usu857\/2025\/07\/Oferta-definitiva-GM.pdf\">Cicles de formaci\u00f3 professional de grau mitj\u00e0 &#8211; Publicaci\u00f3 de l&#8217;oferta definitiva de places<\/a><\/strong><\/h3>\n<\/td>\n<\/tr>\n<\/tbody>\n<\/table>\n<table style=\"border-collapse: collapse; width: 100%;\">\n<tbody>\n<tr>\n<td style=\"width: 100%;\">\n<h3><a href=\"https:\/\/agora.xtec.cat\/ieslaromanica\/wp-content\/uploads\/usu857\/2025\/07\/ALUMNES-ASSIGNATS-GRAU-MITJA-1r-tanda.pdf\"><strong>Cicles formatius de Formaci\u00f3 Professional de Grau mitj\u00e0 Alumnes assignats al centre en primera tanda a 10\/07\/2025<\/strong><\/a><\/h3>\n<table style=\"border-collapse: collapse; width: 100%;\">\n<tbody>\n<tr>\n<td style=\"width: 100%;\">\n<h2><a href=\"https:\/\/agora.xtec.cat\/ieslaromanica\/wp-content\/uploads\/usu857\/2025\/07\/GM-2n-torn.pdf\"><strong>Alumnes assignats al centre en segona tanda a 17\/07\/2025<\/strong><\/a><\/h2>\n<table style=\"border-collapse: collapse; width: 100%;\">\n<tbody>\n<tr>\n<td style=\"width: 100%;\">\n<h2><a href=\"https:\/\/agora.xtec.cat\/ieslaromanica\/wp-content\/uploads\/usu857\/2025\/07\/INFORME_ASSIGNADES_INFORME_ASSIGNADES-3-GM.pdf\"><strong>Cicles formatius de Formaci\u00f3 Professional de Grau mitj\u00e0 Alumnes assignats al centre en tercera tanda a 28\/07\/2025<\/strong><\/a><\/h2>\n<\/td>\n<\/tr>\n<\/tbody>\n<\/table>\n<\/td>\n<\/tr>\n<\/tbody>\n<\/table>\n<\/td>\n<\/tr>\n<\/tbody>\n<\/table>\n<\/td>\n<\/tr>\n<\/tbody>\n<\/table>\n<\/td>\n<\/tr>\n<\/tbody>\n<\/table>\n<\/li>\n<\/ul>\n<\/li>\n<\/ul>\n<table style=\"border-collapse: collapse; width: 96.8702%; height: 158px;\">\n<tbody>\n<tr style=\"height: 53px;\">\n<td style=\"width: 100%; height: 53px;\">\n<h3><strong>COMUNICATS:<\/strong><\/h3>\n<\/td>\n<\/tr>\n<tr style=\"height: 105px;\">\n<td style=\"width: 100%; height: 105px;\">\n<h3><\/h3>\n<table style=\"border-collapse: collapse; width: 100%;\">\n<tbody>\n<tr>\n<td style=\"width: 100%; text-align: center;\">\n<h1><a href=\"https:\/\/agora.xtec.cat\/ieslaromanica\/wp-content\/uploads\/usu857\/2025\/07\/Documents_de_Matricula.pdf\"><strong>DOCUMENTS DE MATR\u00cdCULA<\/strong><\/a><\/h1>\n<h3>Aquests documents s&#8217;han de lliurar a la secretaria del centre al matricular-se<\/h3>\n<\/td>\n<\/tr>\n<\/tbody>\n<\/table>\n<\/td>\n<\/tr>\n<\/tbody>\n<\/table>\n","protected":false},"excerpt":{"rendered":"<ul>\n<li style=\"list-style-type: none;\">\n<ul>\n<li style=\"list-style-type: none;\">\n<ul>\n<li>\nCalendari de preinscripci\u00f3 a cicles formatius de grau mitja 2025-2026 &#8211; Dates d&#8217;inter\u00e9s<\/p>\n<p>Del 22 de maig de 2025. Oferta inicial de places<br \/>\nPublicaci\u00f3 del nombre de places escolars per centre i curs<\/p>\n<p>Del 23 al 29 de maig de 2025: presentaci\u00f3 de sol\u00b7licituds<br \/>\n\u00c9s&hellip;  <a href=\"https:\/\/agora.xtec.cat\/ieslaromanica\/cicles-formatius\/preinscripcio-i-matricula-a-cicles-formatius-de-grau-mitja-grau-superior-2023-2024\/\" title=\"Read GRAU MITJ\u00c0\">Llegeix m\u00e9s\u00bb<\/a><\/p>\n","protected":false},"author":35,"featured_media":0,"parent":2214,"menu_order":0,"comment_status":"closed","ping_status":"closed","template":"page-templates\/side-menu.php","meta":{"_bbp_topic_count":0,"_bbp_reply_count":0,"_bbp_total_topic_count":0,"_bbp_total_reply_count":0,"_bbp_voice_count":0,"_bbp_anonymous_reply_count":0,"_bbp_topic_count_hidden":0,"_bbp_reply_count_hidden":0,"_bbp_forum_subforum_count":0,"footnotes":""},"class_list":["post-21071","page","type-page","status-publish","hentry"],"post_mailing_queue_ids":[],"_links":{"self":[{"href":"https:\/\/agora.xtec.cat\/ieslaromanica\/wp-json\/wp\/v2\/pages\/21071","targetHints":{"allow":["GET"]}}],"collection":[{"href":"https:\/\/agora.xtec.cat\/ieslaromanica\/wp-json\/wp\/v2\/pages"}],"about":[{"href":"https:\/\/agora.xtec.cat\/ieslaromanica\/wp-json\/wp\/v2\/types\/page"}],"author":[{"embeddable":true,"href":"https:\/\/agora.xtec.cat\/ieslaromanica\/wp-json\/wp\/v2\/users\/35"}],"replies":[{"embeddable":true,"href":"https:\/\/agora.xtec.cat\/ieslaromanica\/wp-json\/wp\/v2\/comments?post=21071"}],"version-history":[{"count":10,"href":"https:\/\/agora.xtec.cat\/ieslaromanica\/wp-json\/wp\/v2\/pages\/21071\/revisions"}],"predecessor-version":[{"id":25322,"href":"https:\/\/agora.xtec.cat\/ieslaromanica\/wp-json\/wp\/v2\/pages\/21071\/revisions\/25322"}],"up":[{"embeddable":true,"href":"https:\/\/agora.xtec.cat\/ieslaromanica\/wp-json\/wp\/v2\/pages\/2214"}],"wp:attachment":[{"href":"https:\/\/agora.xtec.cat\/ieslaromanica\/wp-json\/wp\/v2\/media?parent=21071"}],"curies":[{"name":"wp","href":"https:\/\/api.w.org\/{rel}","templated":true}]}}

GRAU MITJÀ

<ul>
<li style="list-style-type: none;">
<ul>
<li style="list-style-type: none;">
<ul>
<li>
<h3><span style="color: #ff6600;"><b></b>Calendari de preinscripció a cicles formatius de grau mitja 2025-2026 &#8211; Dates d&#8217;interés</span></h3>
<table style="border-collapse: collapse; width: 100%;">
<tbody>
<tr>
<td style="width: 100%;">
<h4>Del 22 de maig de 2025. Oferta inicial de places</h4>
<p>Publicació del nombre de places escolars per centre i curs</td>
</tr>
<tr>
<td style="width: 100%;">
<h4>Del 23 al 29 de maig de 2025: presentació de sol·licituds</h4>
<p>És molt important respectar les dates, perquè per a aquests ensenyaments no s&#8217;accepten sol·licituds fora de termini. Els criteris de prioritat serveixen per donar una puntuació a cada sol·licitud. D&#8217;aquesta manera s&#8217;estableix l&#8217;ordre d&#8217;accés a les places de cada centre</td>
</tr>
<tr>
<td style="width: 100%;">
<h4>Del 23 al 30 de maig de 2025: presentació de documentació</h4>
<p>Aquests dies pots presentar la documentació acreditativa que justifica les prioritats de cada alumne o alumna.</td>
</tr>
</tbody>
</table>
<h3><strong>INFORMACIÓ SOBRE EL PROCÉS DE PREINSCRIPCIÓ I MATRÍCULA</strong></h3>
</li>
</ul>
</li>
<li style="list-style-type: none;">
<table style="border-collapse: collapse; width: 86.7461%; height: 54px;">
<tbody>
<tr>
<td style="width: 100%;">
<h3><a href="https://agora.xtec.cat/ieslaromanica/wp-content/uploads/usu857/2025/05/INFORME_OFERTA-DE-LOFERTA-DE-CICLES-MITJA.pdf">Publicació de l&#8217;oferta inicial de places  &#8211;  Grau mitjà</a></h3>
<table style="border-collapse: collapse; width: 100%; height: 60px;">
<tbody>
<tr style="height: 60px;">
<td style="width: 100%; height: 60px;">
<h3><a href="https://agora.xtec.cat/ieslaromanica/wp-content/uploads/usu857/2025/06/PROV.GM_.pdf">CFPM &#8211; 2025-2026 &#8211; Cicles de formació professional de grau mitjà</a></h3>
<h3>Publicació de la llista de sol·licituds que han demanat el centre i l&#8217;ensenyament en primera petició amb la puntuació provisional a 27/06/2025</h3>
</td>
</tr>
<tr>
<td style="width: 100%;">
<h3><a href="https://agora.xtec.cat/ieslaromanica/wp-content/uploads/usu857/2025/07/INFORME_BAREM_RESOLTES_BAREM-GRAU-MITJA.pdf"><strong>Publicació de la llista de sol·licituds que han demanat el centre i l&#8217;ensenyament en primera </strong><strong>petició amb la puntuació resoltes les reclamacions a 04/07/2025</strong></a></h3>
<table style="border-collapse: collapse; width: 100%;">
<tbody>
<tr>
<td style="width: 100%;">
<h3><strong><a href="https://agora.xtec.cat/ieslaromanica/wp-content/uploads/usu857/2025/07/Oferta-definitiva-GM.pdf">Cicles de formació professional de grau mitjà &#8211; Publicació de l&#8217;oferta definitiva de places</a></strong></h3>
</td>
</tr>
</tbody>
</table>
<table style="border-collapse: collapse; width: 100%;">
<tbody>
<tr>
<td style="width: 100%;">
<h3><a href="https://agora.xtec.cat/ieslaromanica/wp-content/uploads/usu857/2025/07/ALUMNES-ASSIGNATS-GRAU-MITJA-1r-tanda.pdf"><strong>Cicles formatius de Formació Professional de Grau mitjà Alumnes assignats al centre en primera tanda a 10/07/2025</strong></a></h3>
<table style="border-collapse: collapse; width: 100%;">
<tbody>
<tr>
<td style="width: 100%;">
<h2><a href="https://agora.xtec.cat/ieslaromanica/wp-content/uploads/usu857/2025/07/GM-2n-torn.pdf"><strong>Alumnes assignats al centre en segona tanda a 17/07/2025</strong></a></h2>
<table style="border-collapse: collapse; width: 100%;">
<tbody>
<tr>
<td style="width: 100%;">
<h2><a href="https://agora.xtec.cat/ieslaromanica/wp-content/uploads/usu857/2025/07/INFORME_ASSIGNADES_INFORME_ASSIGNADES-3-GM.pdf"><strong>Cicles formatius de Formació Professional de Grau mitjà Alumnes assignats al centre en tercera tanda a 28/07/2025</strong></a></h2>
</td>
</tr>
</tbody>
</table>
</td>
</tr>
</tbody>
</table>
</td>
</tr>
</tbody>
</table>
</td>
</tr>
</tbody>
</table>
</td>
</tr>
</tbody>
</table>
</li>
</ul>
</li>
</ul>
<table style="border-collapse: collapse; width: 96.8702%; height: 158px;">
<tbody>
<tr style="height: 53px;">
<td style="width: 100%; height: 53px;">
<h3><strong>COMUNICATS:</strong></h3>
</td>
</tr>
<tr style="height: 105px;">
<td style="width: 100%; height: 105px;">
<h3></h3>
<table style="border-collapse: collapse; width: 100%;">
<tbody>
<tr>
<td style="width: 100%; text-align: center;">
<h1><a href="https://agora.xtec.cat/ieslaromanica/wp-content/uploads/usu857/2025/07/Documents_de_Matricula.pdf"><strong>DOCUMENTS DE MATRÍCULA</strong></a></h1>
<h3>Aquests documents s&#8217;han de lliurar a la secretaria del centre al matricular-se</h3>
</td>
</tr>
</tbody>
</table>
</td>
</tr>
</tbody>
</table>

<ul>
<li style="list-style-type: none;">
<ul>
<li style="list-style-type: none;">
<ul>
<li>
Calendari de preinscripció a cicles formatius de grau mitja 2025-2026 &#8211; Dates d&#8217;interés</p>
<p>Del 22 de maig de 2025. Oferta inicial de places<br />
Publicació del nombre de places escolars per centre i curs</p>
<p>Del 23 al 29 de maig de 2025: presentació de sol·licituds<br />
És&hellip;  <a href="https://agora.xtec.cat/ieslaromanica/cicles-formatius/preinscripcio-i-matricula-a-cicles-formatius-de-grau-mitja-grau-superior-2023-2024/" title="Read GRAU MITJÀ">Llegeix més»</a></p>
