{"id":20875,"date":"2022-03-04T13:08:18","date_gmt":"2022-03-04T12:08:18","guid":{"rendered":"https:\/\/agora.xtec.cat\/ieslaromanica\/?page_id=20875"},"modified":"2022-03-04T13:08:33","modified_gmt":"2022-03-04T12:08:33","slug":"activafp-2","status":"publish","type":"page","link":"https:\/\/agora.xtec.cat\/ieslaromanica\/cicles-formatius\/xarxes-de-fp\/activafp-2\/","title":{"rendered":"ActivaFP"},"content":{"rendered":"<p><a href=\"https:\/\/agora.xtec.cat\/ieslaromanica\/wp-content\/uploads\/usu857\/2021\/09\/activaFP.png\"><img loading=\"lazy\" decoding=\"async\" class=\"wp-image-19814 aligncenter\" src=\"https:\/\/agora.xtec.cat\/ieslaromanica\/wp-content\/uploads\/usu857\/2021\/09\/activaFP-1024x304.png\" alt=\"\" width=\"387\" height=\"115\" srcset=\"https:\/\/agora.xtec.cat\/ieslaromanica\/wp-content\/uploads\/usu857\/2021\/09\/activaFP-1024x304.png 1024w, https:\/\/agora.xtec.cat\/ieslaromanica\/wp-content\/uploads\/usu857\/2021\/09\/activaFP-300x89.png 300w, https:\/\/agora.xtec.cat\/ieslaromanica\/wp-content\/uploads\/usu857\/2021\/09\/activaFP-768x228.png 768w, https:\/\/agora.xtec.cat\/ieslaromanica\/wp-content\/uploads\/usu857\/2021\/09\/activaFP.png 1234w\" sizes=\"auto, (max-width: 387px) 100vw, 387px\" \/><\/a><\/p>\n<p style=\"text-align: justify;\">Un programa de la Direcci\u00f3 General de Formaci\u00f3 Professional i Ensenyaments de R\u00e8gim Especial, que des de 2018 ve donant suport i impulsant canvis a metodologies actives d\u2019aula als centres educatius d\u2019FP d\u2019arreu de Catalunya, per desenvolupar aprenentatges basats en projectes.<\/p>\n","protected":false},"excerpt":{"rendered":"<p><a href=\"https:\/\/agora.xtec.cat\/ieslaromanica\/wp-content\/uploads\/usu857\/2021\/09\/activaFP.png\"><\/a><br \/>\nUn programa de la Direcci\u00f3 General de Formaci\u00f3 Professional i Ensenyaments de R\u00e8gim Especial, que des de 2018 ve donant suport i impulsant canvis a metodologies actives d\u2019aula als centres educatius d\u2019FP d\u2019arreu de Catalunya, per desenvolupar aprenentatges basats en projectes.<\/p>\n","protected":false},"author":35,"featured_media":0,"parent":20868,"menu_order":1,"comment_status":"closed","ping_status":"closed","template":"page-templates\/side-menu.php","meta":{"_bbp_topic_count":0,"_bbp_reply_count":0,"_bbp_total_topic_count":0,"_bbp_total_reply_count":0,"_bbp_voice_count":0,"_bbp_anonymous_reply_count":0,"_bbp_topic_count_hidden":0,"_bbp_reply_count_hidden":0,"_bbp_forum_subforum_count":0,"footnotes":""},"class_list":["post-20875","page","type-page","status-publish","hentry"],"post_mailing_queue_ids":[],"_links":{"self":[{"href":"https:\/\/agora.xtec.cat\/ieslaromanica\/wp-json\/wp\/v2\/pages\/20875","targetHints":{"allow":["GET"]}}],"collection":[{"href":"https:\/\/agora.xtec.cat\/ieslaromanica\/wp-json\/wp\/v2\/pages"}],"about":[{"href":"https:\/\/agora.xtec.cat\/ieslaromanica\/wp-json\/wp\/v2\/types\/page"}],"author":[{"embeddable":true,"href":"https:\/\/agora.xtec.cat\/ieslaromanica\/wp-json\/wp\/v2\/users\/35"}],"replies":[{"embeddable":true,"href":"https:\/\/agora.xtec.cat\/ieslaromanica\/wp-json\/wp\/v2\/comments?post=20875"}],"version-history":[{"count":1,"href":"https:\/\/agora.xtec.cat\/ieslaromanica\/wp-json\/wp\/v2\/pages\/20875\/revisions"}],"predecessor-version":[{"id":20876,"href":"https:\/\/agora.xtec.cat\/ieslaromanica\/wp-json\/wp\/v2\/pages\/20875\/revisions\/20876"}],"up":[{"embeddable":true,"href":"https:\/\/agora.xtec.cat\/ieslaromanica\/wp-json\/wp\/v2\/pages\/20868"}],"wp:attachment":[{"href":"https:\/\/agora.xtec.cat\/ieslaromanica\/wp-json\/wp\/v2\/media?parent=20875"}],"curies":[{"name":"wp","href":"https:\/\/api.w.org\/{rel}","templated":true}]}}

<p><a href="https://agora.xtec.cat/ieslaromanica/wp-content/uploads/usu857/2021/09/activaFP.png"><img loading="lazy" decoding="async" class="wp-image-19814 aligncenter" src="https://agora.xtec.cat/ieslaromanica/wp-content/uploads/usu857/2021/09/activaFP-1024x304.png" alt="" width="387" height="115" srcset="https://agora.xtec.cat/ieslaromanica/wp-content/uploads/usu857/2021/09/activaFP-1024x304.png 1024w, https://agora.xtec.cat/ieslaromanica/wp-content/uploads/usu857/2021/09/activaFP-300x89.png 300w, https://agora.xtec.cat/ieslaromanica/wp-content/uploads/usu857/2021/09/activaFP-768x228.png 768w, https://agora.xtec.cat/ieslaromanica/wp-content/uploads/usu857/2021/09/activaFP.png 1234w" sizes="auto, (max-width: 387px) 100vw, 387px" /></a></p>
<p style="text-align: justify;">Un programa de la Direcció General de Formació Professional i Ensenyaments de Règim Especial, que des de 2018 ve donant suport i impulsant canvis a metodologies actives d’aula als centres educatius d’FP d’arreu de Catalunya, per desenvolupar aprenentatges basats en projectes.</p>

<p><a href="https://agora.xtec.cat/ieslaromanica/wp-content/uploads/usu857/2021/09/activaFP.png"></a><br />
Un programa de la Direcció General de Formació Professional i Ensenyaments de Règim Especial, que des de 2018 ve donant suport i impulsant canvis a metodologies actives d’aula als centres educatius d’FP d’arreu de Catalunya, per desenvolupar aprenentatges basats en projectes.</p>
